{"id":10225,"date":"2020-12-16T20:22:05","date_gmt":"2020-12-16T19:22:05","guid":{"rendered":"http:\/\/www.caudete.org\/ayuntamiento\/?page_id=10225"},"modified":"2020-12-23T18:35:45","modified_gmt":"2020-12-23T17:35:45","slug":"turismo-centro-de-interpretacion","status":"publish","type":"page","link":"https:\/\/www.caudete.org\/ayuntamiento\/turismo-centro-de-interpretacion\/","title":{"rendered":"Turismo &#8211; Centro de Interpretaci\u00f3n"},"content":{"rendered":"<div id=\"cen_sec_not\">\n<div id=\"noticia\">\n<div id=\"recuadro_not\">\n<p style=\"text-align: justify;\">La visita al Centro de Intretaci\u00f3n se inicia con una introducci\u00f3n al medio f\u00edsico, donde quedan plasmadas algunas de las singularidades de Caudete: su condici\u00f3n de tierra de paso, sus fuentes o capuz aquae, de donde nace el nombre de la poblaci\u00f3n, que evolucionar\u00e1 hasta nuestros d\u00edas: Capdet, els Capdets,Caudet y finalmente Caudete.<\/p>\n<p style=\"text-align: justify;\">El recorrido hist\u00f3rico se inicia en el Neol\u00edtico, a partir de la Cueva Santa, para seguir por los numerosos poblados de la Edad del Bronce, como la Atalaya de la Perdiz. En el mundo \u00cdbero destaca la necr\u00f3polis de Los Capuchinos, de donde proceden&nbsp;<b>La Cierva&nbsp;<\/b>y, muy probablemente, el fragmento del&nbsp;<b>Pilar Estela&nbsp;<\/b>de Caudete. Otra figura emblem\u00e1tica de la cultura \u00edbera en Caudete es la&nbsp;<b>La Dama&nbsp;<\/b>, figura femenina en posici\u00f3n sedente, sacerdotisa o representaci\u00f3n humana de la madre tierra.<\/p>\n<p style=\"text-align: justify;\">Tambi\u00e9n disponemos en el Centro de \u00fatiles recursos did\u00e1cticos, como la reproducci\u00f3n, a escala, de una casa \u00edbera, con sus diferentes dependencias y enseres. Esta magn\u00edfica reproducci\u00f3n fue realiza por el maquetista y dise\u00f1ador gr\u00e1fico Jos\u00e9 Carlos Molina de las Heras, de Albacete.<\/p>\n<p style=\"text-align: justify;\">La colecci\u00f3n \u00edbera se compone tambi\u00e9n de f\u00edbulas, pesas de telar, fusayolas, monedas y cer\u00e1mica decorada entre otros.<\/p>\n<p style=\"text-align: justify;\">A trav\u00e9s del mundo romano, ampliamente representado en monedas, f\u00edbulas, restos de lucernas y amuletos, se llega a la Edad Medida, donde surge el&nbsp;<b>Castillo de Caudete&nbsp;<\/b>y la&nbsp;<b>torre de Bogarra&nbsp;<\/b>, ambas fortalezas isl\u00e1micas. Con la conquista cristiana, y tras una serie de avatares, Caudete se incorpora a la Corona de Arag\u00f3n, de ah\u00ed las amplias muestras de cer\u00e1mica y monedas de este reino.<\/p>\n<p style=\"text-align: justify;\">Los documentos de los siglos XVII y XVIII muestran el empleo del lat\u00edn, el valenciano y el castellano viejo en pleitos, testamentos, letras de cambio y edictos municipales, adem\u00e1s de un sinf\u00edn de objetos cotidianos como medallas, adornos personales, cer\u00e1micas y retablos cer\u00e1micos, entre otros objetos.<\/p>\n<p style=\"text-align: justify;\">La derrota en la Batalla de Almansa en 1707 lleva a la villa a formar parte durante unos a\u00f1os del t\u00e9rmino villenense. Tras la recuperaci\u00f3n de la identidad municipal, los documentos muestran los avatares del siglo XIX, con edictos de las Juntas Revolucionarias, acompa\u00f1ados de los proyectos y planos de modernizaci\u00f3n de espacios p\u00fablicos, como plazas, fuentes y pavimentaci\u00f3n de calles. Modernizaci\u00f3n que se ver\u00e1 reforzada con la&nbsp;<b>llegada del ferrocarril&nbsp;<\/b>(mediados del s. XIX) y la construcci\u00f3n del barrio de San Francisco (principios del s. XX). El Acta Municipal del primer ayuntamiento democr\u00e1tico cierra la exposici\u00f3n.<\/p>\n<p style=\"text-align: justify;\">Disponemos de un programa did\u00e1ctico destinado a escolares de Primaria y ESO.<\/p>\n<p style=\"text-align: justify;\">Sesiones did\u00e1cticos disponibles:<br \/>\n&#8211; Neol\u00edtico y Edad del Bronce<br \/>\n&#8211; El Mundo \u00cdbero<br \/>\n&#8211; El Camino de An\u00edbal<br \/>\n&#8211; La villa medieval de Caudete (ss.XI-XVI)<br \/>\n&#8211; El Conjunto arquitect\u00f3nico del barrio de San Francisco (s. XX)<\/p>\n<p style=\"text-align: justify;\"><b>Horario de visitas: de lunes a viernes previa concertaci\u00f3n de cita<\/b><\/p>\n<hr>\n<p style=\"text-align: justify;\">96-582-81-34.&nbsp;<a href=\"mailto:turismo@caudete.org\/ayuntamiento%3Cbr\/%3E%3Cbr\/%3EConsulte%20con%20la%20Oficina%20de%20Turismo%20la%20disponibilidad%20para%20otros%20d%C3%ADas.%3Cbr\/%3ETexto:%20Oficina%20Municipal%20de%20Turismo%20de\" target=\"_blank\" rel=\"nofollow\">turismo@caudete.org\/ayuntamiento<\/a><\/p>\n<p style=\"text-align: justify;\">Consulte con la Oficina de Turismo la disponibilidad para otros d\u00edas.<br \/>\nTexto: Oficina Municipal de Turismo de&nbsp;Caudete.<\/p>\n<div class=\"clear\" style=\"text-align: justify;\">Enlaces relacionados<\/div>\n<\/div>\n<div id=\"enlaces\" style=\"text-align: justify;\">\n<hr>\n<ul>\n<li><a href=\"http:\/\/www.iberosalbacetemurcia.es\/\" target=\"_blank\" rel=\"noopener nofollow\">Ruta de los \u00edberos<\/a><\/li>\n<li><a href=\"http:\/\/www.patrimoniohistoricoclm.es\/museo-de-albacete\/\" target=\"_blank\" rel=\"noopener nofollow\">Museo de Albacete<\/a><\/li>\n<\/ul>\n<\/div>\n<\/div>\n<\/div>\n<div id=\"inf\">\n<div id=\"eurocookie\" style=\"text-align: justify;\">ngg_shortcode_0_placeholder<\/div>\n<\/div>\n","protected":false},"excerpt":{"rendered":"<p>La visita al Centro de Intretaci\u00f3n se inicia con una introducci\u00f3n al medio f\u00edsico, donde quedan plasmadas algunas de las singularidades de Caudete: su condici\u00f3n de tierra de paso, sus fuentes o capuz aquae, de donde nace el nombre de la poblaci\u00f3n, que evolucionar\u00e1 hasta nuestros d\u00edas: Capdet, els Capdets,Caudet y finalmente Caudete. El recorrido &hellip;<\/p>\n","protected":false},"author":1,"featured_media":0,"parent":0,"menu_order":0,"comment_status":"closed","ping_status":"closed","template":"","meta":{"ngg_post_thumbnail":0,"footnotes":""},"categories":[135],"tags":[],"class_list":["post-10225","page","type-page","status-publish","hentry","category-turismo-2"],"yoast_head":"<!-- This site is optimized with the Yoast SEO plugin v27.5 - https:\/\/yoast.com\/product\/yoast-seo-wordpress\/ -->\n<title>Turismo - Centro de Interpretaci\u00f3n - MI Ayuntamiento de Caudete<\/title>\n<meta name=\"description\" content=\"P\u00e1gina Oficial del Ayuntamiento de Caudete (Albacete)\" \/>\n<meta name=\"robots\" content=\"index, follow, max-snippet:-1, max-image-preview:large, max-video-preview:-1\" \/>\n<link rel=\"canonical\" href=\"https:\/\/www.caudete.org\/ayuntamiento\/turismo-centro-de-interpretacion\/\" \/>\n<meta property=\"og:locale\" content=\"es_ES\" \/>\n<meta property=\"og:type\" content=\"article\" \/>\n<meta property=\"og:title\" content=\"Turismo - Centro de Interpretaci\u00f3n - MI Ayuntamiento de Caudete\" \/>\n<meta property=\"og:description\" content=\"P\u00e1gina Oficial del Ayuntamiento de Caudete (Albacete)\" \/>\n<meta property=\"og:url\" content=\"https:\/\/www.caudete.org\/ayuntamiento\/turismo-centro-de-interpretacion\/\" \/>\n<meta property=\"og:site_name\" content=\"MI Ayuntamiento de Caudete\" \/>\n<meta property=\"article:publisher\" content=\"https:\/\/www.facebook.com\/ayuntamientocaudete\/\" \/>\n<meta property=\"article:modified_time\" content=\"2020-12-23T17:35:45+00:00\" \/>\n<meta name=\"twitter:card\" content=\"summary_large_image\" \/>\n<meta name=\"twitter:label1\" content=\"Tiempo de lectura\" \/>\n\t<meta name=\"twitter:data1\" content=\"3 minutos\" \/>\n<script type=\"application\/ld+json\" class=\"yoast-schema-graph\">{\"@context\":\"https:\\\/\\\/schema.org\",\"@graph\":[{\"@type\":\"WebPage\",\"@id\":\"https:\\\/\\\/www.caudete.org\\\/ayuntamiento\\\/turismo-centro-de-interpretacion\\\/\",\"url\":\"https:\\\/\\\/www.caudete.org\\\/ayuntamiento\\\/turismo-centro-de-interpretacion\\\/\",\"name\":\"Turismo - Centro de Interpretaci\u00f3n - MI Ayuntamiento de Caudete\",\"isPartOf\":{\"@id\":\"https:\\\/\\\/www.caudete.org\\\/ayuntamiento\\\/#website\"},\"datePublished\":\"2020-12-16T19:22:05+00:00\",\"dateModified\":\"2020-12-23T17:35:45+00:00\",\"description\":\"P\u00e1gina Oficial del Ayuntamiento de Caudete (Albacete)\",\"breadcrumb\":{\"@id\":\"https:\\\/\\\/www.caudete.org\\\/ayuntamiento\\\/turismo-centro-de-interpretacion\\\/#breadcrumb\"},\"inLanguage\":\"es\",\"potentialAction\":[{\"@type\":\"ReadAction\",\"target\":[\"https:\\\/\\\/www.caudete.org\\\/ayuntamiento\\\/turismo-centro-de-interpretacion\\\/\"]}]},{\"@type\":\"BreadcrumbList\",\"@id\":\"https:\\\/\\\/www.caudete.org\\\/ayuntamiento\\\/turismo-centro-de-interpretacion\\\/#breadcrumb\",\"itemListElement\":[{\"@type\":\"ListItem\",\"position\":1,\"name\":\"Inicio\",\"item\":\"https:\\\/\\\/www.caudete.org\\\/ayuntamiento\\\/\"},{\"@type\":\"ListItem\",\"position\":2,\"name\":\"Turismo &#8211; Centro de Interpretaci\u00f3n\"}]},{\"@type\":\"WebSite\",\"@id\":\"https:\\\/\\\/www.caudete.org\\\/ayuntamiento\\\/#website\",\"url\":\"https:\\\/\\\/www.caudete.org\\\/ayuntamiento\\\/\",\"name\":\"MI Ayuntamiento de Caudete\",\"description\":\"P\u00e1gina Oficial del MI Ayuntamiento de Caudete\",\"potentialAction\":[{\"@type\":\"SearchAction\",\"target\":{\"@type\":\"EntryPoint\",\"urlTemplate\":\"https:\\\/\\\/www.caudete.org\\\/ayuntamiento\\\/?s={search_term_string}\"},\"query-input\":{\"@type\":\"PropertyValueSpecification\",\"valueRequired\":true,\"valueName\":\"search_term_string\"}}],\"inLanguage\":\"es\"}]}<\/script>\n<!-- \/ Yoast SEO plugin. -->","yoast_head_json":{"title":"Turismo - Centro de Interpretaci\u00f3n - MI Ayuntamiento de Caudete","description":"P\u00e1gina Oficial del Ayuntamiento de Caudete (Albacete)","robots":{"index":"index","follow":"follow","max-snippet":"max-snippet:-1","max-image-preview":"max-image-preview:large","max-video-preview":"max-video-preview:-1"},"canonical":"https:\/\/www.caudete.org\/ayuntamiento\/turismo-centro-de-interpretacion\/","og_locale":"es_ES","og_type":"article","og_title":"Turismo - Centro de Interpretaci\u00f3n - MI Ayuntamiento de Caudete","og_description":"P\u00e1gina Oficial del Ayuntamiento de Caudete (Albacete)","og_url":"https:\/\/www.caudete.org\/ayuntamiento\/turismo-centro-de-interpretacion\/","og_site_name":"MI Ayuntamiento de Caudete","article_publisher":"https:\/\/www.facebook.com\/ayuntamientocaudete\/","article_modified_time":"2020-12-23T17:35:45+00:00","twitter_card":"summary_large_image","twitter_misc":{"Tiempo de lectura":"3 minutos"},"schema":{"@context":"https:\/\/schema.org","@graph":[{"@type":"WebPage","@id":"https:\/\/www.caudete.org\/ayuntamiento\/turismo-centro-de-interpretacion\/","url":"https:\/\/www.caudete.org\/ayuntamiento\/turismo-centro-de-interpretacion\/","name":"Turismo - Centro de Interpretaci\u00f3n - MI Ayuntamiento de Caudete","isPartOf":{"@id":"https:\/\/www.caudete.org\/ayuntamiento\/#website"},"datePublished":"2020-12-16T19:22:05+00:00","dateModified":"2020-12-23T17:35:45+00:00","description":"P\u00e1gina Oficial del Ayuntamiento de Caudete (Albacete)","breadcrumb":{"@id":"https:\/\/www.caudete.org\/ayuntamiento\/turismo-centro-de-interpretacion\/#breadcrumb"},"inLanguage":"es","potentialAction":[{"@type":"ReadAction","target":["https:\/\/www.caudete.org\/ayuntamiento\/turismo-centro-de-interpretacion\/"]}]},{"@type":"BreadcrumbList","@id":"https:\/\/www.caudete.org\/ayuntamiento\/turismo-centro-de-interpretacion\/#breadcrumb","itemListElement":[{"@type":"ListItem","position":1,"name":"Inicio","item":"https:\/\/www.caudete.org\/ayuntamiento\/"},{"@type":"ListItem","position":2,"name":"Turismo &#8211; Centro de Interpretaci\u00f3n"}]},{"@type":"WebSite","@id":"https:\/\/www.caudete.org\/ayuntamiento\/#website","url":"https:\/\/www.caudete.org\/ayuntamiento\/","name":"MI Ayuntamiento de Caudete","description":"P\u00e1gina Oficial del MI Ayuntamiento de Caudete","potentialAction":[{"@type":"SearchAction","target":{"@type":"EntryPoint","urlTemplate":"https:\/\/www.caudete.org\/ayuntamiento\/?s={search_term_string}"},"query-input":{"@type":"PropertyValueSpecification","valueRequired":true,"valueName":"search_term_string"}}],"inLanguage":"es"}]}},"_links":{"self":[{"href":"https:\/\/www.caudete.org\/ayuntamiento\/wp-json\/wp\/v2\/pages\/10225","targetHints":{"allow":["GET"]}}],"collection":[{"href":"https:\/\/www.caudete.org\/ayuntamiento\/wp-json\/wp\/v2\/pages"}],"about":[{"href":"https:\/\/www.caudete.org\/ayuntamiento\/wp-json\/wp\/v2\/types\/page"}],"author":[{"embeddable":true,"href":"https:\/\/www.caudete.org\/ayuntamiento\/wp-json\/wp\/v2\/users\/1"}],"replies":[{"embeddable":true,"href":"https:\/\/www.caudete.org\/ayuntamiento\/wp-json\/wp\/v2\/comments?post=10225"}],"version-history":[{"count":5,"href":"https:\/\/www.caudete.org\/ayuntamiento\/wp-json\/wp\/v2\/pages\/10225\/revisions"}],"predecessor-version":[{"id":10242,"href":"https:\/\/www.caudete.org\/ayuntamiento\/wp-json\/wp\/v2\/pages\/10225\/revisions\/10242"}],"wp:attachment":[{"href":"https:\/\/www.caudete.org\/ayuntamiento\/wp-json\/wp\/v2\/media?parent=10225"}],"wp:term":[{"taxonomy":"category","embeddable":true,"href":"https:\/\/www.caudete.org\/ayuntamiento\/wp-json\/wp\/v2\/categories?post=10225"},{"taxonomy":"post_tag","embeddable":true,"href":"https:\/\/www.caudete.org\/ayuntamiento\/wp-json\/wp\/v2\/tags?post=10225"}],"curies":[{"name":"wp","href":"https:\/\/api.w.org\/{rel}","templated":true}]}}

Turismo &#8211; Centro de Interpretación

<div id="cen_sec_not">
<div id="noticia">
<div id="recuadro_not">
<p style="text-align: justify;">La visita al Centro de Intretación se inicia con una introducción al medio físico, donde quedan plasmadas algunas de las singularidades de Caudete: su condición de tierra de paso, sus fuentes o capuz aquae, de donde nace el nombre de la población, que evolucionará hasta nuestros días: Capdet, els Capdets,Caudet y finalmente Caudete.</p>
<p style="text-align: justify;">El recorrido histórico se inicia en el Neolítico, a partir de la Cueva Santa, para seguir por los numerosos poblados de la Edad del Bronce, como la Atalaya de la Perdiz. En el mundo Íbero destaca la necrópolis de Los Capuchinos, de donde proceden&nbsp;<b>La Cierva&nbsp;</b>y, muy probablemente, el fragmento del&nbsp;<b>Pilar Estela&nbsp;</b>de Caudete. Otra figura emblemática de la cultura íbera en Caudete es la&nbsp;<b>La Dama&nbsp;</b>, figura femenina en posición sedente, sacerdotisa o representación humana de la madre tierra.</p>
<p style="text-align: justify;">También disponemos en el Centro de útiles recursos didácticos, como la reproducción, a escala, de una casa íbera, con sus diferentes dependencias y enseres. Esta magnífica reproducción fue realiza por el maquetista y diseñador gráfico José Carlos Molina de las Heras, de Albacete.</p>
<p style="text-align: justify;">La colección íbera se compone también de fíbulas, pesas de telar, fusayolas, monedas y cerámica decorada entre otros.</p>
<p style="text-align: justify;">A través del mundo romano, ampliamente representado en monedas, fíbulas, restos de lucernas y amuletos, se llega a la Edad Medida, donde surge el&nbsp;<b>Castillo de Caudete&nbsp;</b>y la&nbsp;<b>torre de Bogarra&nbsp;</b>, ambas fortalezas islámicas. Con la conquista cristiana, y tras una serie de avatares, Caudete se incorpora a la Corona de Aragón, de ahí las amplias muestras de cerámica y monedas de este reino.</p>
<p style="text-align: justify;">Los documentos de los siglos XVII y XVIII muestran el empleo del latín, el valenciano y el castellano viejo en pleitos, testamentos, letras de cambio y edictos municipales, además de un sinfín de objetos cotidianos como medallas, adornos personales, cerámicas y retablos cerámicos, entre otros objetos.</p>
<p style="text-align: justify;">La derrota en la Batalla de Almansa en 1707 lleva a la villa a formar parte durante unos años del término villenense. Tras la recuperación de la identidad municipal, los documentos muestran los avatares del siglo XIX, con edictos de las Juntas Revolucionarias, acompañados de los proyectos y planos de modernización de espacios públicos, como plazas, fuentes y pavimentación de calles. Modernización que se verá reforzada con la&nbsp;<b>llegada del ferrocarril&nbsp;</b>(mediados del s. XIX) y la construcción del barrio de San Francisco (principios del s. XX). El Acta Municipal del primer ayuntamiento democrático cierra la exposición.</p>
<p style="text-align: justify;">Disponemos de un programa didáctico destinado a escolares de Primaria y ESO.</p>
<p style="text-align: justify;">Sesiones didácticos disponibles:<br />
&#8211; Neolítico y Edad del Bronce<br />
&#8211; El Mundo Íbero<br />
&#8211; El Camino de Aníbal<br />
&#8211; La villa medieval de Caudete (ss.XI-XVI)<br />
&#8211; El Conjunto arquitectónico del barrio de San Francisco (s. XX)</p>
<p style="text-align: justify;"><b>Horario de visitas: de lunes a viernes previa concertación de cita</b></p>
<hr>
<p style="text-align: justify;">96-582-81-34.&nbsp;<a href="mailto:turismo@caudete.org/ayuntamiento%3Cbr/%3E%3Cbr/%3EConsulte%20con%20la%20Oficina%20de%20Turismo%20la%20disponibilidad%20para%20otros%20d%C3%ADas.%3Cbr/%3ETexto:%20Oficina%20Municipal%20de%20Turismo%20de" target="_blank" rel="nofollow">turismo@caudete.org/ayuntamiento</a></p>
<p style="text-align: justify;">Consulte con la Oficina de Turismo la disponibilidad para otros días.<br />
Texto: Oficina Municipal de Turismo de&nbsp;Caudete.</p>
<div class="clear" style="text-align: justify;">Enlaces relacionados</div>
</div>
<div id="enlaces" style="text-align: justify;">
<hr>
<ul>
<li><a href="http://www.iberosalbacetemurcia.es/" target="_blank" rel="noopener nofollow">Ruta de los íberos</a></li>
<li><a href="http://www.patrimoniohistoricoclm.es/museo-de-albacete/" target="_blank" rel="noopener nofollow">Museo de Albacete</a></li>
</ul>
</div>
</div>
</div>
<div id="inf">
<div id="eurocookie" style="text-align: justify;">ngg_shortcode_0_placeholder</div>
</div>

<p>La visita al Centro de Intretación se inicia con una introducción al medio físico, donde quedan plasmadas algunas de las singularidades de Caudete: su condición de tierra de paso, sus fuentes o capuz aquae, de donde nace el nombre de la población, que evolucionará hasta nuestros días: Capdet, els Capdets,Caudet y finalmente Caudete. El recorrido &hellip;</p>

<!-- This site is optimized with the Yoast SEO plugin v27.5 - https://yoast.com/product/yoast-seo-wordpress/ -->
<title>Turismo - Centro de Interpretación - MI Ayuntamiento de Caudete</title>
<meta name="description" content="Página Oficial del Ayuntamiento de Caudete (Albacete)" />
<meta name="robots" content="index, follow, max-snippet:-1, max-image-preview:large, max-video-preview:-1" />
<link rel="canonical" href="https://www.caudete.org/ayuntamiento/turismo-centro-de-interpretacion/" />
<meta property="og:locale" content="es_ES" />
<meta property="og:type" content="article" />
<meta property="og:title" content="Turismo - Centro de Interpretación - MI Ayuntamiento de Caudete" />
<meta property="og:description" content="Página Oficial del Ayuntamiento de Caudete (Albacete)" />
<meta property="og:url" content="https://www.caudete.org/ayuntamiento/turismo-centro-de-interpretacion/" />
<meta property="og:site_name" content="MI Ayuntamiento de Caudete" />
<meta property="article:publisher" content="https://www.facebook.com/ayuntamientocaudete/" />
<meta property="article:modified_time" content="2020-12-23T17:35:45+00:00" />
<meta name="twitter:card" content="summary_large_image" />
<meta name="twitter:label1" content="Tiempo de lectura" />
	<meta name="twitter:data1" content="3 minutos" />
<script type="application/ld+json" class="yoast-schema-graph">{"@context":"https:\/\/schema.org","@graph":[{"@type":"WebPage","@id":"https:\/\/www.caudete.org\/ayuntamiento\/turismo-centro-de-interpretacion\/","url":"https:\/\/www.caudete.org\/ayuntamiento\/turismo-centro-de-interpretacion\/","name":"Turismo - Centro de Interpretación - MI Ayuntamiento de Caudete","isPartOf":{"@id":"https:\/\/www.caudete.org\/ayuntamiento\/#website"},"datePublished":"2020-12-16T19:22:05+00:00","dateModified":"2020-12-23T17:35:45+00:00","description":"Página Oficial del Ayuntamiento de Caudete (Albacete)","breadcrumb":{"@id":"https:\/\/www.caudete.org\/ayuntamiento\/turismo-centro-de-interpretacion\/#breadcrumb"},"inLanguage":"es","potentialAction":[{"@type":"ReadAction","target":["https:\/\/www.caudete.org\/ayuntamiento\/turismo-centro-de-interpretacion\/"]}]},{"@type":"BreadcrumbList","@id":"https:\/\/www.caudete.org\/ayuntamiento\/turismo-centro-de-interpretacion\/#breadcrumb","itemListElement":[{"@type":"ListItem","position":1,"name":"Inicio","item":"https:\/\/www.caudete.org\/ayuntamiento\/"},{"@type":"ListItem","position":2,"name":"Turismo &#8211; Centro de Interpretación"}]},{"@type":"WebSite","@id":"https:\/\/www.caudete.org\/ayuntamiento\/#website","url":"https:\/\/www.caudete.org\/ayuntamiento\/","name":"MI Ayuntamiento de Caudete","description":"Página Oficial del MI Ayuntamiento de Caudete","potentialAction":[{"@type":"SearchAction","target":{"@type":"EntryPoint","urlTemplate":"https:\/\/www.caudete.org\/ayuntamiento\/?s={search_term_string}"},"query-input":{"@type":"PropertyValueSpecification","valueRequired":true,"valueName":"search_term_string"}}],"inLanguage":"es"}]}</script>
<!-- / Yoast SEO plugin. -->

Turismo - Centro de Interpretación - MI Ayuntamiento de Caudete

Página Oficial del Ayuntamiento de Caudete (Albacete)

Página Oficial del MI Ayuntamiento de Caudete
