{"id":10799,"date":"2020-12-21T21:28:13","date_gmt":"2020-12-21T20:28:13","guid":{"rendered":"http:\/\/www.caudete.org\/ayuntamiento\/?page_id=10799"},"modified":"2024-06-19T18:15:38","modified_gmt":"2024-06-19T16:15:38","slug":"juventud-carnaval","status":"publish","type":"page","link":"https:\/\/www.caudete.org\/ayuntamiento\/juventud-carnaval\/","title":{"rendered":"Juventud &#8211; Carnaval"},"content":{"rendered":"<h2><a href=\"https:\/\/www.caudete.org\/ayuntamiento\/wp-content\/uploads\/2024\/06\/sala-joven-2.jpg\" rel='prettyPhoto'><img fetchpriority=\"high\" decoding=\"async\" class=\"aligncenter size-full wp-image-25332\" src=\"https:\/\/www.caudete.org\/ayuntamiento\/wp-content\/uploads\/2024\/06\/sala-joven-2.jpg\" alt=\"\" width=\"1980\" height=\"736\" srcset=\"https:\/\/www.caudete.org\/ayuntamiento\/wp-content\/uploads\/2024\/06\/sala-joven-2.jpg 1980w, https:\/\/www.caudete.org\/ayuntamiento\/wp-content\/uploads\/2024\/06\/sala-joven-2-300x112.jpg 300w, https:\/\/www.caudete.org\/ayuntamiento\/wp-content\/uploads\/2024\/06\/sala-joven-2-1024x381.jpg 1024w, https:\/\/www.caudete.org\/ayuntamiento\/wp-content\/uploads\/2024\/06\/sala-joven-2-768x285.jpg 768w, https:\/\/www.caudete.org\/ayuntamiento\/wp-content\/uploads\/2024\/06\/sala-joven-2-1536x571.jpg 1536w\" sizes=\"(max-width: 1980px) 100vw, 1980px\" \/><\/a><\/h2>\n<p>&nbsp;<\/p>\n<h2 style=\"text-align: justify;\">CARNAVAL<\/h2>\n<p style=\"text-align: justify;\">Los disfraces, la magia, la alegr\u00eda y la m\u00fasica llenan las calles de Caudete cada a\u00f1o para celebrar el <strong>Gran Desfile<\/strong> <strong>de Carnaval<\/strong>.<\/p>\n<p style=\"text-align: justify;\">Cada a\u00f1o se elije una tem\u00e1tica, y en torno a ella cientos de personas crean sus propios disfraces de forma individual o en grupo. Si se prefiere, tambi\u00e9n se puede optar por participar en otra tem\u00e1tica, pero el objetivo es el mismo: disfrutar de una fiesta llena de originalidad y color, que cada vez re\u00fane a m\u00e1s caudetanos y caudetanas.<\/p>\n<p style=\"text-align: justify;\">El Carnaval est\u00e1 organizado por las <strong>Concejal\u00edas de Fiestas y Juventud<\/strong>, con la colaboraci\u00f3n del grupo <strong>Taritaiteros<\/strong><\/p>\n<p>&nbsp;<\/p>\n","protected":false},"excerpt":{"rendered":"<p>&nbsp; CARNAVAL Los disfraces, la magia, la alegr\u00eda y la m\u00fasica llenan las calles de Caudete cada a\u00f1o para celebrar el Gran Desfile de Carnaval. Cada a\u00f1o se elije una tem\u00e1tica, y en torno a ella cientos de personas crean sus propios disfraces de forma individual o en grupo. Si se prefiere, tambi\u00e9n se puede &hellip;<\/p>\n","protected":false},"author":1,"featured_media":0,"parent":0,"menu_order":0,"comment_status":"closed","ping_status":"closed","template":"","meta":{"ngg_post_thumbnail":0,"footnotes":""},"categories":[22],"tags":[],"class_list":["post-10799","page","type-page","status-publish","hentry","category-juventud"],"yoast_head":"<!-- This site is optimized with the Yoast SEO plugin v27.5 - https:\/\/yoast.com\/product\/yoast-seo-wordpress\/ -->\n<title>Juventud - Carnaval - MI Ayuntamiento de Caudete<\/title>\n<meta name=\"description\" content=\"P\u00e1gina Oficial del Ayuntamiento de Caudete (Albacete)\" \/>\n<meta name=\"robots\" content=\"index, follow, max-snippet:-1, max-image-preview:large, max-video-preview:-1\" \/>\n<link rel=\"canonical\" href=\"https:\/\/www.caudete.org\/ayuntamiento\/juventud-carnaval\/\" \/>\n<meta property=\"og:locale\" content=\"es_ES\" \/>\n<meta property=\"og:type\" content=\"article\" \/>\n<meta property=\"og:title\" content=\"Juventud - Carnaval - MI Ayuntamiento de Caudete\" \/>\n<meta property=\"og:description\" content=\"P\u00e1gina Oficial del Ayuntamiento de Caudete (Albacete)\" \/>\n<meta property=\"og:url\" content=\"https:\/\/www.caudete.org\/ayuntamiento\/juventud-carnaval\/\" \/>\n<meta property=\"og:site_name\" content=\"MI Ayuntamiento de Caudete\" \/>\n<meta property=\"article:publisher\" content=\"https:\/\/www.facebook.com\/ayuntamientocaudete\/\" \/>\n<meta property=\"article:modified_time\" content=\"2024-06-19T16:15:38+00:00\" \/>\n<meta property=\"og:image\" content=\"https:\/\/www.caudete.org\/ayuntamiento\/wp-content\/uploads\/2024\/06\/sala-joven-2.jpg\" \/>\n<meta name=\"twitter:card\" content=\"summary_large_image\" \/>\n<meta name=\"twitter:label1\" content=\"Tiempo de lectura\" \/>\n\t<meta name=\"twitter:data1\" content=\"1 minuto\" \/>\n<script type=\"application\/ld+json\" class=\"yoast-schema-graph\">{\"@context\":\"https:\\\/\\\/schema.org\",\"@graph\":[{\"@type\":\"WebPage\",\"@id\":\"https:\\\/\\\/www.caudete.org\\\/ayuntamiento\\\/juventud-carnaval\\\/\",\"url\":\"https:\\\/\\\/www.caudete.org\\\/ayuntamiento\\\/juventud-carnaval\\\/\",\"name\":\"Juventud - Carnaval - MI Ayuntamiento de Caudete\",\"isPartOf\":{\"@id\":\"https:\\\/\\\/www.caudete.org\\\/ayuntamiento\\\/#website\"},\"primaryImageOfPage\":{\"@id\":\"https:\\\/\\\/www.caudete.org\\\/ayuntamiento\\\/juventud-carnaval\\\/#primaryimage\"},\"image\":{\"@id\":\"https:\\\/\\\/www.caudete.org\\\/ayuntamiento\\\/juventud-carnaval\\\/#primaryimage\"},\"thumbnailUrl\":\"https:\\\/\\\/www.caudete.org\\\/ayuntamiento\\\/wp-content\\\/uploads\\\/2024\\\/06\\\/sala-joven-2.jpg\",\"datePublished\":\"2020-12-21T20:28:13+00:00\",\"dateModified\":\"2024-06-19T16:15:38+00:00\",\"description\":\"P\u00e1gina Oficial del Ayuntamiento de Caudete (Albacete)\",\"breadcrumb\":{\"@id\":\"https:\\\/\\\/www.caudete.org\\\/ayuntamiento\\\/juventud-carnaval\\\/#breadcrumb\"},\"inLanguage\":\"es\",\"potentialAction\":[{\"@type\":\"ReadAction\",\"target\":[\"https:\\\/\\\/www.caudete.org\\\/ayuntamiento\\\/juventud-carnaval\\\/\"]}]},{\"@type\":\"ImageObject\",\"inLanguage\":\"es\",\"@id\":\"https:\\\/\\\/www.caudete.org\\\/ayuntamiento\\\/juventud-carnaval\\\/#primaryimage\",\"url\":\"https:\\\/\\\/www.caudete.org\\\/ayuntamiento\\\/wp-content\\\/uploads\\\/2024\\\/06\\\/sala-joven-2.jpg\",\"contentUrl\":\"https:\\\/\\\/www.caudete.org\\\/ayuntamiento\\\/wp-content\\\/uploads\\\/2024\\\/06\\\/sala-joven-2.jpg\"},{\"@type\":\"BreadcrumbList\",\"@id\":\"https:\\\/\\\/www.caudete.org\\\/ayuntamiento\\\/juventud-carnaval\\\/#breadcrumb\",\"itemListElement\":[{\"@type\":\"ListItem\",\"position\":1,\"name\":\"Inicio\",\"item\":\"https:\\\/\\\/www.caudete.org\\\/ayuntamiento\\\/\"},{\"@type\":\"ListItem\",\"position\":2,\"name\":\"Juventud &#8211; Carnaval\"}]},{\"@type\":\"WebSite\",\"@id\":\"https:\\\/\\\/www.caudete.org\\\/ayuntamiento\\\/#website\",\"url\":\"https:\\\/\\\/www.caudete.org\\\/ayuntamiento\\\/\",\"name\":\"MI Ayuntamiento de Caudete\",\"description\":\"P\u00e1gina Oficial del MI Ayuntamiento de Caudete\",\"potentialAction\":[{\"@type\":\"SearchAction\",\"target\":{\"@type\":\"EntryPoint\",\"urlTemplate\":\"https:\\\/\\\/www.caudete.org\\\/ayuntamiento\\\/?s={search_term_string}\"},\"query-input\":{\"@type\":\"PropertyValueSpecification\",\"valueRequired\":true,\"valueName\":\"search_term_string\"}}],\"inLanguage\":\"es\"}]}<\/script>\n<!-- \/ Yoast SEO plugin. -->","yoast_head_json":{"title":"Juventud - Carnaval - MI Ayuntamiento de Caudete","description":"P\u00e1gina Oficial del Ayuntamiento de Caudete (Albacete)","robots":{"index":"index","follow":"follow","max-snippet":"max-snippet:-1","max-image-preview":"max-image-preview:large","max-video-preview":"max-video-preview:-1"},"canonical":"https:\/\/www.caudete.org\/ayuntamiento\/juventud-carnaval\/","og_locale":"es_ES","og_type":"article","og_title":"Juventud - Carnaval - MI Ayuntamiento de Caudete","og_description":"P\u00e1gina Oficial del Ayuntamiento de Caudete (Albacete)","og_url":"https:\/\/www.caudete.org\/ayuntamiento\/juventud-carnaval\/","og_site_name":"MI Ayuntamiento de Caudete","article_publisher":"https:\/\/www.facebook.com\/ayuntamientocaudete\/","article_modified_time":"2024-06-19T16:15:38+00:00","og_image":[{"url":"https:\/\/www.caudete.org\/ayuntamiento\/wp-content\/uploads\/2024\/06\/sala-joven-2.jpg","type":"","width":"","height":""}],"twitter_card":"summary_large_image","twitter_misc":{"Tiempo de lectura":"1 minuto"},"schema":{"@context":"https:\/\/schema.org","@graph":[{"@type":"WebPage","@id":"https:\/\/www.caudete.org\/ayuntamiento\/juventud-carnaval\/","url":"https:\/\/www.caudete.org\/ayuntamiento\/juventud-carnaval\/","name":"Juventud - Carnaval - MI Ayuntamiento de Caudete","isPartOf":{"@id":"https:\/\/www.caudete.org\/ayuntamiento\/#website"},"primaryImageOfPage":{"@id":"https:\/\/www.caudete.org\/ayuntamiento\/juventud-carnaval\/#primaryimage"},"image":{"@id":"https:\/\/www.caudete.org\/ayuntamiento\/juventud-carnaval\/#primaryimage"},"thumbnailUrl":"https:\/\/www.caudete.org\/ayuntamiento\/wp-content\/uploads\/2024\/06\/sala-joven-2.jpg","datePublished":"2020-12-21T20:28:13+00:00","dateModified":"2024-06-19T16:15:38+00:00","description":"P\u00e1gina Oficial del Ayuntamiento de Caudete (Albacete)","breadcrumb":{"@id":"https:\/\/www.caudete.org\/ayuntamiento\/juventud-carnaval\/#breadcrumb"},"inLanguage":"es","potentialAction":[{"@type":"ReadAction","target":["https:\/\/www.caudete.org\/ayuntamiento\/juventud-carnaval\/"]}]},{"@type":"ImageObject","inLanguage":"es","@id":"https:\/\/www.caudete.org\/ayuntamiento\/juventud-carnaval\/#primaryimage","url":"https:\/\/www.caudete.org\/ayuntamiento\/wp-content\/uploads\/2024\/06\/sala-joven-2.jpg","contentUrl":"https:\/\/www.caudete.org\/ayuntamiento\/wp-content\/uploads\/2024\/06\/sala-joven-2.jpg"},{"@type":"BreadcrumbList","@id":"https:\/\/www.caudete.org\/ayuntamiento\/juventud-carnaval\/#breadcrumb","itemListElement":[{"@type":"ListItem","position":1,"name":"Inicio","item":"https:\/\/www.caudete.org\/ayuntamiento\/"},{"@type":"ListItem","position":2,"name":"Juventud &#8211; Carnaval"}]},{"@type":"WebSite","@id":"https:\/\/www.caudete.org\/ayuntamiento\/#website","url":"https:\/\/www.caudete.org\/ayuntamiento\/","name":"MI Ayuntamiento de Caudete","description":"P\u00e1gina Oficial del MI Ayuntamiento de Caudete","potentialAction":[{"@type":"SearchAction","target":{"@type":"EntryPoint","urlTemplate":"https:\/\/www.caudete.org\/ayuntamiento\/?s={search_term_string}"},"query-input":{"@type":"PropertyValueSpecification","valueRequired":true,"valueName":"search_term_string"}}],"inLanguage":"es"}]}},"_links":{"self":[{"href":"https:\/\/www.caudete.org\/ayuntamiento\/wp-json\/wp\/v2\/pages\/10799","targetHints":{"allow":["GET"]}}],"collection":[{"href":"https:\/\/www.caudete.org\/ayuntamiento\/wp-json\/wp\/v2\/pages"}],"about":[{"href":"https:\/\/www.caudete.org\/ayuntamiento\/wp-json\/wp\/v2\/types\/page"}],"author":[{"embeddable":true,"href":"https:\/\/www.caudete.org\/ayuntamiento\/wp-json\/wp\/v2\/users\/1"}],"replies":[{"embeddable":true,"href":"https:\/\/www.caudete.org\/ayuntamiento\/wp-json\/wp\/v2\/comments?post=10799"}],"version-history":[{"count":6,"href":"https:\/\/www.caudete.org\/ayuntamiento\/wp-json\/wp\/v2\/pages\/10799\/revisions"}],"predecessor-version":[{"id":25336,"href":"https:\/\/www.caudete.org\/ayuntamiento\/wp-json\/wp\/v2\/pages\/10799\/revisions\/25336"}],"wp:attachment":[{"href":"https:\/\/www.caudete.org\/ayuntamiento\/wp-json\/wp\/v2\/media?parent=10799"}],"wp:term":[{"taxonomy":"category","embeddable":true,"href":"https:\/\/www.caudete.org\/ayuntamiento\/wp-json\/wp\/v2\/categories?post=10799"},{"taxonomy":"post_tag","embeddable":true,"href":"https:\/\/www.caudete.org\/ayuntamiento\/wp-json\/wp\/v2\/tags?post=10799"}],"curies":[{"name":"wp","href":"https:\/\/api.w.org\/{rel}","templated":true}]}}

<h2><a href="https://www.caudete.org/ayuntamiento/wp-content/uploads/2024/06/sala-joven-2.jpg" rel='prettyPhoto'><img fetchpriority="high" decoding="async" class="aligncenter size-full wp-image-25332" src="https://www.caudete.org/ayuntamiento/wp-content/uploads/2024/06/sala-joven-2.jpg" alt="" width="1980" height="736" srcset="https://www.caudete.org/ayuntamiento/wp-content/uploads/2024/06/sala-joven-2.jpg 1980w, https://www.caudete.org/ayuntamiento/wp-content/uploads/2024/06/sala-joven-2-300x112.jpg 300w, https://www.caudete.org/ayuntamiento/wp-content/uploads/2024/06/sala-joven-2-1024x381.jpg 1024w, https://www.caudete.org/ayuntamiento/wp-content/uploads/2024/06/sala-joven-2-768x285.jpg 768w, https://www.caudete.org/ayuntamiento/wp-content/uploads/2024/06/sala-joven-2-1536x571.jpg 1536w" sizes="(max-width: 1980px) 100vw, 1980px" /></a></h2>
<p>&nbsp;</p>
<h2 style="text-align: justify;">CARNAVAL</h2>
<p style="text-align: justify;">Los disfraces, la magia, la alegría y la música llenan las calles de Caudete cada año para celebrar el <strong>Gran Desfile</strong> <strong>de Carnaval</strong>.</p>
<p style="text-align: justify;">Cada año se elije una temática, y en torno a ella cientos de personas crean sus propios disfraces de forma individual o en grupo. Si se prefiere, también se puede optar por participar en otra temática, pero el objetivo es el mismo: disfrutar de una fiesta llena de originalidad y color, que cada vez reúne a más caudetanos y caudetanas.</p>
<p style="text-align: justify;">El Carnaval está organizado por las <strong>Concejalías de Fiestas y Juventud</strong>, con la colaboración del grupo <strong>Taritaiteros</strong></p>
<p>&nbsp;</p>

<p>&nbsp; CARNAVAL Los disfraces, la magia, la alegría y la música llenan las calles de Caudete cada año para celebrar el Gran Desfile de Carnaval. Cada año se elije una temática, y en torno a ella cientos de personas crean sus propios disfraces de forma individual o en grupo. Si se prefiere, también se puede &hellip;</p>

<!-- This site is optimized with the Yoast SEO plugin v27.5 - https://yoast.com/product/yoast-seo-wordpress/ -->
<title>Juventud - Carnaval - MI Ayuntamiento de Caudete</title>
<meta name="description" content="Página Oficial del Ayuntamiento de Caudete (Albacete)" />
<meta name="robots" content="index, follow, max-snippet:-1, max-image-preview:large, max-video-preview:-1" />
<link rel="canonical" href="https://www.caudete.org/ayuntamiento/juventud-carnaval/" />
<meta property="og:locale" content="es_ES" />
<meta property="og:type" content="article" />
<meta property="og:title" content="Juventud - Carnaval - MI Ayuntamiento de Caudete" />
<meta property="og:description" content="Página Oficial del Ayuntamiento de Caudete (Albacete)" />
<meta property="og:url" content="https://www.caudete.org/ayuntamiento/juventud-carnaval/" />
<meta property="og:site_name" content="MI Ayuntamiento de Caudete" />
<meta property="article:publisher" content="https://www.facebook.com/ayuntamientocaudete/" />
<meta property="article:modified_time" content="2024-06-19T16:15:38+00:00" />
<meta property="og:image" content="https://www.caudete.org/ayuntamiento/wp-content/uploads/2024/06/sala-joven-2.jpg" />
<meta name="twitter:card" content="summary_large_image" />
<meta name="twitter:label1" content="Tiempo de lectura" />
	<meta name="twitter:data1" content="1 minuto" />
<script type="application/ld+json" class="yoast-schema-graph">{"@context":"https:\/\/schema.org","@graph":[{"@type":"WebPage","@id":"https:\/\/www.caudete.org\/ayuntamiento\/juventud-carnaval\/","url":"https:\/\/www.caudete.org\/ayuntamiento\/juventud-carnaval\/","name":"Juventud - Carnaval - MI Ayuntamiento de Caudete","isPartOf":{"@id":"https:\/\/www.caudete.org\/ayuntamiento\/#website"},"primaryImageOfPage":{"@id":"https:\/\/www.caudete.org\/ayuntamiento\/juventud-carnaval\/#primaryimage"},"image":{"@id":"https:\/\/www.caudete.org\/ayuntamiento\/juventud-carnaval\/#primaryimage"},"thumbnailUrl":"https:\/\/www.caudete.org\/ayuntamiento\/wp-content\/uploads\/2024\/06\/sala-joven-2.jpg","datePublished":"2020-12-21T20:28:13+00:00","dateModified":"2024-06-19T16:15:38+00:00","description":"Página Oficial del Ayuntamiento de Caudete (Albacete)","breadcrumb":{"@id":"https:\/\/www.caudete.org\/ayuntamiento\/juventud-carnaval\/#breadcrumb"},"inLanguage":"es","potentialAction":[{"@type":"ReadAction","target":["https:\/\/www.caudete.org\/ayuntamiento\/juventud-carnaval\/"]}]},{"@type":"ImageObject","inLanguage":"es","@id":"https:\/\/www.caudete.org\/ayuntamiento\/juventud-carnaval\/#primaryimage","url":"https:\/\/www.caudete.org\/ayuntamiento\/wp-content\/uploads\/2024\/06\/sala-joven-2.jpg","contentUrl":"https:\/\/www.caudete.org\/ayuntamiento\/wp-content\/uploads\/2024\/06\/sala-joven-2.jpg"},{"@type":"BreadcrumbList","@id":"https:\/\/www.caudete.org\/ayuntamiento\/juventud-carnaval\/#breadcrumb","itemListElement":[{"@type":"ListItem","position":1,"name":"Inicio","item":"https:\/\/www.caudete.org\/ayuntamiento\/"},{"@type":"ListItem","position":2,"name":"Juventud &#8211; Carnaval"}]},{"@type":"WebSite","@id":"https:\/\/www.caudete.org\/ayuntamiento\/#website","url":"https:\/\/www.caudete.org\/ayuntamiento\/","name":"MI Ayuntamiento de Caudete","description":"Página Oficial del MI Ayuntamiento de Caudete","potentialAction":[{"@type":"SearchAction","target":{"@type":"EntryPoint","urlTemplate":"https:\/\/www.caudete.org\/ayuntamiento\/?s={search_term_string}"},"query-input":{"@type":"PropertyValueSpecification","valueRequired":true,"valueName":"search_term_string"}}],"inLanguage":"es"}]}</script>
<!-- / Yoast SEO plugin. -->

Página Oficial del Ayuntamiento de Caudete (Albacete)

Página Oficial del MI Ayuntamiento de Caudete
