{"id":10814,"date":"2020-12-21T21:38:32","date_gmt":"2020-12-21T20:38:32","guid":{"rendered":"http:\/\/www.caudete.org\/ayuntamiento\/?page_id=10814"},"modified":"2024-06-28T18:47:08","modified_gmt":"2024-06-28T16:47:08","slug":"juventud-actividades-concertadas","status":"publish","type":"page","link":"https:\/\/www.caudete.org\/ayuntamiento\/juventud-actividades-concertadas\/","title":{"rendered":"Juventud &#8211; Actividades Concertadas"},"content":{"rendered":"<h2><a href=\"https:\/\/www.caudete.org\/ayuntamiento\/wp-content\/uploads\/2024\/06\/sala-joven-2.jpg\" rel='prettyPhoto'><img fetchpriority=\"high\" decoding=\"async\" class=\"aligncenter size-full wp-image-25332\" src=\"https:\/\/www.caudete.org\/ayuntamiento\/wp-content\/uploads\/2024\/06\/sala-joven-2.jpg\" alt=\"\" width=\"1980\" height=\"736\" srcset=\"https:\/\/www.caudete.org\/ayuntamiento\/wp-content\/uploads\/2024\/06\/sala-joven-2.jpg 1980w, https:\/\/www.caudete.org\/ayuntamiento\/wp-content\/uploads\/2024\/06\/sala-joven-2-300x112.jpg 300w, https:\/\/www.caudete.org\/ayuntamiento\/wp-content\/uploads\/2024\/06\/sala-joven-2-1024x381.jpg 1024w, https:\/\/www.caudete.org\/ayuntamiento\/wp-content\/uploads\/2024\/06\/sala-joven-2-768x285.jpg 768w, https:\/\/www.caudete.org\/ayuntamiento\/wp-content\/uploads\/2024\/06\/sala-joven-2-1536x571.jpg 1536w\" sizes=\"(max-width: 1980px) 100vw, 1980px\" \/><\/a><\/h2>\n<h2><\/h2>\n<h2 style=\"text-align: justify;\">ACTIVIDADES CONCERTADAS<\/h2>\n<p style=\"text-align: justify;\">El Centro Joven tambi\u00e9n organiza actividades concertadas con el IES \u201cRafael Requena\u201d y Colegio \u201cAmor de Dios\u201d.<\/p>\n<p><span style=\"color: #336699;\"><strong>SESI\u00d3N DE CORTOMETRAJES<\/strong><\/span><\/p>\n<p style=\"text-align: justify;\"><strong>Proyecci\u00f3n de cortometrajes<\/strong> <strong>\u00a0<a href=\"https:\/\/www.abycine.com\/nuevos-publicos\/\" target=\"_blank\" rel=\"noopener nofollow\"><u>\u2018Mi primer Abycine\u2019<\/u> <\/a><\/strong> es una acci\u00f3n educativa dedicada a estudiantes de E.S.O y Bachillerato con cortos dirigidos espec\u00edficamente para ellos.<\/p>\n<p style=\"text-align: justify;\">Los objetivos de esta actividad son fomentar y promover el gusto por el cine entre los j\u00f3venes y motivar su acercamiento a un cine de calidad art\u00edstica,\u00a0 ofreciendo\u00a0 a los j\u00f3venes la oportunidad\u00a0 de disfrutar de estas historias sin salir de la localidad.<\/p>\n<p style=\"text-align: justify;\">Promovido por\u00a0 la Diputaci\u00f3n Provincial de Albacete y el Festival Internacional de Cine <a href=\"https:\/\/www.abycine.com\/\" target=\"_blank\" rel=\"noopener nofollow\"><strong>\u201cAbycine\u201d<\/strong><\/a>, el Centro Joven hace posible que estas sesiones se proyecten en el Auditorio Municipal en horario escolar.<\/p>\n<p style=\"text-align: justify;\"><span style=\"color: #336699;\"><strong>TEATRO EN INGL\u00c9S<\/strong><\/span><\/p>\n<p style=\"text-align: justify;\">Son obras de teatro en ingl\u00e9s, en las que el p\u00fablico tiene un papel protagonista, participando activamente del desarrollo de la historia, un espect\u00e1culo de teatro interactivo que combina la diversi\u00f3n y el aprendizaje. Dirigido a todos los estudiantes de la ESO.<\/p>\n<p style=\"text-align: justify;\">Esta actividad est\u00e1 concertada con el departamento de Ingl\u00e9s del IES \u201cRafael Requena\u201d y Colegio \u201cAmor de Dios\u201d, y se lleva a cabo en el Auditorio Municipal en horario escolar.<\/p>\n<p style=\"text-align: justify;\"><span style=\"color: #336699;\"><strong>CHARLAS<\/strong><\/span><\/p>\n<p style=\"text-align: justify;\">Llevadas a cabo en el I.E.S \u201cRafael Requena\u201d y Colegio \u201cAmor de Dios\u201d.<\/p>\n<p style=\"text-align: justify;\">La tem\u00e1tica de estas charlas se consens\u00faa con el \u201cRafael Requena\u201d y Colegio \u201cAmor de Dios\u201d, valor\u00e1ndose cu\u00e1l es la problem\u00e1tica m\u00e1s actual de los de j\u00f3venes.<\/p>\n<p style=\"text-align: justify;\">Las charlas que se han llevado a cabo han sido de diferentes tem\u00e1ticas: educaci\u00f3n sexual, problem\u00e1tica con las redes sociales y videojuegos, prevenci\u00f3n de los juegos de azar o violencia de g\u00e9nero.<\/p>\n","protected":false},"excerpt":{"rendered":"<p>ACTIVIDADES CONCERTADAS El Centro Joven tambi\u00e9n organiza actividades concertadas con el IES \u201cRafael Requena\u201d y Colegio \u201cAmor de Dios\u201d. SESI\u00d3N DE CORTOMETRAJES Proyecci\u00f3n de cortometrajes \u00a0\u2018Mi primer Abycine\u2019 es una acci\u00f3n educativa dedicada a estudiantes de E.S.O y Bachillerato con cortos dirigidos espec\u00edficamente para ellos. Los objetivos de esta actividad son fomentar y promover el &hellip;<\/p>\n","protected":false},"author":1,"featured_media":0,"parent":0,"menu_order":0,"comment_status":"closed","ping_status":"closed","template":"","meta":{"ngg_post_thumbnail":0,"footnotes":""},"categories":[22],"tags":[],"class_list":["post-10814","page","type-page","status-publish","hentry","category-juventud"],"yoast_head":"<!-- This site is optimized with the Yoast SEO plugin v27.5 - https:\/\/yoast.com\/product\/yoast-seo-wordpress\/ -->\n<title>Juventud - Actividades Concertadas - MI Ayuntamiento de Caudete<\/title>\n<meta name=\"description\" content=\"P\u00e1gina Oficial del Ayuntamiento de Caudete (Albacete)\" \/>\n<meta name=\"robots\" content=\"index, follow, max-snippet:-1, max-image-preview:large, max-video-preview:-1\" \/>\n<link rel=\"canonical\" href=\"https:\/\/www.caudete.org\/ayuntamiento\/juventud-actividades-concertadas\/\" \/>\n<meta property=\"og:locale\" content=\"es_ES\" \/>\n<meta property=\"og:type\" content=\"article\" \/>\n<meta property=\"og:title\" content=\"Juventud - Actividades Concertadas - MI Ayuntamiento de Caudete\" \/>\n<meta property=\"og:description\" content=\"P\u00e1gina Oficial del Ayuntamiento de Caudete (Albacete)\" \/>\n<meta property=\"og:url\" content=\"https:\/\/www.caudete.org\/ayuntamiento\/juventud-actividades-concertadas\/\" \/>\n<meta property=\"og:site_name\" content=\"MI Ayuntamiento de Caudete\" \/>\n<meta property=\"article:publisher\" content=\"https:\/\/www.facebook.com\/ayuntamientocaudete\/\" \/>\n<meta property=\"article:modified_time\" content=\"2024-06-28T16:47:08+00:00\" \/>\n<meta property=\"og:image\" content=\"https:\/\/www.caudete.org\/ayuntamiento\/wp-content\/uploads\/2024\/06\/sala-joven-2.jpg\" \/>\n<meta name=\"twitter:card\" content=\"summary_large_image\" \/>\n<meta name=\"twitter:label1\" content=\"Tiempo de lectura\" \/>\n\t<meta name=\"twitter:data1\" content=\"2 minutos\" \/>\n<script type=\"application\/ld+json\" class=\"yoast-schema-graph\">{\"@context\":\"https:\\\/\\\/schema.org\",\"@graph\":[{\"@type\":\"WebPage\",\"@id\":\"https:\\\/\\\/www.caudete.org\\\/ayuntamiento\\\/juventud-actividades-concertadas\\\/\",\"url\":\"https:\\\/\\\/www.caudete.org\\\/ayuntamiento\\\/juventud-actividades-concertadas\\\/\",\"name\":\"Juventud - Actividades Concertadas - MI Ayuntamiento de Caudete\",\"isPartOf\":{\"@id\":\"https:\\\/\\\/www.caudete.org\\\/ayuntamiento\\\/#website\"},\"primaryImageOfPage\":{\"@id\":\"https:\\\/\\\/www.caudete.org\\\/ayuntamiento\\\/juventud-actividades-concertadas\\\/#primaryimage\"},\"image\":{\"@id\":\"https:\\\/\\\/www.caudete.org\\\/ayuntamiento\\\/juventud-actividades-concertadas\\\/#primaryimage\"},\"thumbnailUrl\":\"https:\\\/\\\/www.caudete.org\\\/ayuntamiento\\\/wp-content\\\/uploads\\\/2024\\\/06\\\/sala-joven-2.jpg\",\"datePublished\":\"2020-12-21T20:38:32+00:00\",\"dateModified\":\"2024-06-28T16:47:08+00:00\",\"description\":\"P\u00e1gina Oficial del Ayuntamiento de Caudete (Albacete)\",\"breadcrumb\":{\"@id\":\"https:\\\/\\\/www.caudete.org\\\/ayuntamiento\\\/juventud-actividades-concertadas\\\/#breadcrumb\"},\"inLanguage\":\"es\",\"potentialAction\":[{\"@type\":\"ReadAction\",\"target\":[\"https:\\\/\\\/www.caudete.org\\\/ayuntamiento\\\/juventud-actividades-concertadas\\\/\"]}]},{\"@type\":\"ImageObject\",\"inLanguage\":\"es\",\"@id\":\"https:\\\/\\\/www.caudete.org\\\/ayuntamiento\\\/juventud-actividades-concertadas\\\/#primaryimage\",\"url\":\"https:\\\/\\\/www.caudete.org\\\/ayuntamiento\\\/wp-content\\\/uploads\\\/2024\\\/06\\\/sala-joven-2.jpg\",\"contentUrl\":\"https:\\\/\\\/www.caudete.org\\\/ayuntamiento\\\/wp-content\\\/uploads\\\/2024\\\/06\\\/sala-joven-2.jpg\"},{\"@type\":\"BreadcrumbList\",\"@id\":\"https:\\\/\\\/www.caudete.org\\\/ayuntamiento\\\/juventud-actividades-concertadas\\\/#breadcrumb\",\"itemListElement\":[{\"@type\":\"ListItem\",\"position\":1,\"name\":\"Inicio\",\"item\":\"https:\\\/\\\/www.caudete.org\\\/ayuntamiento\\\/\"},{\"@type\":\"ListItem\",\"position\":2,\"name\":\"Juventud &#8211; Actividades Concertadas\"}]},{\"@type\":\"WebSite\",\"@id\":\"https:\\\/\\\/www.caudete.org\\\/ayuntamiento\\\/#website\",\"url\":\"https:\\\/\\\/www.caudete.org\\\/ayuntamiento\\\/\",\"name\":\"MI Ayuntamiento de Caudete\",\"description\":\"P\u00e1gina Oficial del MI Ayuntamiento de Caudete\",\"potentialAction\":[{\"@type\":\"SearchAction\",\"target\":{\"@type\":\"EntryPoint\",\"urlTemplate\":\"https:\\\/\\\/www.caudete.org\\\/ayuntamiento\\\/?s={search_term_string}\"},\"query-input\":{\"@type\":\"PropertyValueSpecification\",\"valueRequired\":true,\"valueName\":\"search_term_string\"}}],\"inLanguage\":\"es\"}]}<\/script>\n<!-- \/ Yoast SEO plugin. -->","yoast_head_json":{"title":"Juventud - Actividades Concertadas - MI Ayuntamiento de Caudete","description":"P\u00e1gina Oficial del Ayuntamiento de Caudete (Albacete)","robots":{"index":"index","follow":"follow","max-snippet":"max-snippet:-1","max-image-preview":"max-image-preview:large","max-video-preview":"max-video-preview:-1"},"canonical":"https:\/\/www.caudete.org\/ayuntamiento\/juventud-actividades-concertadas\/","og_locale":"es_ES","og_type":"article","og_title":"Juventud - Actividades Concertadas - MI Ayuntamiento de Caudete","og_description":"P\u00e1gina Oficial del Ayuntamiento de Caudete (Albacete)","og_url":"https:\/\/www.caudete.org\/ayuntamiento\/juventud-actividades-concertadas\/","og_site_name":"MI Ayuntamiento de Caudete","article_publisher":"https:\/\/www.facebook.com\/ayuntamientocaudete\/","article_modified_time":"2024-06-28T16:47:08+00:00","og_image":[{"url":"https:\/\/www.caudete.org\/ayuntamiento\/wp-content\/uploads\/2024\/06\/sala-joven-2.jpg","type":"","width":"","height":""}],"twitter_card":"summary_large_image","twitter_misc":{"Tiempo de lectura":"2 minutos"},"schema":{"@context":"https:\/\/schema.org","@graph":[{"@type":"WebPage","@id":"https:\/\/www.caudete.org\/ayuntamiento\/juventud-actividades-concertadas\/","url":"https:\/\/www.caudete.org\/ayuntamiento\/juventud-actividades-concertadas\/","name":"Juventud - Actividades Concertadas - MI Ayuntamiento de Caudete","isPartOf":{"@id":"https:\/\/www.caudete.org\/ayuntamiento\/#website"},"primaryImageOfPage":{"@id":"https:\/\/www.caudete.org\/ayuntamiento\/juventud-actividades-concertadas\/#primaryimage"},"image":{"@id":"https:\/\/www.caudete.org\/ayuntamiento\/juventud-actividades-concertadas\/#primaryimage"},"thumbnailUrl":"https:\/\/www.caudete.org\/ayuntamiento\/wp-content\/uploads\/2024\/06\/sala-joven-2.jpg","datePublished":"2020-12-21T20:38:32+00:00","dateModified":"2024-06-28T16:47:08+00:00","description":"P\u00e1gina Oficial del Ayuntamiento de Caudete (Albacete)","breadcrumb":{"@id":"https:\/\/www.caudete.org\/ayuntamiento\/juventud-actividades-concertadas\/#breadcrumb"},"inLanguage":"es","potentialAction":[{"@type":"ReadAction","target":["https:\/\/www.caudete.org\/ayuntamiento\/juventud-actividades-concertadas\/"]}]},{"@type":"ImageObject","inLanguage":"es","@id":"https:\/\/www.caudete.org\/ayuntamiento\/juventud-actividades-concertadas\/#primaryimage","url":"https:\/\/www.caudete.org\/ayuntamiento\/wp-content\/uploads\/2024\/06\/sala-joven-2.jpg","contentUrl":"https:\/\/www.caudete.org\/ayuntamiento\/wp-content\/uploads\/2024\/06\/sala-joven-2.jpg"},{"@type":"BreadcrumbList","@id":"https:\/\/www.caudete.org\/ayuntamiento\/juventud-actividades-concertadas\/#breadcrumb","itemListElement":[{"@type":"ListItem","position":1,"name":"Inicio","item":"https:\/\/www.caudete.org\/ayuntamiento\/"},{"@type":"ListItem","position":2,"name":"Juventud &#8211; Actividades Concertadas"}]},{"@type":"WebSite","@id":"https:\/\/www.caudete.org\/ayuntamiento\/#website","url":"https:\/\/www.caudete.org\/ayuntamiento\/","name":"MI Ayuntamiento de Caudete","description":"P\u00e1gina Oficial del MI Ayuntamiento de Caudete","potentialAction":[{"@type":"SearchAction","target":{"@type":"EntryPoint","urlTemplate":"https:\/\/www.caudete.org\/ayuntamiento\/?s={search_term_string}"},"query-input":{"@type":"PropertyValueSpecification","valueRequired":true,"valueName":"search_term_string"}}],"inLanguage":"es"}]}},"_links":{"self":[{"href":"https:\/\/www.caudete.org\/ayuntamiento\/wp-json\/wp\/v2\/pages\/10814","targetHints":{"allow":["GET"]}}],"collection":[{"href":"https:\/\/www.caudete.org\/ayuntamiento\/wp-json\/wp\/v2\/pages"}],"about":[{"href":"https:\/\/www.caudete.org\/ayuntamiento\/wp-json\/wp\/v2\/types\/page"}],"author":[{"embeddable":true,"href":"https:\/\/www.caudete.org\/ayuntamiento\/wp-json\/wp\/v2\/users\/1"}],"replies":[{"embeddable":true,"href":"https:\/\/www.caudete.org\/ayuntamiento\/wp-json\/wp\/v2\/comments?post=10814"}],"version-history":[{"count":8,"href":"https:\/\/www.caudete.org\/ayuntamiento\/wp-json\/wp\/v2\/pages\/10814\/revisions"}],"predecessor-version":[{"id":25568,"href":"https:\/\/www.caudete.org\/ayuntamiento\/wp-json\/wp\/v2\/pages\/10814\/revisions\/25568"}],"wp:attachment":[{"href":"https:\/\/www.caudete.org\/ayuntamiento\/wp-json\/wp\/v2\/media?parent=10814"}],"wp:term":[{"taxonomy":"category","embeddable":true,"href":"https:\/\/www.caudete.org\/ayuntamiento\/wp-json\/wp\/v2\/categories?post=10814"},{"taxonomy":"post_tag","embeddable":true,"href":"https:\/\/www.caudete.org\/ayuntamiento\/wp-json\/wp\/v2\/tags?post=10814"}],"curies":[{"name":"wp","href":"https:\/\/api.w.org\/{rel}","templated":true}]}}

<h2><a href="https://www.caudete.org/ayuntamiento/wp-content/uploads/2024/06/sala-joven-2.jpg" rel='prettyPhoto'><img fetchpriority="high" decoding="async" class="aligncenter size-full wp-image-25332" src="https://www.caudete.org/ayuntamiento/wp-content/uploads/2024/06/sala-joven-2.jpg" alt="" width="1980" height="736" srcset="https://www.caudete.org/ayuntamiento/wp-content/uploads/2024/06/sala-joven-2.jpg 1980w, https://www.caudete.org/ayuntamiento/wp-content/uploads/2024/06/sala-joven-2-300x112.jpg 300w, https://www.caudete.org/ayuntamiento/wp-content/uploads/2024/06/sala-joven-2-1024x381.jpg 1024w, https://www.caudete.org/ayuntamiento/wp-content/uploads/2024/06/sala-joven-2-768x285.jpg 768w, https://www.caudete.org/ayuntamiento/wp-content/uploads/2024/06/sala-joven-2-1536x571.jpg 1536w" sizes="(max-width: 1980px) 100vw, 1980px" /></a></h2>
<h2></h2>
<h2 style="text-align: justify;">ACTIVIDADES CONCERTADAS</h2>
<p style="text-align: justify;">El Centro Joven también organiza actividades concertadas con el IES “Rafael Requena” y Colegio “Amor de Dios”.</p>
<p><span style="color: #336699;"><strong>SESIÓN DE CORTOMETRAJES</strong></span></p>
<p style="text-align: justify;"><strong>Proyección de cortometrajes</strong> <strong> <a href="https://www.abycine.com/nuevos-publicos/" target="_blank" rel="noopener nofollow"><u>‘Mi primer Abycine’</u> </a></strong> es una acción educativa dedicada a estudiantes de E.S.O y Bachillerato con cortos dirigidos específicamente para ellos.</p>
<p style="text-align: justify;">Los objetivos de esta actividad son fomentar y promover el gusto por el cine entre los jóvenes y motivar su acercamiento a un cine de calidad artística,  ofreciendo  a los jóvenes la oportunidad  de disfrutar de estas historias sin salir de la localidad.</p>
<p style="text-align: justify;">Promovido por  la Diputación Provincial de Albacete y el Festival Internacional de Cine <a href="https://www.abycine.com/" target="_blank" rel="noopener nofollow"><strong>“Abycine”</strong></a>, el Centro Joven hace posible que estas sesiones se proyecten en el Auditorio Municipal en horario escolar.</p>
<p style="text-align: justify;"><span style="color: #336699;"><strong>TEATRO EN INGLÉS</strong></span></p>
<p style="text-align: justify;">Son obras de teatro en inglés, en las que el público tiene un papel protagonista, participando activamente del desarrollo de la historia, un espectáculo de teatro interactivo que combina la diversión y el aprendizaje. Dirigido a todos los estudiantes de la ESO.</p>
<p style="text-align: justify;">Esta actividad está concertada con el departamento de Inglés del IES “Rafael Requena” y Colegio “Amor de Dios”, y se lleva a cabo en el Auditorio Municipal en horario escolar.</p>
<p style="text-align: justify;"><span style="color: #336699;"><strong>CHARLAS</strong></span></p>
<p style="text-align: justify;">Llevadas a cabo en el I.E.S “Rafael Requena” y Colegio “Amor de Dios”.</p>
<p style="text-align: justify;">La temática de estas charlas se consensúa con el “Rafael Requena” y Colegio “Amor de Dios”, valorándose cuál es la problemática más actual de los de jóvenes.</p>
<p style="text-align: justify;">Las charlas que se han llevado a cabo han sido de diferentes temáticas: educación sexual, problemática con las redes sociales y videojuegos, prevención de los juegos de azar o violencia de género.</p>

<p>ACTIVIDADES CONCERTADAS El Centro Joven también organiza actividades concertadas con el IES “Rafael Requena” y Colegio “Amor de Dios”. SESIÓN DE CORTOMETRAJES Proyección de cortometrajes  ‘Mi primer Abycine’ es una acción educativa dedicada a estudiantes de E.S.O y Bachillerato con cortos dirigidos específicamente para ellos. Los objetivos de esta actividad son fomentar y promover el &hellip;</p>

<!-- This site is optimized with the Yoast SEO plugin v27.5 - https://yoast.com/product/yoast-seo-wordpress/ -->
<title>Juventud - Actividades Concertadas - MI Ayuntamiento de Caudete</title>
<meta name="description" content="Página Oficial del Ayuntamiento de Caudete (Albacete)" />
<meta name="robots" content="index, follow, max-snippet:-1, max-image-preview:large, max-video-preview:-1" />
<link rel="canonical" href="https://www.caudete.org/ayuntamiento/juventud-actividades-concertadas/" />
<meta property="og:locale" content="es_ES" />
<meta property="og:type" content="article" />
<meta property="og:title" content="Juventud - Actividades Concertadas - MI Ayuntamiento de Caudete" />
<meta property="og:description" content="Página Oficial del Ayuntamiento de Caudete (Albacete)" />
<meta property="og:url" content="https://www.caudete.org/ayuntamiento/juventud-actividades-concertadas/" />
<meta property="og:site_name" content="MI Ayuntamiento de Caudete" />
<meta property="article:publisher" content="https://www.facebook.com/ayuntamientocaudete/" />
<meta property="article:modified_time" content="2024-06-28T16:47:08+00:00" />
<meta property="og:image" content="https://www.caudete.org/ayuntamiento/wp-content/uploads/2024/06/sala-joven-2.jpg" />
<meta name="twitter:card" content="summary_large_image" />
<meta name="twitter:label1" content="Tiempo de lectura" />
	<meta name="twitter:data1" content="2 minutos" />
<script type="application/ld+json" class="yoast-schema-graph">{"@context":"https:\/\/schema.org","@graph":[{"@type":"WebPage","@id":"https:\/\/www.caudete.org\/ayuntamiento\/juventud-actividades-concertadas\/","url":"https:\/\/www.caudete.org\/ayuntamiento\/juventud-actividades-concertadas\/","name":"Juventud - Actividades Concertadas - MI Ayuntamiento de Caudete","isPartOf":{"@id":"https:\/\/www.caudete.org\/ayuntamiento\/#website"},"primaryImageOfPage":{"@id":"https:\/\/www.caudete.org\/ayuntamiento\/juventud-actividades-concertadas\/#primaryimage"},"image":{"@id":"https:\/\/www.caudete.org\/ayuntamiento\/juventud-actividades-concertadas\/#primaryimage"},"thumbnailUrl":"https:\/\/www.caudete.org\/ayuntamiento\/wp-content\/uploads\/2024\/06\/sala-joven-2.jpg","datePublished":"2020-12-21T20:38:32+00:00","dateModified":"2024-06-28T16:47:08+00:00","description":"Página Oficial del Ayuntamiento de Caudete (Albacete)","breadcrumb":{"@id":"https:\/\/www.caudete.org\/ayuntamiento\/juventud-actividades-concertadas\/#breadcrumb"},"inLanguage":"es","potentialAction":[{"@type":"ReadAction","target":["https:\/\/www.caudete.org\/ayuntamiento\/juventud-actividades-concertadas\/"]}]},{"@type":"ImageObject","inLanguage":"es","@id":"https:\/\/www.caudete.org\/ayuntamiento\/juventud-actividades-concertadas\/#primaryimage","url":"https:\/\/www.caudete.org\/ayuntamiento\/wp-content\/uploads\/2024\/06\/sala-joven-2.jpg","contentUrl":"https:\/\/www.caudete.org\/ayuntamiento\/wp-content\/uploads\/2024\/06\/sala-joven-2.jpg"},{"@type":"BreadcrumbList","@id":"https:\/\/www.caudete.org\/ayuntamiento\/juventud-actividades-concertadas\/#breadcrumb","itemListElement":[{"@type":"ListItem","position":1,"name":"Inicio","item":"https:\/\/www.caudete.org\/ayuntamiento\/"},{"@type":"ListItem","position":2,"name":"Juventud &#8211; Actividades Concertadas"}]},{"@type":"WebSite","@id":"https:\/\/www.caudete.org\/ayuntamiento\/#website","url":"https:\/\/www.caudete.org\/ayuntamiento\/","name":"MI Ayuntamiento de Caudete","description":"Página Oficial del MI Ayuntamiento de Caudete","potentialAction":[{"@type":"SearchAction","target":{"@type":"EntryPoint","urlTemplate":"https:\/\/www.caudete.org\/ayuntamiento\/?s={search_term_string}"},"query-input":{"@type":"PropertyValueSpecification","valueRequired":true,"valueName":"search_term_string"}}],"inLanguage":"es"}]}</script>
<!-- / Yoast SEO plugin. -->

Página Oficial del Ayuntamiento de Caudete (Albacete)

Página Oficial del MI Ayuntamiento de Caudete
