{"id":12541,"date":"2021-03-01T13:22:21","date_gmt":"2021-03-01T12:22:21","guid":{"rendered":"https:\/\/www.caudete.org\/ayuntamiento\/?page_id=12541"},"modified":"2022-01-20T18:35:45","modified_gmt":"2022-01-20T17:35:45","slug":"deportes-caudete-extreme-inscripciones","status":"publish","type":"page","link":"https:\/\/www.caudete.org\/ayuntamiento\/deportes-caudete-extreme-inscripciones\/","title":{"rendered":"Deportes &#8211; Caudete Extreme &#8211; Inscripciones"},"content":{"rendered":"<h2 class=\"tm8\" style=\"text-align: justify;\"><span class=\"tm9\">INSCRIPCIONES CARRERA ABSOLUTA Y CIRCUITO ALTERNATIVO<\/span><\/h2>\n<p class=\"tm11\" style=\"text-align: justify;\"><span class=\"tm9\">Plazo de Inscripci\u00f3n:<\/span><span class=\"tm9\"> hasta las 14:00 horas del mi\u00e9rcoles 26<\/span><span class=\"tm9\"> de enero<\/span> <span class=\"tm9\">de 2022. No se admiten inscripciones el d\u00eda de la prueba.<\/span><\/p>\n<p class=\"tm8\" style=\"text-align: justify;\"><span class=\"tm9\">Cada participante realizar\u00e1 la inscripci\u00f3n dependiendo del recorrido en el que va a participar (largo o corto). Los cortos, son recorridos alternativos para quienes est\u00e9n empezando en este deporte y quieran tener una primera toma de contacto con el circuito, sin las exigencias que algunos recorridos largos tienen. Si te inscribes en un recorrido debe de ser el que realices, si te cambias de recorrido durante la prueba perder\u00e1s el derecho a recibir cualquier premio o puntos obtenidos.<\/span><\/p>\n<p class=\"tm8\" style=\"text-align: justify;\"><span class=\"tm9\">Los participantes en los recorridos cortos no entrar\u00e1n en la clasificaci\u00f3n final de la prueba dentro de las categor\u00edas del Circuito, <\/span><span class=\"tm9\">pero si se contabilizar\u00e1 como prueba disputada para llegar a las m\u00ednimas exigidas para obtener el premio final y se tendr\u00e1n en cuenta en la clasificaci\u00f3n \u00fanica creada para quienes opten por participar en estos recorridos. <\/span><\/p>\n<p class=\"tm8\" style=\"text-align: justify;\"><strong><span class=\"tm9\">Cuota de Inscripci\u00f3n<\/span><\/strong><\/p>\n<ul style=\"text-align: justify;\">\n<li class=\"tm14\"><span class=\"tm9\"><strong>10 \u20ac para los corredores que se encuentren inscritos en el XV Circuito Provincial de Btt.<\/strong> No se tramitar\u00e1 la inscripci\u00f3n de ning\u00fan corredor con el precio de 10<\/span><span class=\"tm9\"> \u20ac<\/span><span class=\"tm9\"> que previamente no est\u00e9 inscrito en el XV Circuito Provincial de Btt de la Diputaci\u00f3n de Albacete. <\/span><\/li>\n<li class=\"tm14\"><strong><span class=\"tm9\">13 \u20ac<\/span><\/strong><span class=\"tm9\"><strong> para los corredores no inscritos en el XV Circuito Provincial de Btt<\/strong> de la Diputaci\u00f3n de Albacete. <\/span><\/li>\n<\/ul>\n<p class=\"tm11\" style=\"text-align: justify;\"><span class=\"tm9\">Para realizar inscripci\u00f3n, pinche aqu\u00ed:<\/span><\/p>\n<p class=\"tm17\" style=\"text-align: justify;\"><strong><u><a href=\"https:\/\/deportes.dipualba.es\/Login\/LoginFormulario\" target=\"_blank\" rel=\"nofollow\"><span class=\"tm12\">https:\/\/deportes.dipualba.es\/Login\/LoginFormulario<\/span><\/a><\/u><\/strong><\/p>\n<p class=\"Normal\" style=\"text-align: justify;\">&nbsp;<\/p>\n","protected":false},"excerpt":{"rendered":"<p>INSCRIPCIONES CARRERA ABSOLUTA Y CIRCUITO ALTERNATIVO Plazo de Inscripci\u00f3n: hasta las 14:00 horas del mi\u00e9rcoles 26 de enero de 2022. No se admiten inscripciones el d\u00eda de la prueba. Cada participante realizar\u00e1 la inscripci\u00f3n dependiendo del recorrido en el que va a participar (largo o corto). Los cortos, son recorridos alternativos para quienes est\u00e9n empezando &hellip;<\/p>\n","protected":false},"author":1,"featured_media":0,"parent":0,"menu_order":0,"comment_status":"closed","ping_status":"closed","template":"","meta":{"ngg_post_thumbnail":0,"footnotes":""},"categories":[122],"tags":[],"class_list":["post-12541","page","type-page","status-publish","hentry","category-deportes-2"],"yoast_head":"<!-- This site is optimized with the Yoast SEO plugin v27.4 - https:\/\/yoast.com\/product\/yoast-seo-wordpress\/ -->\n<title>Deportes - Caudete Extreme - Inscripciones - MI Ayuntamiento de Caudete<\/title>\n<meta name=\"description\" content=\"P\u00e1gina Oficial del Ayuntamiento de Caudete (Albacete)\" \/>\n<meta name=\"robots\" content=\"index, follow, max-snippet:-1, max-image-preview:large, max-video-preview:-1\" \/>\n<link rel=\"canonical\" href=\"https:\/\/www.caudete.org\/ayuntamiento\/deportes-caudete-extreme-inscripciones\/\" \/>\n<meta property=\"og:locale\" content=\"es_ES\" \/>\n<meta property=\"og:type\" content=\"article\" \/>\n<meta property=\"og:title\" content=\"Deportes - Caudete Extreme - Inscripciones - MI Ayuntamiento de Caudete\" \/>\n<meta property=\"og:description\" content=\"P\u00e1gina Oficial del Ayuntamiento de Caudete (Albacete)\" \/>\n<meta property=\"og:url\" content=\"https:\/\/www.caudete.org\/ayuntamiento\/deportes-caudete-extreme-inscripciones\/\" \/>\n<meta property=\"og:site_name\" content=\"MI Ayuntamiento de Caudete\" \/>\n<meta property=\"article:publisher\" content=\"https:\/\/www.facebook.com\/ayuntamientocaudete\/\" \/>\n<meta property=\"article:modified_time\" content=\"2022-01-20T17:35:45+00:00\" \/>\n<meta name=\"twitter:card\" content=\"summary_large_image\" \/>\n<meta name=\"twitter:label1\" content=\"Tiempo de lectura\" \/>\n\t<meta name=\"twitter:data1\" content=\"2 minutos\" \/>\n<script type=\"application\/ld+json\" class=\"yoast-schema-graph\">{\"@context\":\"https:\\\/\\\/schema.org\",\"@graph\":[{\"@type\":\"WebPage\",\"@id\":\"https:\\\/\\\/www.caudete.org\\\/ayuntamiento\\\/deportes-caudete-extreme-inscripciones\\\/\",\"url\":\"https:\\\/\\\/www.caudete.org\\\/ayuntamiento\\\/deportes-caudete-extreme-inscripciones\\\/\",\"name\":\"Deportes - Caudete Extreme - Inscripciones - MI Ayuntamiento de Caudete\",\"isPartOf\":{\"@id\":\"https:\\\/\\\/www.caudete.org\\\/ayuntamiento\\\/#website\"},\"datePublished\":\"2021-03-01T12:22:21+00:00\",\"dateModified\":\"2022-01-20T17:35:45+00:00\",\"description\":\"P\u00e1gina Oficial del Ayuntamiento de Caudete (Albacete)\",\"breadcrumb\":{\"@id\":\"https:\\\/\\\/www.caudete.org\\\/ayuntamiento\\\/deportes-caudete-extreme-inscripciones\\\/#breadcrumb\"},\"inLanguage\":\"es\",\"potentialAction\":[{\"@type\":\"ReadAction\",\"target\":[\"https:\\\/\\\/www.caudete.org\\\/ayuntamiento\\\/deportes-caudete-extreme-inscripciones\\\/\"]}]},{\"@type\":\"BreadcrumbList\",\"@id\":\"https:\\\/\\\/www.caudete.org\\\/ayuntamiento\\\/deportes-caudete-extreme-inscripciones\\\/#breadcrumb\",\"itemListElement\":[{\"@type\":\"ListItem\",\"position\":1,\"name\":\"Inicio\",\"item\":\"https:\\\/\\\/www.caudete.org\\\/ayuntamiento\\\/\"},{\"@type\":\"ListItem\",\"position\":2,\"name\":\"Deportes &#8211; Caudete Extreme &#8211; Inscripciones\"}]},{\"@type\":\"WebSite\",\"@id\":\"https:\\\/\\\/www.caudete.org\\\/ayuntamiento\\\/#website\",\"url\":\"https:\\\/\\\/www.caudete.org\\\/ayuntamiento\\\/\",\"name\":\"MI Ayuntamiento de Caudete\",\"description\":\"P\u00e1gina Oficial del MI Ayuntamiento de Caudete\",\"publisher\":{\"@id\":\"https:\\\/\\\/www.caudete.org\\\/ayuntamiento\\\/#organization\"},\"potentialAction\":[{\"@type\":\"SearchAction\",\"target\":{\"@type\":\"EntryPoint\",\"urlTemplate\":\"https:\\\/\\\/www.caudete.org\\\/ayuntamiento\\\/?s={search_term_string}\"},\"query-input\":{\"@type\":\"PropertyValueSpecification\",\"valueRequired\":true,\"valueName\":\"search_term_string\"}}],\"inLanguage\":\"es\"},{\"@type\":\"Organization\",\"@id\":\"https:\\\/\\\/www.caudete.org\\\/ayuntamiento\\\/#organization\",\"name\":\"Ayuntamiento de Caudete\",\"url\":\"https:\\\/\\\/www.caudete.org\\\/ayuntamiento\\\/\",\"logo\":{\"@type\":\"ImageObject\",\"inLanguage\":\"es\",\"@id\":\"https:\\\/\\\/www.caudete.org\\\/ayuntamiento\\\/#\\\/schema\\\/logo\\\/image\\\/\",\"url\":\"https:\\\/\\\/www.caudete.org\\\/ayuntamiento\\\/wp-content\\\/uploads\\\/2020\\\/11\\\/logo_ayuntamiento_caudete.jpg\",\"contentUrl\":\"https:\\\/\\\/www.caudete.org\\\/ayuntamiento\\\/wp-content\\\/uploads\\\/2020\\\/11\\\/logo_ayuntamiento_caudete.jpg\",\"width\":600,\"height\":150,\"caption\":\"Ayuntamiento de Caudete\"},\"image\":{\"@id\":\"https:\\\/\\\/www.caudete.org\\\/ayuntamiento\\\/#\\\/schema\\\/logo\\\/image\\\/\"},\"sameAs\":[\"https:\\\/\\\/www.facebook.com\\\/ayuntamientocaudete\\\/\",\"https:\\\/\\\/www.youtube.com\\\/channel\\\/UC6VztHaooNsGpw-tNoBEFnQ\"]}]}<\/script>\n<!-- \/ Yoast SEO plugin. -->","yoast_head_json":{"title":"Deportes - Caudete Extreme - Inscripciones - MI Ayuntamiento de Caudete","description":"P\u00e1gina Oficial del Ayuntamiento de Caudete (Albacete)","robots":{"index":"index","follow":"follow","max-snippet":"max-snippet:-1","max-image-preview":"max-image-preview:large","max-video-preview":"max-video-preview:-1"},"canonical":"https:\/\/www.caudete.org\/ayuntamiento\/deportes-caudete-extreme-inscripciones\/","og_locale":"es_ES","og_type":"article","og_title":"Deportes - Caudete Extreme - Inscripciones - MI Ayuntamiento de Caudete","og_description":"P\u00e1gina Oficial del Ayuntamiento de Caudete (Albacete)","og_url":"https:\/\/www.caudete.org\/ayuntamiento\/deportes-caudete-extreme-inscripciones\/","og_site_name":"MI Ayuntamiento de Caudete","article_publisher":"https:\/\/www.facebook.com\/ayuntamientocaudete\/","article_modified_time":"2022-01-20T17:35:45+00:00","twitter_card":"summary_large_image","twitter_misc":{"Tiempo de lectura":"2 minutos"},"schema":{"@context":"https:\/\/schema.org","@graph":[{"@type":"WebPage","@id":"https:\/\/www.caudete.org\/ayuntamiento\/deportes-caudete-extreme-inscripciones\/","url":"https:\/\/www.caudete.org\/ayuntamiento\/deportes-caudete-extreme-inscripciones\/","name":"Deportes - Caudete Extreme - Inscripciones - MI Ayuntamiento de Caudete","isPartOf":{"@id":"https:\/\/www.caudete.org\/ayuntamiento\/#website"},"datePublished":"2021-03-01T12:22:21+00:00","dateModified":"2022-01-20T17:35:45+00:00","description":"P\u00e1gina Oficial del Ayuntamiento de Caudete (Albacete)","breadcrumb":{"@id":"https:\/\/www.caudete.org\/ayuntamiento\/deportes-caudete-extreme-inscripciones\/#breadcrumb"},"inLanguage":"es","potentialAction":[{"@type":"ReadAction","target":["https:\/\/www.caudete.org\/ayuntamiento\/deportes-caudete-extreme-inscripciones\/"]}]},{"@type":"BreadcrumbList","@id":"https:\/\/www.caudete.org\/ayuntamiento\/deportes-caudete-extreme-inscripciones\/#breadcrumb","itemListElement":[{"@type":"ListItem","position":1,"name":"Inicio","item":"https:\/\/www.caudete.org\/ayuntamiento\/"},{"@type":"ListItem","position":2,"name":"Deportes &#8211; Caudete Extreme &#8211; Inscripciones"}]},{"@type":"WebSite","@id":"https:\/\/www.caudete.org\/ayuntamiento\/#website","url":"https:\/\/www.caudete.org\/ayuntamiento\/","name":"MI Ayuntamiento de Caudete","description":"P\u00e1gina Oficial del MI Ayuntamiento de Caudete","publisher":{"@id":"https:\/\/www.caudete.org\/ayuntamiento\/#organization"},"potentialAction":[{"@type":"SearchAction","target":{"@type":"EntryPoint","urlTemplate":"https:\/\/www.caudete.org\/ayuntamiento\/?s={search_term_string}"},"query-input":{"@type":"PropertyValueSpecification","valueRequired":true,"valueName":"search_term_string"}}],"inLanguage":"es"},{"@type":"Organization","@id":"https:\/\/www.caudete.org\/ayuntamiento\/#organization","name":"Ayuntamiento de Caudete","url":"https:\/\/www.caudete.org\/ayuntamiento\/","logo":{"@type":"ImageObject","inLanguage":"es","@id":"https:\/\/www.caudete.org\/ayuntamiento\/#\/schema\/logo\/image\/","url":"https:\/\/www.caudete.org\/ayuntamiento\/wp-content\/uploads\/2020\/11\/logo_ayuntamiento_caudete.jpg","contentUrl":"https:\/\/www.caudete.org\/ayuntamiento\/wp-content\/uploads\/2020\/11\/logo_ayuntamiento_caudete.jpg","width":600,"height":150,"caption":"Ayuntamiento de Caudete"},"image":{"@id":"https:\/\/www.caudete.org\/ayuntamiento\/#\/schema\/logo\/image\/"},"sameAs":["https:\/\/www.facebook.com\/ayuntamientocaudete\/","https:\/\/www.youtube.com\/channel\/UC6VztHaooNsGpw-tNoBEFnQ"]}]}},"_links":{"self":[{"href":"https:\/\/www.caudete.org\/ayuntamiento\/wp-json\/wp\/v2\/pages\/12541","targetHints":{"allow":["GET"]}}],"collection":[{"href":"https:\/\/www.caudete.org\/ayuntamiento\/wp-json\/wp\/v2\/pages"}],"about":[{"href":"https:\/\/www.caudete.org\/ayuntamiento\/wp-json\/wp\/v2\/types\/page"}],"author":[{"embeddable":true,"href":"https:\/\/www.caudete.org\/ayuntamiento\/wp-json\/wp\/v2\/users\/1"}],"replies":[{"embeddable":true,"href":"https:\/\/www.caudete.org\/ayuntamiento\/wp-json\/wp\/v2\/comments?post=12541"}],"version-history":[{"count":5,"href":"https:\/\/www.caudete.org\/ayuntamiento\/wp-json\/wp\/v2\/pages\/12541\/revisions"}],"predecessor-version":[{"id":17861,"href":"https:\/\/www.caudete.org\/ayuntamiento\/wp-json\/wp\/v2\/pages\/12541\/revisions\/17861"}],"wp:attachment":[{"href":"https:\/\/www.caudete.org\/ayuntamiento\/wp-json\/wp\/v2\/media?parent=12541"}],"wp:term":[{"taxonomy":"category","embeddable":true,"href":"https:\/\/www.caudete.org\/ayuntamiento\/wp-json\/wp\/v2\/categories?post=12541"},{"taxonomy":"post_tag","embeddable":true,"href":"https:\/\/www.caudete.org\/ayuntamiento\/wp-json\/wp\/v2\/tags?post=12541"}],"curies":[{"name":"wp","href":"https:\/\/api.w.org\/{rel}","templated":true}]}}