{"id":15556,"date":"2021-07-28T12:59:50","date_gmt":"2021-07-28T10:59:50","guid":{"rendered":"https:\/\/www.caudete.org\/ayuntamiento\/?page_id=15556"},"modified":"2025-04-23T18:41:34","modified_gmt":"2025-04-23T16:41:34","slug":"bienestar-social-e-igualdad-centro-de-la-mujer-anterior","status":"publish","type":"page","link":"https:\/\/www.caudete.org\/ayuntamiento\/bienestar-social-e-igualdad-centro-de-la-mujer-anterior\/","title":{"rendered":"Bienestar Social e Igualdad &#8211; Centro de la Mujer anterior"},"content":{"rendered":"<p><img fetchpriority=\"high\" decoding=\"async\" class=\"aligncenter wp-image-15559 size-full\" src=\"https:\/\/www.caudete.org\/ayuntamiento\/wp-content\/uploads\/2021\/07\/centro-mujer-2021.jpg\" alt=\"\" width=\"800\" height=\"300\" srcset=\"https:\/\/www.caudete.org\/ayuntamiento\/wp-content\/uploads\/2021\/07\/centro-mujer-2021.jpg 800w, https:\/\/www.caudete.org\/ayuntamiento\/wp-content\/uploads\/2021\/07\/centro-mujer-2021-300x113.jpg 300w, https:\/\/www.caudete.org\/ayuntamiento\/wp-content\/uploads\/2021\/07\/centro-mujer-2021-768x288.jpg 768w\" sizes=\"(max-width: 800px) 100vw, 800px\" \/><\/p>\n<p style=\"text-align: justify;\">El <strong>Centro de la Mujer<\/strong> es un Servicio P\u00fablico Municipal que, a trav\u00e9s de un Equipo Multidisciplinar, atiende las demandas de las mujeres de Caudete, Alpera y Bonete. Es un recurso integral espec\u00edfico para la violencia de g\u00e9nero y otros delitos contra las mujeres, y trabaja para la consecuci\u00f3n de la igualdad real de mujeres y hombres.<\/p>\n<p style=\"text-align: justify;\">El Centro de la Mujer est\u00e1 situado en la <strong>Segunda Planta del Centro Social Madre Elisea, Calle Paracuellos de la Vega, 3<\/strong>.<\/p>\n<p style=\"text-align: justify;\"><strong>Horario de Atenci\u00f3n al p\u00fablico<\/strong><\/p>\n<ul style=\"text-align: justify;\">\n<li>Caudete: ma\u00f1anas, de lunes a viernes, de 9:00 a 14:00 h. Tardes, martes de 15:30 a 17:30 h.<\/li>\n<li>Tambi\u00e9n atendemos a los municipios de Alpera (\u00faltimo martes de mes, de 9:00 a 14:00 h.) y Bonete (primer martes de mes, de 9:00 a 14:00 h).<\/li>\n<\/ul>\n<p style=\"text-align: justify;\">Tel\u00e9fono:<strong> 96 582 55 17<\/strong><br \/>\nCorreo electr\u00f3nico: <a href=\"mailto:administracion@centrodelamujer.caudete.org\" target=\"_blank\" rel=\"nofollow\">administracion@centrodelamujer.caudete.org<\/a><\/p>\n<p><strong>Prestamos los siguientes servicios:<\/strong><\/p>\n<h2>INTERVENCI\u00d3N INDIVIDUAL<\/h2>\n<p><a href=\"https:\/\/www.caudete.org\/ayuntamiento\/wp-content\/uploads\/2021\/09\/centro_mujer_2.jpg\" rel='prettyPhoto'><img decoding=\"async\" class=\"aligncenter size-full wp-image-15952\" src=\"https:\/\/www.caudete.org\/ayuntamiento\/wp-content\/uploads\/2021\/09\/centro_mujer_2.jpg\" alt=\"\" width=\"800\" height=\"438\" srcset=\"https:\/\/www.caudete.org\/ayuntamiento\/wp-content\/uploads\/2021\/09\/centro_mujer_2.jpg 800w, https:\/\/www.caudete.org\/ayuntamiento\/wp-content\/uploads\/2021\/09\/centro_mujer_2-300x164.jpg 300w, https:\/\/www.caudete.org\/ayuntamiento\/wp-content\/uploads\/2021\/09\/centro_mujer_2-768x420.jpg 768w\" sizes=\"(max-width: 800px) 100vw, 800px\" \/><\/a><\/p>\n<ul>\n<li style=\"text-align: justify;\">En materia de derecho: asesoramiento jur\u00eddico en materia civil, laboral, fiscal, penal y en cualquier otra materia que la legislaci\u00f3n vigente reconozca a la mujer, y en concreto, a las v\u00edctimas de violencia de g\u00e9nero o con especial necesidad de ayuda por estar inmersas en relaciones de pareja conflictivas, separaciones o divorcios.<\/li>\n<li style=\"text-align: justify;\">En materia psicol\u00f3gica: Informaci\u00f3n, apoyo y asesoramiento psicol\u00f3gico, individual o en grupo, a las mujeres que se encuentran en situaci\u00f3n de necesidad de ayuda por distintos problemas psicosociales, donde la variable g\u00e9nero sea importante en el origen, mantenimiento o agravamiento de los mismos.<\/li>\n<li style=\"text-align: justify;\">En materia de formaci\u00f3n y empleo: en materia de formaci\u00f3n y empleo Orientaci\u00f3n y apoyo a la mujer para su incorporaci\u00f3n al mercado laboral tanto por cuenta propia como por cuenta ajena, informaci\u00f3n sobre recursos de formaci\u00f3n y empleo, apoyo a iniciativas de autoempleo y asesoramiento a empresas en materia de igualdad.<\/li>\n<\/ul>\n<h2>INTERVENCI\u00d3N A NIVEL COMUNITARIO<\/h2>\n<p><a href=\"https:\/\/www.caudete.org\/ayuntamiento\/wp-content\/uploads\/2021\/09\/igualdad_1.jpg\" rel='prettyPhoto'><img decoding=\"async\" class=\"aligncenter size-full wp-image-15954\" src=\"https:\/\/www.caudete.org\/ayuntamiento\/wp-content\/uploads\/2021\/09\/igualdad_1.jpg\" alt=\"\" width=\"800\" height=\"443\" srcset=\"https:\/\/www.caudete.org\/ayuntamiento\/wp-content\/uploads\/2021\/09\/igualdad_1.jpg 800w, https:\/\/www.caudete.org\/ayuntamiento\/wp-content\/uploads\/2021\/09\/igualdad_1-300x166.jpg 300w, https:\/\/www.caudete.org\/ayuntamiento\/wp-content\/uploads\/2021\/09\/igualdad_1-768x425.jpg 768w\" sizes=\"(max-width: 800px) 100vw, 800px\" \/><\/a><\/p>\n<p style=\"text-align: justify;\">Desde el Centro de la Mujer de Caudete se organizan actividades de sensibilizaci\u00f3n para conseguir la igualdad entre mujeres y hombres y la prevenci\u00f3n de la violencia de g\u00e9nero.<\/p>\n<p style=\"text-align: justify;\">Acciones educativas, charlas informativas, talleres, grupos de ayuda mutua, actividades del 8 de marzo y 25 de noviembre, formaci\u00f3n, campa\u00f1as divulgativas, concursos, etc.<\/p>\n<h2>EN CASO DE URGENCIA POR VIOLENCIA&#8230;<\/h2>\n<p><a href=\"https:\/\/www.caudete.org\/ayuntamiento\/wp-content\/uploads\/2021\/09\/urgencia_violencia.jpg\" rel='prettyPhoto'><img loading=\"lazy\" decoding=\"async\" class=\"aligncenter size-full wp-image-15955\" src=\"https:\/\/www.caudete.org\/ayuntamiento\/wp-content\/uploads\/2021\/09\/urgencia_violencia.jpg\" alt=\"\" width=\"1024\" height=\"224\" srcset=\"https:\/\/www.caudete.org\/ayuntamiento\/wp-content\/uploads\/2021\/09\/urgencia_violencia.jpg 1024w, https:\/\/www.caudete.org\/ayuntamiento\/wp-content\/uploads\/2021\/09\/urgencia_violencia-300x66.jpg 300w, https:\/\/www.caudete.org\/ayuntamiento\/wp-content\/uploads\/2021\/09\/urgencia_violencia-768x168.jpg 768w\" sizes=\"(max-width: 1024px) 100vw, 1024px\" \/><\/a><\/p>\n<p style=\"text-align: justify;\">En caso de malos tratos con car\u00e1cter de urgencia y fuera de nuestro horario laboral, llama de forma gratuita al tel\u00e9fono de urgencias <span style=\"color: #ff0000;\"><strong>900 100 114<\/strong><\/span> \u00f3<strong><span style=\"color: #ff0000;\"> 016<\/span><\/strong>, atendido durante las 24 horas por profesionales.<\/p>\n<p style=\"text-align: justify;\"><strong>Otros tel\u00e9fonos de inter\u00e9s:<\/strong><\/p>\n<ul style=\"text-align: justify;\">\n<li>Polic\u00eda Local &#8211; <strong>96 582 70 34<\/strong><\/li>\n<li>Guardia Civil &#8211; <strong>96 582 70 04<\/strong><\/li>\n<\/ul>\n<p style=\"text-align: justify;\"><strong>Enlaces de inter\u00e9s<\/strong><\/p>\n<p style=\"text-align: justify;\">Instituto de la Mujer de Castilla la Mancha<\/p>\n<p style=\"text-align: justify;\"><a href=\"https:\/\/institutomujer.castillalamancha.es\/\" target=\"_blank\" rel=\"nofollow\">https:\/\/institutomujer.castillalamancha.es\/<\/a><\/p>\n<p style=\"text-align: justify;\">Facebook Centro de la Mujer<\/p>\n<p style=\"text-align: justify;\"><a href=\"https:\/\/www.facebook.com\/Centro-De-La-Mujer-Caudete-1645324949083941\" target=\"_blank\" rel=\"nofollow\">https:\/\/www.facebook.com\/Centro-De-La-Mujer-Caudete-1645324949083941<\/a><\/p>\n<h2>Localizaci\u00f3n<\/h2>\n<p>&nbsp;<\/p>\n<div align=\"center\"><iframe style=\"border: 0;\" src=\"https:\/\/www.google.com\/maps\/embed?pb=!1m18!1m12!1m3!1d3113.640310233507!2d-0.990822884387969!3d38.70310576597766!2m3!1f0!2f0!3f0!3m2!1i1024!2i768!4f13.1!3m3!1m2!1s0xd615931bcb43d43%3A0x3a46ba223ede8ee1!2sC.%20Paracuellos%20de%20la%20Vega%2C%203%2C%2002660%20Caudete%2C%20Albacete!5e0!3m2!1ses!2ses!4v1630516790300!5m2!1ses!2ses\" width=\"800\" height=\"560\" allowfullscreen=\"allowfullscreen\"><span data-mce-type=\"bookmark\" style=\"display: inline-block; width: 0px; overflow: hidden; line-height: 0;\" class=\"mce_SELRES_start\">\ufeff<\/span><\/iframe><\/div>\n","protected":false},"excerpt":{"rendered":"<p>El Centro de la Mujer es un Servicio P\u00fablico Municipal que, a trav\u00e9s de un Equipo Multidisciplinar, atiende las demandas de las mujeres de Caudete, Alpera y Bonete. Es un recurso integral espec\u00edfico para la violencia de g\u00e9nero y otros delitos contra las mujeres, y trabaja para la consecuci\u00f3n de la igualdad real de mujeres &hellip;<\/p>\n","protected":false},"author":1,"featured_media":0,"parent":0,"menu_order":0,"comment_status":"closed","ping_status":"closed","template":"","meta":{"ngg_post_thumbnail":0,"footnotes":""},"categories":[682],"tags":[],"class_list":["post-15556","page","type-page","status-publish","hentry","category-bienestar-social-2"],"yoast_head":"<!-- This site is optimized with the Yoast SEO plugin v27.5 - https:\/\/yoast.com\/product\/yoast-seo-wordpress\/ -->\n<title>Bienestar Social e Igualdad - Centro de la Mujer anterior - MI Ayuntamiento de Caudete<\/title>\n<meta name=\"description\" content=\"P\u00e1gina Oficial del Ayuntamiento de Caudete (Albacete)\" \/>\n<meta name=\"robots\" content=\"index, follow, max-snippet:-1, max-image-preview:large, max-video-preview:-1\" \/>\n<link rel=\"canonical\" href=\"https:\/\/www.caudete.org\/ayuntamiento\/bienestar-social-e-igualdad-centro-de-la-mujer-anterior\/\" \/>\n<meta property=\"og:locale\" content=\"es_ES\" \/>\n<meta property=\"og:type\" content=\"article\" \/>\n<meta property=\"og:title\" content=\"Bienestar Social e Igualdad - Centro de la Mujer anterior - MI Ayuntamiento de Caudete\" \/>\n<meta property=\"og:description\" content=\"P\u00e1gina Oficial del Ayuntamiento de Caudete (Albacete)\" \/>\n<meta property=\"og:url\" content=\"https:\/\/www.caudete.org\/ayuntamiento\/bienestar-social-e-igualdad-centro-de-la-mujer-anterior\/\" \/>\n<meta property=\"og:site_name\" content=\"MI Ayuntamiento de Caudete\" \/>\n<meta property=\"article:publisher\" content=\"https:\/\/www.facebook.com\/ayuntamientocaudete\/\" \/>\n<meta property=\"article:modified_time\" content=\"2025-04-23T16:41:34+00:00\" \/>\n<meta property=\"og:image\" content=\"https:\/\/www.caudete.org\/ayuntamiento\/wp-content\/uploads\/2021\/07\/centro-mujer-2021.jpg\" \/>\n\t<meta property=\"og:image:width\" content=\"800\" \/>\n\t<meta property=\"og:image:height\" content=\"300\" \/>\n\t<meta property=\"og:image:type\" content=\"image\/jpeg\" \/>\n<meta name=\"twitter:card\" content=\"summary_large_image\" \/>\n<meta name=\"twitter:label1\" content=\"Tiempo de lectura\" \/>\n\t<meta name=\"twitter:data1\" content=\"3 minutos\" \/>\n<script type=\"application\/ld+json\" class=\"yoast-schema-graph\">{\"@context\":\"https:\\\/\\\/schema.org\",\"@graph\":[{\"@type\":\"WebPage\",\"@id\":\"https:\\\/\\\/www.caudete.org\\\/ayuntamiento\\\/bienestar-social-e-igualdad-centro-de-la-mujer-anterior\\\/\",\"url\":\"https:\\\/\\\/www.caudete.org\\\/ayuntamiento\\\/bienestar-social-e-igualdad-centro-de-la-mujer-anterior\\\/\",\"name\":\"Bienestar Social e Igualdad - Centro de la Mujer anterior - MI Ayuntamiento de Caudete\",\"isPartOf\":{\"@id\":\"https:\\\/\\\/www.caudete.org\\\/ayuntamiento\\\/#website\"},\"primaryImageOfPage\":{\"@id\":\"https:\\\/\\\/www.caudete.org\\\/ayuntamiento\\\/bienestar-social-e-igualdad-centro-de-la-mujer-anterior\\\/#primaryimage\"},\"image\":{\"@id\":\"https:\\\/\\\/www.caudete.org\\\/ayuntamiento\\\/bienestar-social-e-igualdad-centro-de-la-mujer-anterior\\\/#primaryimage\"},\"thumbnailUrl\":\"https:\\\/\\\/www.caudete.org\\\/ayuntamiento\\\/wp-content\\\/uploads\\\/2021\\\/07\\\/centro-mujer-2021.jpg\",\"datePublished\":\"2021-07-28T10:59:50+00:00\",\"dateModified\":\"2025-04-23T16:41:34+00:00\",\"description\":\"P\u00e1gina Oficial del Ayuntamiento de Caudete (Albacete)\",\"breadcrumb\":{\"@id\":\"https:\\\/\\\/www.caudete.org\\\/ayuntamiento\\\/bienestar-social-e-igualdad-centro-de-la-mujer-anterior\\\/#breadcrumb\"},\"inLanguage\":\"es\",\"potentialAction\":[{\"@type\":\"ReadAction\",\"target\":[\"https:\\\/\\\/www.caudete.org\\\/ayuntamiento\\\/bienestar-social-e-igualdad-centro-de-la-mujer-anterior\\\/\"]}]},{\"@type\":\"ImageObject\",\"inLanguage\":\"es\",\"@id\":\"https:\\\/\\\/www.caudete.org\\\/ayuntamiento\\\/bienestar-social-e-igualdad-centro-de-la-mujer-anterior\\\/#primaryimage\",\"url\":\"https:\\\/\\\/www.caudete.org\\\/ayuntamiento\\\/wp-content\\\/uploads\\\/2021\\\/07\\\/centro-mujer-2021.jpg\",\"contentUrl\":\"https:\\\/\\\/www.caudete.org\\\/ayuntamiento\\\/wp-content\\\/uploads\\\/2021\\\/07\\\/centro-mujer-2021.jpg\",\"width\":800,\"height\":300},{\"@type\":\"BreadcrumbList\",\"@id\":\"https:\\\/\\\/www.caudete.org\\\/ayuntamiento\\\/bienestar-social-e-igualdad-centro-de-la-mujer-anterior\\\/#breadcrumb\",\"itemListElement\":[{\"@type\":\"ListItem\",\"position\":1,\"name\":\"Inicio\",\"item\":\"https:\\\/\\\/www.caudete.org\\\/ayuntamiento\\\/\"},{\"@type\":\"ListItem\",\"position\":2,\"name\":\"Bienestar Social e Igualdad &#8211; Centro de la Mujer anterior\"}]},{\"@type\":\"WebSite\",\"@id\":\"https:\\\/\\\/www.caudete.org\\\/ayuntamiento\\\/#website\",\"url\":\"https:\\\/\\\/www.caudete.org\\\/ayuntamiento\\\/\",\"name\":\"MI Ayuntamiento de Caudete\",\"description\":\"P\u00e1gina Oficial del MI Ayuntamiento de Caudete\",\"potentialAction\":[{\"@type\":\"SearchAction\",\"target\":{\"@type\":\"EntryPoint\",\"urlTemplate\":\"https:\\\/\\\/www.caudete.org\\\/ayuntamiento\\\/?s={search_term_string}\"},\"query-input\":{\"@type\":\"PropertyValueSpecification\",\"valueRequired\":true,\"valueName\":\"search_term_string\"}}],\"inLanguage\":\"es\"}]}<\/script>\n<!-- \/ Yoast SEO plugin. -->","yoast_head_json":{"title":"Bienestar Social e Igualdad - Centro de la Mujer anterior - MI Ayuntamiento de Caudete","description":"P\u00e1gina Oficial del Ayuntamiento de Caudete (Albacete)","robots":{"index":"index","follow":"follow","max-snippet":"max-snippet:-1","max-image-preview":"max-image-preview:large","max-video-preview":"max-video-preview:-1"},"canonical":"https:\/\/www.caudete.org\/ayuntamiento\/bienestar-social-e-igualdad-centro-de-la-mujer-anterior\/","og_locale":"es_ES","og_type":"article","og_title":"Bienestar Social e Igualdad - Centro de la Mujer anterior - MI Ayuntamiento de Caudete","og_description":"P\u00e1gina Oficial del Ayuntamiento de Caudete (Albacete)","og_url":"https:\/\/www.caudete.org\/ayuntamiento\/bienestar-social-e-igualdad-centro-de-la-mujer-anterior\/","og_site_name":"MI Ayuntamiento de Caudete","article_publisher":"https:\/\/www.facebook.com\/ayuntamientocaudete\/","article_modified_time":"2025-04-23T16:41:34+00:00","og_image":[{"width":800,"height":300,"url":"https:\/\/www.caudete.org\/ayuntamiento\/wp-content\/uploads\/2021\/07\/centro-mujer-2021.jpg","type":"image\/jpeg"}],"twitter_card":"summary_large_image","twitter_misc":{"Tiempo de lectura":"3 minutos"},"schema":{"@context":"https:\/\/schema.org","@graph":[{"@type":"WebPage","@id":"https:\/\/www.caudete.org\/ayuntamiento\/bienestar-social-e-igualdad-centro-de-la-mujer-anterior\/","url":"https:\/\/www.caudete.org\/ayuntamiento\/bienestar-social-e-igualdad-centro-de-la-mujer-anterior\/","name":"Bienestar Social e Igualdad - Centro de la Mujer anterior - MI Ayuntamiento de Caudete","isPartOf":{"@id":"https:\/\/www.caudete.org\/ayuntamiento\/#website"},"primaryImageOfPage":{"@id":"https:\/\/www.caudete.org\/ayuntamiento\/bienestar-social-e-igualdad-centro-de-la-mujer-anterior\/#primaryimage"},"image":{"@id":"https:\/\/www.caudete.org\/ayuntamiento\/bienestar-social-e-igualdad-centro-de-la-mujer-anterior\/#primaryimage"},"thumbnailUrl":"https:\/\/www.caudete.org\/ayuntamiento\/wp-content\/uploads\/2021\/07\/centro-mujer-2021.jpg","datePublished":"2021-07-28T10:59:50+00:00","dateModified":"2025-04-23T16:41:34+00:00","description":"P\u00e1gina Oficial del Ayuntamiento de Caudete (Albacete)","breadcrumb":{"@id":"https:\/\/www.caudete.org\/ayuntamiento\/bienestar-social-e-igualdad-centro-de-la-mujer-anterior\/#breadcrumb"},"inLanguage":"es","potentialAction":[{"@type":"ReadAction","target":["https:\/\/www.caudete.org\/ayuntamiento\/bienestar-social-e-igualdad-centro-de-la-mujer-anterior\/"]}]},{"@type":"ImageObject","inLanguage":"es","@id":"https:\/\/www.caudete.org\/ayuntamiento\/bienestar-social-e-igualdad-centro-de-la-mujer-anterior\/#primaryimage","url":"https:\/\/www.caudete.org\/ayuntamiento\/wp-content\/uploads\/2021\/07\/centro-mujer-2021.jpg","contentUrl":"https:\/\/www.caudete.org\/ayuntamiento\/wp-content\/uploads\/2021\/07\/centro-mujer-2021.jpg","width":800,"height":300},{"@type":"BreadcrumbList","@id":"https:\/\/www.caudete.org\/ayuntamiento\/bienestar-social-e-igualdad-centro-de-la-mujer-anterior\/#breadcrumb","itemListElement":[{"@type":"ListItem","position":1,"name":"Inicio","item":"https:\/\/www.caudete.org\/ayuntamiento\/"},{"@type":"ListItem","position":2,"name":"Bienestar Social e Igualdad &#8211; Centro de la Mujer anterior"}]},{"@type":"WebSite","@id":"https:\/\/www.caudete.org\/ayuntamiento\/#website","url":"https:\/\/www.caudete.org\/ayuntamiento\/","name":"MI Ayuntamiento de Caudete","description":"P\u00e1gina Oficial del MI Ayuntamiento de Caudete","potentialAction":[{"@type":"SearchAction","target":{"@type":"EntryPoint","urlTemplate":"https:\/\/www.caudete.org\/ayuntamiento\/?s={search_term_string}"},"query-input":{"@type":"PropertyValueSpecification","valueRequired":true,"valueName":"search_term_string"}}],"inLanguage":"es"}]}},"_links":{"self":[{"href":"https:\/\/www.caudete.org\/ayuntamiento\/wp-json\/wp\/v2\/pages\/15556","targetHints":{"allow":["GET"]}}],"collection":[{"href":"https:\/\/www.caudete.org\/ayuntamiento\/wp-json\/wp\/v2\/pages"}],"about":[{"href":"https:\/\/www.caudete.org\/ayuntamiento\/wp-json\/wp\/v2\/types\/page"}],"author":[{"embeddable":true,"href":"https:\/\/www.caudete.org\/ayuntamiento\/wp-json\/wp\/v2\/users\/1"}],"replies":[{"embeddable":true,"href":"https:\/\/www.caudete.org\/ayuntamiento\/wp-json\/wp\/v2\/comments?post=15556"}],"version-history":[{"count":12,"href":"https:\/\/www.caudete.org\/ayuntamiento\/wp-json\/wp\/v2\/pages\/15556\/revisions"}],"predecessor-version":[{"id":28366,"href":"https:\/\/www.caudete.org\/ayuntamiento\/wp-json\/wp\/v2\/pages\/15556\/revisions\/28366"}],"wp:attachment":[{"href":"https:\/\/www.caudete.org\/ayuntamiento\/wp-json\/wp\/v2\/media?parent=15556"}],"wp:term":[{"taxonomy":"category","embeddable":true,"href":"https:\/\/www.caudete.org\/ayuntamiento\/wp-json\/wp\/v2\/categories?post=15556"},{"taxonomy":"post_tag","embeddable":true,"href":"https:\/\/www.caudete.org\/ayuntamiento\/wp-json\/wp\/v2\/tags?post=15556"}],"curies":[{"name":"wp","href":"https:\/\/api.w.org\/{rel}","templated":true}]}}