{"id":15566,"date":"2021-07-28T13:23:53","date_gmt":"2021-07-28T11:23:53","guid":{"rendered":"https:\/\/www.caudete.org\/ayuntamiento\/?page_id=15566"},"modified":"2021-09-01T20:08:25","modified_gmt":"2021-09-01T18:08:25","slug":"bienestar-social-e-igualdad-centro-de-mayores","status":"publish","type":"page","link":"https:\/\/www.caudete.org\/ayuntamiento\/bienestar-social-e-igualdad-centro-de-mayores\/","title":{"rendered":"Bienestar Social e Igualdad &#8211; Centro de Mayores"},"content":{"rendered":"<p style=\"text-align: center;\"><a href=\"https:\/\/www.caudete.org\/ayuntamiento\/wp-content\/uploads\/2021\/07\/centro-mayores.jpg\" rel='prettyPhoto'><img fetchpriority=\"high\" decoding=\"async\" class=\"aligncenter size-full wp-image-15567\" src=\"https:\/\/www.caudete.org\/ayuntamiento\/wp-content\/uploads\/2021\/07\/centro-mayores.jpg\" alt=\"\" width=\"800\" height=\"250\" srcset=\"https:\/\/www.caudete.org\/ayuntamiento\/wp-content\/uploads\/2021\/07\/centro-mayores.jpg 800w, https:\/\/www.caudete.org\/ayuntamiento\/wp-content\/uploads\/2021\/07\/centro-mayores-300x94.jpg 300w, https:\/\/www.caudete.org\/ayuntamiento\/wp-content\/uploads\/2021\/07\/centro-mayores-768x240.jpg 768w\" sizes=\"(max-width: 800px) 100vw, 800px\" \/><\/a><\/p>\n<p>El <strong>Centro de Mayores<\/strong> de Caudete es un recurso p\u00fablico de titularidad y gesti\u00f3n municipal, y comparte espacios con la Asociaci\u00f3n de Pensionistas y Jubilados \u201cLa Villa\u201d. Ofrece un amplio programa de actividades encaminado a promover el envejecimiento activo, favorecer el desarrollo personal, la convivencia y la participaci\u00f3n social.<\/p>\n<p>Est\u00e1 ubicado en la <strong>Calle Atleta Antonio Amor\u00f3s, 33<\/strong><\/p>\n<p>Tel\u00e9fono de contacto: <strong>965 82 70 00<\/strong> \u2013 Extensi\u00f3n <strong>603<\/strong><br \/>\nCorreo electr\u00f3nico: <a href=\"mailto:animacion@serviciossociales.caudete.org\" target=\"_blank\" rel=\"nofollow\">animacion@serviciossociales.caudete.org<\/a><\/p>\n<h2>SERVICIOS<\/h2>\n<p><a href=\"https:\/\/www.caudete.org\/ayuntamiento\/wp-content\/uploads\/2021\/09\/centro_mayores_1.jpg\" rel='prettyPhoto'><img decoding=\"async\" class=\"aligncenter size-full wp-image-15960\" src=\"https:\/\/www.caudete.org\/ayuntamiento\/wp-content\/uploads\/2021\/09\/centro_mayores_1.jpg\" alt=\"\" width=\"1024\" height=\"493\" srcset=\"https:\/\/www.caudete.org\/ayuntamiento\/wp-content\/uploads\/2021\/09\/centro_mayores_1.jpg 1024w, https:\/\/www.caudete.org\/ayuntamiento\/wp-content\/uploads\/2021\/09\/centro_mayores_1-300x144.jpg 300w, https:\/\/www.caudete.org\/ayuntamiento\/wp-content\/uploads\/2021\/09\/centro_mayores_1-768x370.jpg 768w\" sizes=\"(max-width: 1024px) 100vw, 1024px\" \/><\/a><\/p>\n<ul>\n<li>Cafeter\u00eda<\/li>\n<li>Peluquer\u00eda<\/li>\n<li>Podolog\u00eda<\/li>\n<li>Biblioteca y sala de prensa<\/li>\n<li>Sala de juegos y billar<\/li>\n<li>Sala de inform\u00e1tica<\/li>\n<li>Sala de televisi\u00f3n<\/li>\n<li>Parque biosaludable (en el exterior del edificio)<\/li>\n<\/ul>\n<h2>PROGRAMA PROMOCI\u00d3N DEL ENVEJECIMIENTO ACTIVO Y SALUDABLE<\/h2>\n<p><a href=\"https:\/\/www.caudete.org\/ayuntamiento\/wp-content\/uploads\/2021\/09\/promocion.jpg\" rel='prettyPhoto'><img decoding=\"async\" class=\"aligncenter size-full wp-image-15961\" src=\"https:\/\/www.caudete.org\/ayuntamiento\/wp-content\/uploads\/2021\/09\/promocion.jpg\" alt=\"\" width=\"1024\" height=\"539\" srcset=\"https:\/\/www.caudete.org\/ayuntamiento\/wp-content\/uploads\/2021\/09\/promocion.jpg 1024w, https:\/\/www.caudete.org\/ayuntamiento\/wp-content\/uploads\/2021\/09\/promocion-300x158.jpg 300w, https:\/\/www.caudete.org\/ayuntamiento\/wp-content\/uploads\/2021\/09\/promocion-768x404.jpg 768w\" sizes=\"(max-width: 1024px) 100vw, 1024px\" \/><\/a><\/p>\n<p><strong>Cursos y Talleres de octubre a mayo<\/strong><\/p>\n<ul>\n<li>Curso de Gimnasia, actividad f\u00edsica y deporte<\/li>\n<li>Curso de Tai Chi<\/li>\n<li>Curso de Bailes de sal\u00f3n<\/li>\n<li>Curso de Yoga<\/li>\n<li>Taller de manualidades<\/li>\n<li>Taller de Alfabetizaci\u00f3n Inform\u00e1tica<\/li>\n<li>Taller de Estimulaci\u00f3n Cognitiva, Activaci\u00f3n de la Memoria<\/li>\n<li>Taller de fisioterapia grupal y psicomotricidad<\/li>\n<\/ul>\n<h2>ACTIVIDADES DE OCIO Y TIEMPO LIBRE<\/h2>\n<p><a href=\"https:\/\/www.caudete.org\/ayuntamiento\/wp-content\/uploads\/2021\/09\/ocio.jpg\" rel='prettyPhoto'><img loading=\"lazy\" decoding=\"async\" class=\"aligncenter size-full wp-image-15962\" src=\"https:\/\/www.caudete.org\/ayuntamiento\/wp-content\/uploads\/2021\/09\/ocio.jpg\" alt=\"\" width=\"1024\" height=\"586\" srcset=\"https:\/\/www.caudete.org\/ayuntamiento\/wp-content\/uploads\/2021\/09\/ocio.jpg 1024w, https:\/\/www.caudete.org\/ayuntamiento\/wp-content\/uploads\/2021\/09\/ocio-300x172.jpg 300w, https:\/\/www.caudete.org\/ayuntamiento\/wp-content\/uploads\/2021\/09\/ocio-768x440.jpg 768w\" sizes=\"(max-width: 1024px) 100vw, 1024px\" \/><\/a><\/p>\n<p><strong>Eventos<\/strong><\/p>\n<ul>\n<li>Carnaval<\/li>\n<li>Semana de las Personas Mayores<\/li>\n<li>D\u00eda del Libro<\/li>\n<li>D\u00eda de los Abuelos y Abuelas<\/li>\n<li>D\u00eda Internacional de las Personas Mayores<\/li>\n<li>Viajes Culturales, Intercambios y otros<\/li>\n<\/ul>\n<h2>ACTIVIDADES DE VOLUNTARIADO<\/h2>\n<p><a href=\"https:\/\/www.caudete.org\/ayuntamiento\/wp-content\/uploads\/2021\/09\/voluntariado.jpg\" rel='prettyPhoto'><img loading=\"lazy\" decoding=\"async\" class=\"aligncenter size-full wp-image-15963\" src=\"https:\/\/www.caudete.org\/ayuntamiento\/wp-content\/uploads\/2021\/09\/voluntariado.jpg\" alt=\"\" width=\"1024\" height=\"561\" srcset=\"https:\/\/www.caudete.org\/ayuntamiento\/wp-content\/uploads\/2021\/09\/voluntariado.jpg 1024w, https:\/\/www.caudete.org\/ayuntamiento\/wp-content\/uploads\/2021\/09\/voluntariado-300x164.jpg 300w, https:\/\/www.caudete.org\/ayuntamiento\/wp-content\/uploads\/2021\/09\/voluntariado-768x421.jpg 768w\" sizes=\"(max-width: 1024px) 100vw, 1024px\" \/><\/a><\/p>\n<ul>\n<li>Grupo MAS ( Mayores Acci\u00f3n Social). Puedes ejercer la solidaridad y colaborar con las necesidades de otras personas mayores, mediante el acompa\u00f1amiento y peque\u00f1as acciones voluntarias<\/li>\n<\/ul>\n<h2>TRAMITACION PRESENCIAL<\/h2>\n<p><a href=\"https:\/\/www.caudete.org\/ayuntamiento\/wp-content\/uploads\/2021\/09\/centro_mayores_interior.jpg\" rel='prettyPhoto'><img loading=\"lazy\" decoding=\"async\" class=\"aligncenter size-full wp-image-15965\" src=\"https:\/\/www.caudete.org\/ayuntamiento\/wp-content\/uploads\/2021\/09\/centro_mayores_interior.jpg\" alt=\"\" width=\"1024\" height=\"562\" srcset=\"https:\/\/www.caudete.org\/ayuntamiento\/wp-content\/uploads\/2021\/09\/centro_mayores_interior.jpg 1024w, https:\/\/www.caudete.org\/ayuntamiento\/wp-content\/uploads\/2021\/09\/centro_mayores_interior-300x165.jpg 300w, https:\/\/www.caudete.org\/ayuntamiento\/wp-content\/uploads\/2021\/09\/centro_mayores_interior-768x422.jpg 768w\" sizes=\"(max-width: 1024px) 100vw, 1024px\" \/><\/a><\/p>\n<p>En nuestras oficinas podr\u00e1s realizar de modo directo diversas gestiones, atendido por un Animador, en programas como:<\/p>\n<ul>\n<li>Termalismo JCCM<\/li>\n<li>Inscripciones en cursos y talleres<\/li>\n<\/ul>\n<h2>TRAMITACI\u00d3N ON LINE<\/h2>\n<p><a href=\"https:\/\/www.caudete.org\/ayuntamiento\/wp-content\/uploads\/2021\/09\/online.jpg\" rel='prettyPhoto'><img loading=\"lazy\" decoding=\"async\" class=\"aligncenter size-full wp-image-15966\" src=\"https:\/\/www.caudete.org\/ayuntamiento\/wp-content\/uploads\/2021\/09\/online.jpg\" alt=\"\" width=\"1024\" height=\"575\" srcset=\"https:\/\/www.caudete.org\/ayuntamiento\/wp-content\/uploads\/2021\/09\/online.jpg 1024w, https:\/\/www.caudete.org\/ayuntamiento\/wp-content\/uploads\/2021\/09\/online-300x168.jpg 300w, https:\/\/www.caudete.org\/ayuntamiento\/wp-content\/uploads\/2021\/09\/online-768x431.jpg 768w\" sizes=\"(max-width: 1024px) 100vw, 1024px\" \/><\/a><\/p>\n<p>Puedes tramitar c\u00f3modamente desde casa, bien a trav\u00e9s de un ordenador, de tablet o desde un dispositivo m\u00f3vil, diversos servicios y prestaciones como:<\/p>\n<p>Vacaciones y Termalismo del Imserso<\/p>\n<p><a href=\"http:\/\/www.imserso.es\" target=\"_blank\" rel=\"nofollow\">www.imserso.es<\/a><\/p>\n<p>TARJETA DORADA DE TRANSPORTE CLM<\/p>\n<p><a href=\"https:\/\/www.jccm.es\/tramitesygestiones\/tarjeta-dorada-de-transporte-para-mayores-de-65-a%C3%B1os\" target=\"_blank\" rel=\"nofollow\">https:\/\/www.jccm.es\/tramitesygestiones\/tarjeta-dorada-de-transporte-para-mayores-de-65-a%C3%B1os<\/a><\/p>\n<hr>\n<p style=\"text-align: center;\"><span style=\"color: #808080;\"><strong><em>\u201cEnvejecer es como escalar una gran monta\u00f1a. Mientras se sube, las fuerzas disminuyen, pero la mirada es m\u00e1s libre, la vista m\u00e1s amplia y serena\u201d \u2013 Ingmar Bergman, cineasta<\/em><\/strong><\/span><\/p>\n<p>&nbsp;<\/p>\n<div align=\"center\"><iframe style=\"border: 0;\" src=\"https:\/\/www.google.com\/maps\/embed?pb=!1m14!1m8!1m3!1d3024.897583768286!2d-0.9878263470028102!3d38.705554180173316!3m2!1i1024!2i768!4f13.1!3m3!1m2!1s0x0%3A0xe353197678d79bc3!2sCentro%20De%20Mayores!5e0!3m2!1ses!2ses!4v1627471630460!5m2!1ses!2ses\" width=\"800\" height=\"550\" allowfullscreen=\"allowfullscreen\"><span data-mce-type=\"bookmark\" style=\"display: inline-block; width: 0px; overflow: hidden; line-height: 0;\" class=\"mce_SELRES_start\">\ufeff<\/span><\/iframe><\/div>\n<div align=\"center\">&nbsp;<\/div>\n<div align=\"center\">&nbsp;<\/div>\n","protected":false},"excerpt":{"rendered":"<p>El Centro de Mayores de Caudete es un recurso p\u00fablico de titularidad y gesti\u00f3n municipal, y comparte espacios con la Asociaci\u00f3n de Pensionistas y Jubilados \u201cLa Villa\u201d. Ofrece un amplio programa de actividades encaminado a promover el envejecimiento activo, favorecer el desarrollo personal, la convivencia y la participaci\u00f3n social. Est\u00e1 ubicado en la Calle Atleta &hellip;<\/p>\n","protected":false},"author":1,"featured_media":0,"parent":0,"menu_order":0,"comment_status":"closed","ping_status":"closed","template":"","meta":{"ngg_post_thumbnail":0,"footnotes":""},"categories":[682],"tags":[],"class_list":["post-15566","page","type-page","status-publish","hentry","category-bienestar-social-2"],"yoast_head":"<!-- This site is optimized with the Yoast SEO plugin v27.5 - https:\/\/yoast.com\/product\/yoast-seo-wordpress\/ -->\n<title>Bienestar Social e Igualdad - Centro de Mayores - MI Ayuntamiento de Caudete<\/title>\n<meta name=\"description\" content=\"P\u00e1gina Oficial del Ayuntamiento de Caudete (Albacete)\" \/>\n<meta name=\"robots\" content=\"index, follow, max-snippet:-1, max-image-preview:large, max-video-preview:-1\" \/>\n<link rel=\"canonical\" href=\"https:\/\/www.caudete.org\/ayuntamiento\/bienestar-social-e-igualdad-centro-de-mayores\/\" \/>\n<meta property=\"og:locale\" content=\"es_ES\" \/>\n<meta property=\"og:type\" content=\"article\" \/>\n<meta property=\"og:title\" content=\"Bienestar Social e Igualdad - Centro de Mayores - MI Ayuntamiento de Caudete\" \/>\n<meta property=\"og:description\" content=\"P\u00e1gina Oficial del Ayuntamiento de Caudete (Albacete)\" \/>\n<meta property=\"og:url\" content=\"https:\/\/www.caudete.org\/ayuntamiento\/bienestar-social-e-igualdad-centro-de-mayores\/\" \/>\n<meta property=\"og:site_name\" content=\"MI Ayuntamiento de Caudete\" \/>\n<meta property=\"article:publisher\" content=\"https:\/\/www.facebook.com\/ayuntamientocaudete\/\" \/>\n<meta property=\"article:modified_time\" content=\"2021-09-01T18:08:25+00:00\" \/>\n<meta property=\"og:image\" content=\"https:\/\/www.caudete.org\/ayuntamiento\/wp-content\/uploads\/2021\/07\/centro-mayores.jpg\" \/>\n<meta name=\"twitter:card\" content=\"summary_large_image\" \/>\n<meta name=\"twitter:label1\" content=\"Tiempo de lectura\" \/>\n\t<meta name=\"twitter:data1\" content=\"3 minutos\" \/>\n<script type=\"application\/ld+json\" class=\"yoast-schema-graph\">{\"@context\":\"https:\\\/\\\/schema.org\",\"@graph\":[{\"@type\":\"WebPage\",\"@id\":\"https:\\\/\\\/www.caudete.org\\\/ayuntamiento\\\/bienestar-social-e-igualdad-centro-de-mayores\\\/\",\"url\":\"https:\\\/\\\/www.caudete.org\\\/ayuntamiento\\\/bienestar-social-e-igualdad-centro-de-mayores\\\/\",\"name\":\"Bienestar Social e Igualdad - Centro de Mayores - MI Ayuntamiento de Caudete\",\"isPartOf\":{\"@id\":\"https:\\\/\\\/www.caudete.org\\\/ayuntamiento\\\/#website\"},\"primaryImageOfPage\":{\"@id\":\"https:\\\/\\\/www.caudete.org\\\/ayuntamiento\\\/bienestar-social-e-igualdad-centro-de-mayores\\\/#primaryimage\"},\"image\":{\"@id\":\"https:\\\/\\\/www.caudete.org\\\/ayuntamiento\\\/bienestar-social-e-igualdad-centro-de-mayores\\\/#primaryimage\"},\"thumbnailUrl\":\"https:\\\/\\\/www.caudete.org\\\/ayuntamiento\\\/wp-content\\\/uploads\\\/2021\\\/07\\\/centro-mayores.jpg\",\"datePublished\":\"2021-07-28T11:23:53+00:00\",\"dateModified\":\"2021-09-01T18:08:25+00:00\",\"description\":\"P\u00e1gina Oficial del Ayuntamiento de Caudete (Albacete)\",\"breadcrumb\":{\"@id\":\"https:\\\/\\\/www.caudete.org\\\/ayuntamiento\\\/bienestar-social-e-igualdad-centro-de-mayores\\\/#breadcrumb\"},\"inLanguage\":\"es\",\"potentialAction\":[{\"@type\":\"ReadAction\",\"target\":[\"https:\\\/\\\/www.caudete.org\\\/ayuntamiento\\\/bienestar-social-e-igualdad-centro-de-mayores\\\/\"]}]},{\"@type\":\"ImageObject\",\"inLanguage\":\"es\",\"@id\":\"https:\\\/\\\/www.caudete.org\\\/ayuntamiento\\\/bienestar-social-e-igualdad-centro-de-mayores\\\/#primaryimage\",\"url\":\"https:\\\/\\\/www.caudete.org\\\/ayuntamiento\\\/wp-content\\\/uploads\\\/2021\\\/07\\\/centro-mayores.jpg\",\"contentUrl\":\"https:\\\/\\\/www.caudete.org\\\/ayuntamiento\\\/wp-content\\\/uploads\\\/2021\\\/07\\\/centro-mayores.jpg\",\"width\":800,\"height\":250},{\"@type\":\"BreadcrumbList\",\"@id\":\"https:\\\/\\\/www.caudete.org\\\/ayuntamiento\\\/bienestar-social-e-igualdad-centro-de-mayores\\\/#breadcrumb\",\"itemListElement\":[{\"@type\":\"ListItem\",\"position\":1,\"name\":\"Inicio\",\"item\":\"https:\\\/\\\/www.caudete.org\\\/ayuntamiento\\\/\"},{\"@type\":\"ListItem\",\"position\":2,\"name\":\"Bienestar Social e Igualdad &#8211; Centro de Mayores\"}]},{\"@type\":\"WebSite\",\"@id\":\"https:\\\/\\\/www.caudete.org\\\/ayuntamiento\\\/#website\",\"url\":\"https:\\\/\\\/www.caudete.org\\\/ayuntamiento\\\/\",\"name\":\"MI Ayuntamiento de Caudete\",\"description\":\"P\u00e1gina Oficial del MI Ayuntamiento de Caudete\",\"potentialAction\":[{\"@type\":\"SearchAction\",\"target\":{\"@type\":\"EntryPoint\",\"urlTemplate\":\"https:\\\/\\\/www.caudete.org\\\/ayuntamiento\\\/?s={search_term_string}\"},\"query-input\":{\"@type\":\"PropertyValueSpecification\",\"valueRequired\":true,\"valueName\":\"search_term_string\"}}],\"inLanguage\":\"es\"}]}<\/script>\n<!-- \/ Yoast SEO plugin. -->","yoast_head_json":{"title":"Bienestar Social e Igualdad - Centro de Mayores - MI Ayuntamiento de Caudete","description":"P\u00e1gina Oficial del Ayuntamiento de Caudete (Albacete)","robots":{"index":"index","follow":"follow","max-snippet":"max-snippet:-1","max-image-preview":"max-image-preview:large","max-video-preview":"max-video-preview:-1"},"canonical":"https:\/\/www.caudete.org\/ayuntamiento\/bienestar-social-e-igualdad-centro-de-mayores\/","og_locale":"es_ES","og_type":"article","og_title":"Bienestar Social e Igualdad - Centro de Mayores - MI Ayuntamiento de Caudete","og_description":"P\u00e1gina Oficial del Ayuntamiento de Caudete (Albacete)","og_url":"https:\/\/www.caudete.org\/ayuntamiento\/bienestar-social-e-igualdad-centro-de-mayores\/","og_site_name":"MI Ayuntamiento de Caudete","article_publisher":"https:\/\/www.facebook.com\/ayuntamientocaudete\/","article_modified_time":"2021-09-01T18:08:25+00:00","og_image":[{"url":"https:\/\/www.caudete.org\/ayuntamiento\/wp-content\/uploads\/2021\/07\/centro-mayores.jpg","type":"","width":"","height":""}],"twitter_card":"summary_large_image","twitter_misc":{"Tiempo de lectura":"3 minutos"},"schema":{"@context":"https:\/\/schema.org","@graph":[{"@type":"WebPage","@id":"https:\/\/www.caudete.org\/ayuntamiento\/bienestar-social-e-igualdad-centro-de-mayores\/","url":"https:\/\/www.caudete.org\/ayuntamiento\/bienestar-social-e-igualdad-centro-de-mayores\/","name":"Bienestar Social e Igualdad - Centro de Mayores - MI Ayuntamiento de Caudete","isPartOf":{"@id":"https:\/\/www.caudete.org\/ayuntamiento\/#website"},"primaryImageOfPage":{"@id":"https:\/\/www.caudete.org\/ayuntamiento\/bienestar-social-e-igualdad-centro-de-mayores\/#primaryimage"},"image":{"@id":"https:\/\/www.caudete.org\/ayuntamiento\/bienestar-social-e-igualdad-centro-de-mayores\/#primaryimage"},"thumbnailUrl":"https:\/\/www.caudete.org\/ayuntamiento\/wp-content\/uploads\/2021\/07\/centro-mayores.jpg","datePublished":"2021-07-28T11:23:53+00:00","dateModified":"2021-09-01T18:08:25+00:00","description":"P\u00e1gina Oficial del Ayuntamiento de Caudete (Albacete)","breadcrumb":{"@id":"https:\/\/www.caudete.org\/ayuntamiento\/bienestar-social-e-igualdad-centro-de-mayores\/#breadcrumb"},"inLanguage":"es","potentialAction":[{"@type":"ReadAction","target":["https:\/\/www.caudete.org\/ayuntamiento\/bienestar-social-e-igualdad-centro-de-mayores\/"]}]},{"@type":"ImageObject","inLanguage":"es","@id":"https:\/\/www.caudete.org\/ayuntamiento\/bienestar-social-e-igualdad-centro-de-mayores\/#primaryimage","url":"https:\/\/www.caudete.org\/ayuntamiento\/wp-content\/uploads\/2021\/07\/centro-mayores.jpg","contentUrl":"https:\/\/www.caudete.org\/ayuntamiento\/wp-content\/uploads\/2021\/07\/centro-mayores.jpg","width":800,"height":250},{"@type":"BreadcrumbList","@id":"https:\/\/www.caudete.org\/ayuntamiento\/bienestar-social-e-igualdad-centro-de-mayores\/#breadcrumb","itemListElement":[{"@type":"ListItem","position":1,"name":"Inicio","item":"https:\/\/www.caudete.org\/ayuntamiento\/"},{"@type":"ListItem","position":2,"name":"Bienestar Social e Igualdad &#8211; Centro de Mayores"}]},{"@type":"WebSite","@id":"https:\/\/www.caudete.org\/ayuntamiento\/#website","url":"https:\/\/www.caudete.org\/ayuntamiento\/","name":"MI Ayuntamiento de Caudete","description":"P\u00e1gina Oficial del MI Ayuntamiento de Caudete","potentialAction":[{"@type":"SearchAction","target":{"@type":"EntryPoint","urlTemplate":"https:\/\/www.caudete.org\/ayuntamiento\/?s={search_term_string}"},"query-input":{"@type":"PropertyValueSpecification","valueRequired":true,"valueName":"search_term_string"}}],"inLanguage":"es"}]}},"_links":{"self":[{"href":"https:\/\/www.caudete.org\/ayuntamiento\/wp-json\/wp\/v2\/pages\/15566","targetHints":{"allow":["GET"]}}],"collection":[{"href":"https:\/\/www.caudete.org\/ayuntamiento\/wp-json\/wp\/v2\/pages"}],"about":[{"href":"https:\/\/www.caudete.org\/ayuntamiento\/wp-json\/wp\/v2\/types\/page"}],"author":[{"embeddable":true,"href":"https:\/\/www.caudete.org\/ayuntamiento\/wp-json\/wp\/v2\/users\/1"}],"replies":[{"embeddable":true,"href":"https:\/\/www.caudete.org\/ayuntamiento\/wp-json\/wp\/v2\/comments?post=15566"}],"version-history":[{"count":13,"href":"https:\/\/www.caudete.org\/ayuntamiento\/wp-json\/wp\/v2\/pages\/15566\/revisions"}],"predecessor-version":[{"id":15969,"href":"https:\/\/www.caudete.org\/ayuntamiento\/wp-json\/wp\/v2\/pages\/15566\/revisions\/15969"}],"wp:attachment":[{"href":"https:\/\/www.caudete.org\/ayuntamiento\/wp-json\/wp\/v2\/media?parent=15566"}],"wp:term":[{"taxonomy":"category","embeddable":true,"href":"https:\/\/www.caudete.org\/ayuntamiento\/wp-json\/wp\/v2\/categories?post=15566"},{"taxonomy":"post_tag","embeddable":true,"href":"https:\/\/www.caudete.org\/ayuntamiento\/wp-json\/wp\/v2\/tags?post=15566"}],"curies":[{"name":"wp","href":"https:\/\/api.w.org\/{rel}","templated":true}]}}