{"id":23232,"date":"2023-08-31T12:23:28","date_gmt":"2023-08-31T10:23:28","guid":{"rendered":"https:\/\/www.caudete.org\/ayuntamiento\/?page_id=23232"},"modified":"2023-08-31T15:00:30","modified_gmt":"2023-08-31T13:00:30","slug":"desarrollo-local-erasmus-acreditacion-fp-2022-2023","status":"publish","type":"page","link":"https:\/\/www.caudete.org\/ayuntamiento\/desarrollo-local-erasmus-acreditacion-fp-2022-2023\/","title":{"rendered":"Desarrollo Local &#8211; Erasmus Acreditaci\u00f3n FP 2022-2023"},"content":{"rendered":"<p>En el marco de la Acreditaci\u00f3n Erasmus+ en el sector de Formaci\u00f3n Profesional obtenida en 2020 por el Ayuntamiento de Caudete, para avanzar en la estrategia de internacionalizaci\u00f3n de la FP que se imparte en el municipio a trav\u00e9s del programa Erasmus+, el Ayuntamiento obtuvo por primera vez financiaci\u00f3n en la convocatoria de 2022, un total de 66.711\u20ac que han permitido trabajar en el desarrollo de los objetivos planteados por la entidad local a largo plazo y para cuya consecuci\u00f3n se solicit\u00f3 y obtuvo la acreditaci\u00f3n, que garantiza una financiaci\u00f3n anual hasta, al menos, 2027:<\/p>\n<p>\u2022 Promover la movilidad europea e internacional de estudiantes y reci\u00e9n titulados de FP de los centros de FP del consorcio.<br \/>\n\u2022 Promover la movilidad europea e internacional del personal de los centros FP del consorcio.<br \/>\n\u2022 Facilitar el contacto de los centros con profesionales europeos de los sectores de FP que trabajamos, a trav\u00e9s de movilidades con destino a Espa\u00f1a de profesionales de empresas europeas.<br \/>\n\u2022 Promoci\u00f3n del aprendizaje de idiomas y el multiling\u00fcismo de alumnado y profesorados, para un disfrute pleno de las posibilidades que ofrece la ciudadan\u00eda europea y el Espacio Europeo de Educaci\u00f3n.<br \/>\n\u2022 Favorecer la perspectiva europea en la educaci\u00f3n, participando en iniciativas y programas que contribuyan a acercar el concepto de ciudadan\u00eda europea.<br \/>\n\u2022 Favorecer la transparencia y el reconocimiento de capacidades y cualificaciones a nivel europeo a trav\u00e9s de instrumentos comunes como Europass.<br \/>\n\u2022 Contribuir a la transici\u00f3n verde y digital, fomentando en nuestros centros el uso de la tecnolog\u00eda digital e intentando realizar movilidades respetando en la medida de lo posible el medioambiente.<br \/>\n\u2022 Avanzar hacia sociedades m\u00e1s inclusivas, facilitando la participaci\u00f3n en nuestros proyectos de colectivos vulnerables, y utilizando en la medida de lo posible los recursos disponibles en el programa.<br \/>\n\u2022 Favorecer el desarrollo estrat\u00e9gico de las organizaciones integrantes de nuestro consorcio, tanto en el \u00e1mbito europeo como internacional.<br \/>\n\u2022 Difundir el programa en nuestro territorio y contexto institucional.<\/p>\n<p>En l\u00ednea con estos objetivos, las actividades desarrolladas en el proyecto 2022-1-ES01-KA121-VET-000053804 , entre junio de 2022 y agosto de 2023, han sido un total de 29 movilidades, incluyendo actividades de observaci\u00f3n de pr\u00e1cticas de trabajo por parte de profesorado, movilidades de corta y larga duraci\u00f3n de estudiantes y reci\u00e9n titulados de FP, movilidades de acompa\u00f1amiento y expertos invitados. Adem\u00e1s, los centros del consorcio y empresas locales han sido entidades de acogida de profesorado y alumnado de centros de Formaci\u00f3n Profesional europeos.<\/p>\n<p>En concreto, han sido nueve los alumnos del IES Pintor Rafael Requena de Caudete los que han viajado a Italia para realizar toda o parte de la Formaci\u00f3n en Centros de Trabajo, tanto del Ciclo de Grado Medio en Atenci\u00f3n a Personas en Situaci\u00f3n de Dependencia como del de Gesti\u00f3n Administrativa, y han realizado pr\u00e1cticas en diferentes empresas de su sector de actividad. Los 6 alumnos que han realizado toda la FCT en Italia han contado con financiaci\u00f3n adicional para formaci\u00f3n ling\u00fc\u00edstica en italiano. El alumnado participante ha contado con el acompa\u00f1amiento de 2 profesoras.<\/p>\n<p>Adem\u00e1s 2 profesoras del IES de Caudete ha realizado una actividad de observaci\u00f3n de pr\u00e1cticas de trabajo en Budapest (Hungr\u00eda) acogidas por el<\/p>\n<p>El Centro de Formaci\u00f3n Albertina Garc\u00eda Llorens, por su parte, ha enviado a 13 alumnas y\/o reci\u00e9n tituladas de sus Certificados de Profesionalidad de la familia profesional de Imagen Personal a diferentes empresas de Bolonia, Sicilia y Lecce, en Italia. Las pr\u00e1cticas realizadas por las alumnas participantes les permitir\u00e1n completar la formaci\u00f3n conducente a la obtenci\u00f3n de los certificados de profesionalidad que cursan en el centro.<\/p>\n<p>El programa Erasmus+ Formaci\u00f3n Profesional promueve la movilidad europea para la realizaci\u00f3n de pr\u00e1cticas en empresas del alumnado como v\u00eda de mejora de las competencias interculturales y ling\u00fc\u00edsticas, para acercar la escuela al mercado laboral y, en \u00faltimo t\u00e9rmino, para favorecer una mayor cohesi\u00f3n social en toda la Uni\u00f3n Europea.<\/p>\n<p>Por \u00faltimo destacar que las entidades socias del consorcio han recibido a 3 expertos invitados procedentes de entidades socias europeas. Por un lado, personal de la Cooperativa Social L\u2019Ovile, de Reggio Emilia, Italia, present\u00f3 al alumnado y profesorado del IES Pintor Rafael Requena de Caudete lo que es una cooperativa social en Italia, las modalidades A y B de una cooperativa y lo que cada una de ellas implica en t\u00e9rminos de \u00e1mbitos de actuaci\u00f3n. La comunidad educativa del centro pudo conocer asimismo las actividades que realiza esta entidad y los colectivos vulnerables con los que trabaja, entre los que se incluyen personas con discapacidad, inmigrantes, v\u00edctimas de trata, personas con perfil de delincuencia, adicciones, o personas sin hogar.<br \/>\nFue muy interesante conocer la forma de gesti\u00f3n de la cooperativa y saber que buena parte de sus<br \/>\ntrabajadores son personas con discapacidad certificada. A trav\u00e9s de v\u00eddeos proyectados pudimos contar tambi\u00e9n, por ejemplo, con la opini\u00f3n de presos que trabajan en los talleres de carpinter\u00eda que la cooperativa gestiona dentro de las c\u00e1rceles para favorecer la formaci\u00f3n de este colectivo.<br \/>\nLos expertos invitados nos informaron adem\u00e1s de los proyectos que la cooperativa desarrolla en el \u00e1mbito de la sostenibilidad ambiental, a trav\u00e9s de su marca Ecosapiens.<br \/>\nLa cooperativa social L\u2019Ovile hab\u00eda colaborado con el IES Pintor Rafael Requena en la acogida de alumnado de CFGM Atenci\u00f3n a Personas en Situaci\u00f3n de Dependencia en movilidades de larga duraci\u00f3n ErasmusPro en el curso 2021-2022 y de nuevo en este proyecto 2022- 2023 ha sido entidad de acogida de 3 alumnas del centro. Adem\u00e1s, los expertos invitados italiano participaron en el evento de difusi\u00f3n que tuvo lugar en la Casa de Cultura de Caudete, enmarcado en la campa\u00f1a ErasmusDays 2022, presentando toda esta informaci\u00f3n en las jornadas.<\/p>\n<p>Por otro lado, personal t\u00e9cnico de la entidad irlandesa Castleblayney Community Enterprise fue recbido como experto invitado en el centro Meser Center Formaci\u00f3n, presentando al alumnado de certificados de profesionalidad de la familia profesional agraria el sector agr\u00edcola y ganadero en la comunidad local de Castleblayney, as\u00ed como en el IES Pintor Rafael Requena, presentado las actividades de esta entidad en el \u00e1mbito de promoci\u00f3n del emprendimiento a nivel local a alumnado del Ciclo de Gesti\u00f3n Administrativa.<\/p>\n<p>Las actividades de este proyecto han sido difundidas en el apartado de noticias de la web municipal, en prensa local e internacional, redes sociales y eventos espec\u00edficos como el InfoDay ErasmusDays 2022, o el que tendr\u00e1 lugar el pr\u00f3ximo d\u00eda 10 de octubre de 2023 en el Museo Rafael Requena, de la Casa de Cultura de Caudete .<\/p>\n<p><a href=\"https:\/\/www.erasmusdays.eu\/event\/info-day-erasmus-caudete-acredited-in-school-vet-and-adult-education\/\" target=\"_blank\" rel=\"nofollow\">https:\/\/www.erasmusdays.eu\/event\/info-day-erasmus-caudete-acredited-in-school-vet-and-adult-education\/<\/a><\/p>\n<p>&nbsp;<\/p>\n<blockquote class=\"wp-embedded-content\" data-secret=\"SxuAEtGW9v\"><p><a href=\"https:\/\/www.caudete.org\/ayuntamiento\/erasmus-italia-centro-de-formacion-albertina-garcia-llorens\/\">CaudeteEnEuropa: 13 alumnas de Centro de Formaci\u00f3n Albertina Garc\u00eda LLorens han viajado a Italia<\/a><\/p><\/blockquote>\n<p><iframe class=\"wp-embedded-content\" sandbox=\"allow-scripts\" security=\"restricted\" style=\"position: absolute; clip: rect(1px, 1px, 1px, 1px);\" title=\"\u00abCaudeteEnEuropa: 13 alumnas de Centro de Formaci\u00f3n Albertina Garc\u00eda LLorens han viajado a Italia\u00bb \u2014 Ayuntamiento de Caudete\" src=\"https:\/\/www.caudete.org\/ayuntamiento\/erasmus-italia-centro-de-formacion-albertina-garcia-llorens\/embed\/#?secret=ym1XmSRiJ6#?secret=SxuAEtGW9v\" data-secret=\"SxuAEtGW9v\" width=\"600\" height=\"338\" frameborder=\"0\" marginwidth=\"0\" marginheight=\"0\" scrolling=\"no\"><\/iframe><\/p>\n<blockquote class=\"wp-embedded-content\" data-secret=\"uOrh4N7uBU\"><p><a href=\"https:\/\/www.caudete.org\/ayuntamiento\/erasmus-ies-pintor-rafael-requena-curso-2022-2023\/\">Erasmus IES Pintor Rafael Requena Curso 2022-2023<\/a><\/p><\/blockquote>\n<p><iframe class=\"wp-embedded-content\" sandbox=\"allow-scripts\" security=\"restricted\" style=\"position: absolute; clip: rect(1px, 1px, 1px, 1px);\" title=\"\u00abErasmus IES Pintor Rafael Requena Curso 2022-2023\u00bb \u2014 Ayuntamiento de Caudete\" src=\"https:\/\/www.caudete.org\/ayuntamiento\/erasmus-ies-pintor-rafael-requena-curso-2022-2023\/embed\/#?secret=uA0LC9FHD6#?secret=uOrh4N7uBU\" data-secret=\"uOrh4N7uBU\" width=\"600\" height=\"338\" frameborder=\"0\" marginwidth=\"0\" marginheight=\"0\" scrolling=\"no\"><\/iframe><\/p>\n<p>https:\/\/www.facebook.com\/photo?fbid=648371633968535&#038;set=pcb.648371843968514<\/p>\n<blockquote class=\"wp-embedded-content\" data-secret=\"E2nNt2AJJd\"><p><a href=\"https:\/\/www.caudete.org\/ayuntamiento\/los-programas-erasmus-han-favorecido-las-practicas-de-dos-jovenes-franceses-en-el-comercio-local\/\">Los programas ERASMUS han favorecido las practicas de dos j\u00f3venes franceses en el Comercio Local<\/a><\/p><\/blockquote>\n<p><iframe class=\"wp-embedded-content\" sandbox=\"allow-scripts\" security=\"restricted\" style=\"position: absolute; clip: rect(1px, 1px, 1px, 1px);\" title=\"\u00abLos programas ERASMUS han favorecido las practicas de dos j\u00f3venes franceses en el Comercio Local\u00bb \u2014 Ayuntamiento de Caudete\" src=\"https:\/\/www.caudete.org\/ayuntamiento\/los-programas-erasmus-han-favorecido-las-practicas-de-dos-jovenes-franceses-en-el-comercio-local\/embed\/#?secret=G5NEmxK0lG#?secret=E2nNt2AJJd\" data-secret=\"E2nNt2AJJd\" width=\"600\" height=\"338\" frameborder=\"0\" marginwidth=\"0\" marginheight=\"0\" scrolling=\"no\"><\/iframe><\/p>\n<blockquote class=\"wp-embedded-content\" data-secret=\"e024DhXmmr\"><p><a href=\"https:\/\/www.caudete.org\/ayuntamiento\/info-day-erasmus-en-europa-con-mi-ayuntamiento\/\">INFO DAY ERASMUS: EN EUROPA CON MI AYUNTAMIENTO<\/a><\/p><\/blockquote>\n<p><iframe class=\"wp-embedded-content\" sandbox=\"allow-scripts\" security=\"restricted\" style=\"position: absolute; clip: rect(1px, 1px, 1px, 1px);\" title=\"\u00abINFO DAY ERASMUS: EN EUROPA CON MI AYUNTAMIENTO\u00bb \u2014 Ayuntamiento de Caudete\" src=\"https:\/\/www.caudete.org\/ayuntamiento\/info-day-erasmus-en-europa-con-mi-ayuntamiento\/embed\/#?secret=sdhpyRCMYJ#?secret=e024DhXmmr\" data-secret=\"e024DhXmmr\" width=\"600\" height=\"338\" frameborder=\"0\" marginwidth=\"0\" marginheight=\"0\" scrolling=\"no\"><\/iframe><\/p>\n<blockquote class=\"wp-embedded-content\" data-secret=\"p5sYn5RqbJ\"><p><a href=\"https:\/\/www.caudete.org\/ayuntamiento\/caudete-realizo-el-erasmusday-con-un-exito-de-participacion\/\">Caudete celebra su jornada ErasmusDay 2022 con \u00e9xito de participaci\u00f3n<\/a><\/p><\/blockquote>\n<p><iframe class=\"wp-embedded-content\" sandbox=\"allow-scripts\" security=\"restricted\" style=\"position: absolute; clip: rect(1px, 1px, 1px, 1px);\" title=\"\u00abCaudete celebra su jornada ErasmusDay 2022 con \u00e9xito de participaci\u00f3n\u00bb \u2014 Ayuntamiento de Caudete\" src=\"https:\/\/www.caudete.org\/ayuntamiento\/caudete-realizo-el-erasmusday-con-un-exito-de-participacion\/embed\/#?secret=RZB5kPIMOg#?secret=p5sYn5RqbJ\" data-secret=\"p5sYn5RqbJ\" width=\"600\" height=\"338\" frameborder=\"0\" marginwidth=\"0\" marginheight=\"0\" scrolling=\"no\"><\/iframe><\/p>\n<blockquote class=\"wp-embedded-content\" data-secret=\"RMC4jzFfH1\"><p><a href=\"https:\/\/www.caudete.org\/ayuntamiento\/expertos-invitados-erasmus-formacion-profesional-y-educacion-de-adultos-castleblayney-monaghan-irlanda\/\">CaudeteEnEuropa: expertos invitados Erasmus+ de Castleblayney (Monaghan, Irlanda) visitan nuestro municipio<\/a><\/p><\/blockquote>\n<p><iframe class=\"wp-embedded-content\" sandbox=\"allow-scripts\" security=\"restricted\" style=\"position: absolute; clip: rect(1px, 1px, 1px, 1px);\" title=\"\u00abCaudeteEnEuropa: expertos invitados Erasmus+ de Castleblayney (Monaghan, Irlanda) visitan nuestro municipio\u00bb \u2014 Ayuntamiento de Caudete\" src=\"https:\/\/www.caudete.org\/ayuntamiento\/expertos-invitados-erasmus-formacion-profesional-y-educacion-de-adultos-castleblayney-monaghan-irlanda\/embed\/#?secret=JZNjdhX20h#?secret=RMC4jzFfH1\" data-secret=\"RMC4jzFfH1\" width=\"600\" height=\"338\" frameborder=\"0\" marginwidth=\"0\" marginheight=\"0\" scrolling=\"no\"><\/iframe><\/p>\n<p><a href=\"https:\/\/www.caudete.org\/ayuntamiento\/wp-content\/uploads\/2023\/08\/logo-Erasmus-1.gif\" rel='prettyPhoto'><img fetchpriority=\"high\" decoding=\"async\" class=\"aligncenter size-full wp-image-23241\" src=\"https:\/\/www.caudete.org\/ayuntamiento\/wp-content\/uploads\/2023\/08\/logo-Erasmus-1.gif\" alt=\"\" width=\"650\" height=\"97\"><\/a><\/p>\n<p>El proyecto Erasmus+ Acreditaci\u00f3n Educaci\u00f3n Adultos 2021-2023 del Ayuntamiento de Caudete 2022-1-ES01-KA121-VET-000053804 est\u00e1 cofinanciado por el programa Erasmus+ de la Uni\u00f3n Europea. El contenido de publicaci\u00f3n es responsabilidad exclusiva del Ayuntamiento de Caudete y ni la Comisi\u00f3n Europea, ni el Servicio Espa\u00f1ol para la Internacionalizaci\u00f3n de la Educaci\u00f3n (SEPIE) son responsables del uso que pueda hacerse de la informaci\u00f3n aqu\u00ed difundida.<\/p>\n","protected":false},"excerpt":{"rendered":"<p>En el marco de la Acreditaci\u00f3n Erasmus+ en el sector de Formaci\u00f3n Profesional obtenida en 2020 por el Ayuntamiento de Caudete, para avanzar en la estrategia de internacionalizaci\u00f3n de la FP que se imparte en el municipio a trav\u00e9s del programa Erasmus+, el Ayuntamiento obtuvo por primera vez financiaci\u00f3n en la convocatoria de 2022, un &hellip;<\/p>\n","protected":false},"author":1,"featured_media":0,"parent":0,"menu_order":0,"comment_status":"closed","ping_status":"closed","template":"","meta":{"ngg_post_thumbnail":0,"footnotes":""},"categories":[87,98],"tags":[],"class_list":["post-23232","page","type-page","status-publish","hentry","category-desarrollo-local","category-desarrollo-local-2"],"yoast_head":"<!-- This site is optimized with the Yoast SEO plugin v27.4 - https:\/\/yoast.com\/product\/yoast-seo-wordpress\/ -->\n<title>Desarrollo Local - Erasmus Acreditaci\u00f3n FP 2022-2023 - MI Ayuntamiento de Caudete<\/title>\n<meta name=\"description\" content=\"P\u00e1gina Oficial del Ayuntamiento de Caudete (Albacete)\" \/>\n<meta name=\"robots\" content=\"index, follow, max-snippet:-1, max-image-preview:large, max-video-preview:-1\" \/>\n<link rel=\"canonical\" href=\"https:\/\/www.caudete.org\/ayuntamiento\/desarrollo-local-erasmus-acreditacion-fp-2022-2023\/\" \/>\n<meta property=\"og:locale\" content=\"es_ES\" \/>\n<meta property=\"og:type\" content=\"article\" \/>\n<meta property=\"og:title\" content=\"Desarrollo Local - Erasmus Acreditaci\u00f3n FP 2022-2023 - MI Ayuntamiento de Caudete\" \/>\n<meta property=\"og:description\" content=\"P\u00e1gina Oficial del Ayuntamiento de Caudete (Albacete)\" \/>\n<meta property=\"og:url\" content=\"https:\/\/www.caudete.org\/ayuntamiento\/desarrollo-local-erasmus-acreditacion-fp-2022-2023\/\" \/>\n<meta property=\"og:site_name\" content=\"MI Ayuntamiento de Caudete\" \/>\n<meta property=\"article:publisher\" content=\"https:\/\/www.facebook.com\/ayuntamientocaudete\/\" \/>\n<meta property=\"article:modified_time\" content=\"2023-08-31T13:00:30+00:00\" \/>\n<meta property=\"og:image\" content=\"https:\/\/www.caudete.org\/ayuntamiento\/wp-content\/uploads\/2023\/08\/logo-Erasmus-1.gif\" \/>\n<meta name=\"twitter:card\" content=\"summary_large_image\" \/>\n<meta name=\"twitter:label1\" content=\"Tiempo de lectura\" \/>\n\t<meta name=\"twitter:data1\" content=\"6 minutos\" \/>\n<script type=\"application\/ld+json\" class=\"yoast-schema-graph\">{\"@context\":\"https:\\\/\\\/schema.org\",\"@graph\":[{\"@type\":\"WebPage\",\"@id\":\"https:\\\/\\\/www.caudete.org\\\/ayuntamiento\\\/desarrollo-local-erasmus-acreditacion-fp-2022-2023\\\/\",\"url\":\"https:\\\/\\\/www.caudete.org\\\/ayuntamiento\\\/desarrollo-local-erasmus-acreditacion-fp-2022-2023\\\/\",\"name\":\"Desarrollo Local - Erasmus Acreditaci\u00f3n FP 2022-2023 - MI Ayuntamiento de Caudete\",\"isPartOf\":{\"@id\":\"https:\\\/\\\/www.caudete.org\\\/ayuntamiento\\\/#website\"},\"primaryImageOfPage\":{\"@id\":\"https:\\\/\\\/www.caudete.org\\\/ayuntamiento\\\/desarrollo-local-erasmus-acreditacion-fp-2022-2023\\\/#primaryimage\"},\"image\":{\"@id\":\"https:\\\/\\\/www.caudete.org\\\/ayuntamiento\\\/desarrollo-local-erasmus-acreditacion-fp-2022-2023\\\/#primaryimage\"},\"thumbnailUrl\":\"https:\\\/\\\/www.caudete.org\\\/ayuntamiento\\\/wp-content\\\/uploads\\\/2023\\\/08\\\/logo-Erasmus-1.gif\",\"datePublished\":\"2023-08-31T10:23:28+00:00\",\"dateModified\":\"2023-08-31T13:00:30+00:00\",\"description\":\"P\u00e1gina Oficial del Ayuntamiento de Caudete (Albacete)\",\"breadcrumb\":{\"@id\":\"https:\\\/\\\/www.caudete.org\\\/ayuntamiento\\\/desarrollo-local-erasmus-acreditacion-fp-2022-2023\\\/#breadcrumb\"},\"inLanguage\":\"es\",\"potentialAction\":[{\"@type\":\"ReadAction\",\"target\":[\"https:\\\/\\\/www.caudete.org\\\/ayuntamiento\\\/desarrollo-local-erasmus-acreditacion-fp-2022-2023\\\/\"]}]},{\"@type\":\"ImageObject\",\"inLanguage\":\"es\",\"@id\":\"https:\\\/\\\/www.caudete.org\\\/ayuntamiento\\\/desarrollo-local-erasmus-acreditacion-fp-2022-2023\\\/#primaryimage\",\"url\":\"https:\\\/\\\/www.caudete.org\\\/ayuntamiento\\\/wp-content\\\/uploads\\\/2023\\\/08\\\/logo-Erasmus-1.gif\",\"contentUrl\":\"https:\\\/\\\/www.caudete.org\\\/ayuntamiento\\\/wp-content\\\/uploads\\\/2023\\\/08\\\/logo-Erasmus-1.gif\",\"width\":650,\"height\":97},{\"@type\":\"BreadcrumbList\",\"@id\":\"https:\\\/\\\/www.caudete.org\\\/ayuntamiento\\\/desarrollo-local-erasmus-acreditacion-fp-2022-2023\\\/#breadcrumb\",\"itemListElement\":[{\"@type\":\"ListItem\",\"position\":1,\"name\":\"Inicio\",\"item\":\"https:\\\/\\\/www.caudete.org\\\/ayuntamiento\\\/\"},{\"@type\":\"ListItem\",\"position\":2,\"name\":\"Desarrollo Local &#8211; Erasmus Acreditaci\u00f3n FP 2022-2023\"}]},{\"@type\":\"WebSite\",\"@id\":\"https:\\\/\\\/www.caudete.org\\\/ayuntamiento\\\/#website\",\"url\":\"https:\\\/\\\/www.caudete.org\\\/ayuntamiento\\\/\",\"name\":\"MI Ayuntamiento de Caudete\",\"description\":\"P\u00e1gina Oficial del MI Ayuntamiento de Caudete\",\"publisher\":{\"@id\":\"https:\\\/\\\/www.caudete.org\\\/ayuntamiento\\\/#organization\"},\"potentialAction\":[{\"@type\":\"SearchAction\",\"target\":{\"@type\":\"EntryPoint\",\"urlTemplate\":\"https:\\\/\\\/www.caudete.org\\\/ayuntamiento\\\/?s={search_term_string}\"},\"query-input\":{\"@type\":\"PropertyValueSpecification\",\"valueRequired\":true,\"valueName\":\"search_term_string\"}}],\"inLanguage\":\"es\"},{\"@type\":\"Organization\",\"@id\":\"https:\\\/\\\/www.caudete.org\\\/ayuntamiento\\\/#organization\",\"name\":\"Ayuntamiento de Caudete\",\"url\":\"https:\\\/\\\/www.caudete.org\\\/ayuntamiento\\\/\",\"logo\":{\"@type\":\"ImageObject\",\"inLanguage\":\"es\",\"@id\":\"https:\\\/\\\/www.caudete.org\\\/ayuntamiento\\\/#\\\/schema\\\/logo\\\/image\\\/\",\"url\":\"https:\\\/\\\/www.caudete.org\\\/ayuntamiento\\\/wp-content\\\/uploads\\\/2020\\\/11\\\/logo_ayuntamiento_caudete.jpg\",\"contentUrl\":\"https:\\\/\\\/www.caudete.org\\\/ayuntamiento\\\/wp-content\\\/uploads\\\/2020\\\/11\\\/logo_ayuntamiento_caudete.jpg\",\"width\":600,\"height\":150,\"caption\":\"Ayuntamiento de Caudete\"},\"image\":{\"@id\":\"https:\\\/\\\/www.caudete.org\\\/ayuntamiento\\\/#\\\/schema\\\/logo\\\/image\\\/\"},\"sameAs\":[\"https:\\\/\\\/www.facebook.com\\\/ayuntamientocaudete\\\/\",\"https:\\\/\\\/www.youtube.com\\\/channel\\\/UC6VztHaooNsGpw-tNoBEFnQ\"]}]}<\/script>\n<!-- \/ Yoast SEO plugin. -->","yoast_head_json":{"title":"Desarrollo Local - Erasmus Acreditaci\u00f3n FP 2022-2023 - MI Ayuntamiento de Caudete","description":"P\u00e1gina Oficial del Ayuntamiento de Caudete (Albacete)","robots":{"index":"index","follow":"follow","max-snippet":"max-snippet:-1","max-image-preview":"max-image-preview:large","max-video-preview":"max-video-preview:-1"},"canonical":"https:\/\/www.caudete.org\/ayuntamiento\/desarrollo-local-erasmus-acreditacion-fp-2022-2023\/","og_locale":"es_ES","og_type":"article","og_title":"Desarrollo Local - Erasmus Acreditaci\u00f3n FP 2022-2023 - MI Ayuntamiento de Caudete","og_description":"P\u00e1gina Oficial del Ayuntamiento de Caudete (Albacete)","og_url":"https:\/\/www.caudete.org\/ayuntamiento\/desarrollo-local-erasmus-acreditacion-fp-2022-2023\/","og_site_name":"MI Ayuntamiento de Caudete","article_publisher":"https:\/\/www.facebook.com\/ayuntamientocaudete\/","article_modified_time":"2023-08-31T13:00:30+00:00","og_image":[{"url":"https:\/\/www.caudete.org\/ayuntamiento\/wp-content\/uploads\/2023\/08\/logo-Erasmus-1.gif","type":"","width":"","height":""}],"twitter_card":"summary_large_image","twitter_misc":{"Tiempo de lectura":"6 minutos"},"schema":{"@context":"https:\/\/schema.org","@graph":[{"@type":"WebPage","@id":"https:\/\/www.caudete.org\/ayuntamiento\/desarrollo-local-erasmus-acreditacion-fp-2022-2023\/","url":"https:\/\/www.caudete.org\/ayuntamiento\/desarrollo-local-erasmus-acreditacion-fp-2022-2023\/","name":"Desarrollo Local - Erasmus Acreditaci\u00f3n FP 2022-2023 - MI Ayuntamiento de Caudete","isPartOf":{"@id":"https:\/\/www.caudete.org\/ayuntamiento\/#website"},"primaryImageOfPage":{"@id":"https:\/\/www.caudete.org\/ayuntamiento\/desarrollo-local-erasmus-acreditacion-fp-2022-2023\/#primaryimage"},"image":{"@id":"https:\/\/www.caudete.org\/ayuntamiento\/desarrollo-local-erasmus-acreditacion-fp-2022-2023\/#primaryimage"},"thumbnailUrl":"https:\/\/www.caudete.org\/ayuntamiento\/wp-content\/uploads\/2023\/08\/logo-Erasmus-1.gif","datePublished":"2023-08-31T10:23:28+00:00","dateModified":"2023-08-31T13:00:30+00:00","description":"P\u00e1gina Oficial del Ayuntamiento de Caudete (Albacete)","breadcrumb":{"@id":"https:\/\/www.caudete.org\/ayuntamiento\/desarrollo-local-erasmus-acreditacion-fp-2022-2023\/#breadcrumb"},"inLanguage":"es","potentialAction":[{"@type":"ReadAction","target":["https:\/\/www.caudete.org\/ayuntamiento\/desarrollo-local-erasmus-acreditacion-fp-2022-2023\/"]}]},{"@type":"ImageObject","inLanguage":"es","@id":"https:\/\/www.caudete.org\/ayuntamiento\/desarrollo-local-erasmus-acreditacion-fp-2022-2023\/#primaryimage","url":"https:\/\/www.caudete.org\/ayuntamiento\/wp-content\/uploads\/2023\/08\/logo-Erasmus-1.gif","contentUrl":"https:\/\/www.caudete.org\/ayuntamiento\/wp-content\/uploads\/2023\/08\/logo-Erasmus-1.gif","width":650,"height":97},{"@type":"BreadcrumbList","@id":"https:\/\/www.caudete.org\/ayuntamiento\/desarrollo-local-erasmus-acreditacion-fp-2022-2023\/#breadcrumb","itemListElement":[{"@type":"ListItem","position":1,"name":"Inicio","item":"https:\/\/www.caudete.org\/ayuntamiento\/"},{"@type":"ListItem","position":2,"name":"Desarrollo Local &#8211; Erasmus Acreditaci\u00f3n FP 2022-2023"}]},{"@type":"WebSite","@id":"https:\/\/www.caudete.org\/ayuntamiento\/#website","url":"https:\/\/www.caudete.org\/ayuntamiento\/","name":"MI Ayuntamiento de Caudete","description":"P\u00e1gina Oficial del MI Ayuntamiento de Caudete","publisher":{"@id":"https:\/\/www.caudete.org\/ayuntamiento\/#organization"},"potentialAction":[{"@type":"SearchAction","target":{"@type":"EntryPoint","urlTemplate":"https:\/\/www.caudete.org\/ayuntamiento\/?s={search_term_string}"},"query-input":{"@type":"PropertyValueSpecification","valueRequired":true,"valueName":"search_term_string"}}],"inLanguage":"es"},{"@type":"Organization","@id":"https:\/\/www.caudete.org\/ayuntamiento\/#organization","name":"Ayuntamiento de Caudete","url":"https:\/\/www.caudete.org\/ayuntamiento\/","logo":{"@type":"ImageObject","inLanguage":"es","@id":"https:\/\/www.caudete.org\/ayuntamiento\/#\/schema\/logo\/image\/","url":"https:\/\/www.caudete.org\/ayuntamiento\/wp-content\/uploads\/2020\/11\/logo_ayuntamiento_caudete.jpg","contentUrl":"https:\/\/www.caudete.org\/ayuntamiento\/wp-content\/uploads\/2020\/11\/logo_ayuntamiento_caudete.jpg","width":600,"height":150,"caption":"Ayuntamiento de Caudete"},"image":{"@id":"https:\/\/www.caudete.org\/ayuntamiento\/#\/schema\/logo\/image\/"},"sameAs":["https:\/\/www.facebook.com\/ayuntamientocaudete\/","https:\/\/www.youtube.com\/channel\/UC6VztHaooNsGpw-tNoBEFnQ"]}]}},"_links":{"self":[{"href":"https:\/\/www.caudete.org\/ayuntamiento\/wp-json\/wp\/v2\/pages\/23232","targetHints":{"allow":["GET"]}}],"collection":[{"href":"https:\/\/www.caudete.org\/ayuntamiento\/wp-json\/wp\/v2\/pages"}],"about":[{"href":"https:\/\/www.caudete.org\/ayuntamiento\/wp-json\/wp\/v2\/types\/page"}],"author":[{"embeddable":true,"href":"https:\/\/www.caudete.org\/ayuntamiento\/wp-json\/wp\/v2\/users\/1"}],"replies":[{"embeddable":true,"href":"https:\/\/www.caudete.org\/ayuntamiento\/wp-json\/wp\/v2\/comments?post=23232"}],"version-history":[{"count":5,"href":"https:\/\/www.caudete.org\/ayuntamiento\/wp-json\/wp\/v2\/pages\/23232\/revisions"}],"predecessor-version":[{"id":23242,"href":"https:\/\/www.caudete.org\/ayuntamiento\/wp-json\/wp\/v2\/pages\/23232\/revisions\/23242"}],"wp:attachment":[{"href":"https:\/\/www.caudete.org\/ayuntamiento\/wp-json\/wp\/v2\/media?parent=23232"}],"wp:term":[{"taxonomy":"category","embeddable":true,"href":"https:\/\/www.caudete.org\/ayuntamiento\/wp-json\/wp\/v2\/categories?post=23232"},{"taxonomy":"post_tag","embeddable":true,"href":"https:\/\/www.caudete.org\/ayuntamiento\/wp-json\/wp\/v2\/tags?post=23232"}],"curies":[{"name":"wp","href":"https:\/\/api.w.org\/{rel}","templated":true}]}}