{"id":24910,"date":"2024-04-23T17:18:23","date_gmt":"2024-04-23T15:18:23","guid":{"rendered":"https:\/\/www.caudete.org\/ayuntamiento\/?page_id=24910"},"modified":"2024-07-04T18:42:03","modified_gmt":"2024-07-04T16:42:03","slug":"juventud-sala-joven","status":"publish","type":"page","link":"https:\/\/www.caudete.org\/ayuntamiento\/juventud-sala-joven\/","title":{"rendered":"Juventud &#8211; Sala Joven"},"content":{"rendered":"<p><a href=\"https:\/\/www.caudete.org\/ayuntamiento\/wp-content\/uploads\/2024\/04\/logo-sala-joven.jpg\" rel='prettyPhoto'><img fetchpriority=\"high\" decoding=\"async\" class=\"aligncenter size-full wp-image-24909\" src=\"https:\/\/www.caudete.org\/ayuntamiento\/wp-content\/uploads\/2024\/04\/logo-sala-joven.jpg\" alt=\"\" width=\"1980\" height=\"737\" srcset=\"https:\/\/www.caudete.org\/ayuntamiento\/wp-content\/uploads\/2024\/04\/logo-sala-joven.jpg 1980w, https:\/\/www.caudete.org\/ayuntamiento\/wp-content\/uploads\/2024\/04\/logo-sala-joven-300x112.jpg 300w, https:\/\/www.caudete.org\/ayuntamiento\/wp-content\/uploads\/2024\/04\/logo-sala-joven-1024x381.jpg 1024w, https:\/\/www.caudete.org\/ayuntamiento\/wp-content\/uploads\/2024\/04\/logo-sala-joven-768x286.jpg 768w, https:\/\/www.caudete.org\/ayuntamiento\/wp-content\/uploads\/2024\/04\/logo-sala-joven-1536x572.jpg 1536w\" sizes=\"(max-width: 1980px) 100vw, 1980px\" \/><\/a><\/p>\n<p>&nbsp;<\/p>\n<h2>PRESENTACI\u00d3N<\/h2>\n<p>La Sala Joven se ha dise\u00f1ado como un tercer lugar, un espacio multifuncional y de interacci\u00f3n social, en el que los j\u00f3venes van a tener la prioridad, pero que est\u00e1 abierto a toda la ciudadan\u00eda. \u201cUn tercer lugar es donde te relajas en p\u00fablico, donde te encuentras con caras conocidas y haces nuevas amistades. \u201c Oldenburg, Ray.<br \/>\nEl objetivo es que los j\u00f3venes del municipio tengan su espacio de desarrollo personal, siendo el esp\u00edritu de la Sala Joven fomentar la participaci\u00f3n de \u00e9stos en todos los \u00e1mbitos, desarrollar programas de ocio y tiempo libre dirigidos a ellos, as\u00ed como promocionar la creaci\u00f3n art\u00edstica juvenil y poner a disposici\u00f3n de dicho colectivo servicios de informaci\u00f3n y asesoramiento sobre cuestiones de su inter\u00e9s.<\/p>\n<p>As\u00ed pues, la Sala Joven supone una oferta real y atractiva para los j\u00f3venes y a un amplio grupo de poblaci\u00f3n, al dar respuesta con sus instalaciones a diferentes demandas y servicios.<\/p>\n<h3>Horario<\/h3>\n<p><strong>Horario de invierno (septiembre a junio)<\/strong><\/p>\n<ul style=\"list-style-type: disc;\">\n<li>De Lunes a Jueves, de 09:00 a 14:00 horas y de 17:00 a 20:30 horas<\/li>\n<li>Viernes de 09:00 a 14:00 horas y de 17:00 a 21:00 horas<\/li>\n<li>S\u00e1bados y domingos de 17:00 a 21:00 horas<\/li>\n<\/ul>\n<p><strong>Horario de de verano (junio a septiembre)<\/strong><\/p>\n<ul style=\"list-style-type: disc;\">\n<li>De lunes a viernes, de 19:00 a 14:00 horas<\/li>\n<\/ul>\n<p><strong>Direcci\u00f3n<\/strong><\/p>\n<ul style=\"list-style-type: disc;\">\n<li>Calle Jos\u00e9 Ruiz Ruiz, 6<\/li>\n<\/ul>\n<p>&nbsp;<\/p>\n<p><a href=\"https:\/\/www.caudete.org\/ayuntamiento\/wp-content\/uploads\/2024\/04\/WhatsApp-Image-2023-05-10-at-11.42.56-2.jpeg\" rel='prettyPhoto'><img decoding=\"async\" class=\"aligncenter size-full wp-image-24921\" src=\"https:\/\/www.caudete.org\/ayuntamiento\/wp-content\/uploads\/2024\/04\/WhatsApp-Image-2023-05-10-at-11.42.56-2.jpeg\" alt=\"\" width=\"2000\" height=\"1500\" srcset=\"https:\/\/www.caudete.org\/ayuntamiento\/wp-content\/uploads\/2024\/04\/WhatsApp-Image-2023-05-10-at-11.42.56-2.jpeg 2000w, https:\/\/www.caudete.org\/ayuntamiento\/wp-content\/uploads\/2024\/04\/WhatsApp-Image-2023-05-10-at-11.42.56-2-300x225.jpeg 300w, https:\/\/www.caudete.org\/ayuntamiento\/wp-content\/uploads\/2024\/04\/WhatsApp-Image-2023-05-10-at-11.42.56-2-1024x768.jpeg 1024w, https:\/\/www.caudete.org\/ayuntamiento\/wp-content\/uploads\/2024\/04\/WhatsApp-Image-2023-05-10-at-11.42.56-2-768x576.jpeg 768w, https:\/\/www.caudete.org\/ayuntamiento\/wp-content\/uploads\/2024\/04\/WhatsApp-Image-2023-05-10-at-11.42.56-2-1536x1152.jpeg 1536w\" sizes=\"(max-width: 2000px) 100vw, 2000px\" \/><\/a><\/p>\n<h2><\/h2>\n<p>&nbsp;<\/p>\n<h2>CARN\u00c9 DE LA SALA JOVEN<\/h2>\n<p>El carn\u00e9 de la Sala Joven es gratuito y es imprescindible para:<\/p>\n<ul style=\"list-style-type: disc;\">\n<li>Acceder a los recursos de la Sala Joven :sala de juego, sala de reuniones, sala de uso m\u00faltiples, wifi, ordenadores.<\/li>\n<li>Inscribirte y participar en actividades, ya sean de pago o gratuitas.<\/li>\n<li>Material de pr\u00e9stamos.<\/li>\n<\/ul>\n<p><strong>Destinatarios:<\/strong> J\u00f3venes de entre 10 y 30 a\u00f1os<\/p>\n<p>Documentaci\u00f3n a aportar:<\/p>\n<ul>\n<li>DNI, NIE o Libro de familia (en el caso de menores que no dispongan de DNI\/NIE).<\/li>\n<li>DNI del padre\/madre\/tutor si eres menor de edad.<\/li>\n<li>Formulario de solicitud relleno y firmado en funci\u00f3n de la edad que tengas que puedes descargar aqu\u00ed:\n<ul>\n<li><a href=\"https:\/\/www.caudete.org\/ayuntamiento\/wp-content\/uploads\/2024\/04\/SOLICITUD-ALTA-SALA-JOVEN-Menores.pdf\" class=\"mtli_attachment mtli_pdf\" target=\"_blank\" rel=\"noopener\">Formulario de solicitud carn\u00e9 Sala Joven para menores de 18 a\u00f1os<\/a><\/li>\n<li><a href=\"https:\/\/www.caudete.org\/ayuntamiento\/wp-content\/uploads\/2024\/04\/SOLICITUD-ALTA-SALA-JOVEN.pdf\" class=\"mtli_attachment mtli_pdf\" target=\"_blank\" rel=\"noopener\">Formulario de solicitud carn\u00e9 Sala Joven para mayores de edad<\/a><\/li>\n<\/ul>\n<\/li>\n<li>La tramitaci\u00f3n del carn\u00e9 puedes realizarla en el <strong>Centro de Informaci\u00f3n Juvenil<\/strong>.<\/li>\n<\/ul>\n<p><strong>Reglamento de Uso de la Sala Joven<\/strong><\/p>\n<p><a href=\"https:\/\/www.caudete.org\/ayuntamiento\/wp-content\/uploads\/2024\/04\/REGLAMENTO-DE-USO.pdf\" class=\"mtli_attachment mtli_pdf\" target=\"_blank\" rel=\"noopener\">Descargar<\/a><\/p>\n<p>&nbsp;<\/p>\n<p><a href=\"https:\/\/www.caudete.org\/ayuntamiento\/wp-content\/uploads\/2024\/04\/carne.jpg\" rel='prettyPhoto'><img decoding=\"async\" class=\"aligncenter size-full wp-image-24930\" src=\"https:\/\/www.caudete.org\/ayuntamiento\/wp-content\/uploads\/2024\/04\/carne.jpg\" alt=\"\" width=\"640\" height=\"204\" srcset=\"https:\/\/www.caudete.org\/ayuntamiento\/wp-content\/uploads\/2024\/04\/carne.jpg 640w, https:\/\/www.caudete.org\/ayuntamiento\/wp-content\/uploads\/2024\/04\/carne-300x96.jpg 300w\" sizes=\"(max-width: 640px) 100vw, 640px\" \/><\/a><\/p>\n<p>&nbsp;<\/p>\n<hr \/>\n<h2>ESPACIOS SALA JOVEN<\/h2>\n<p>&nbsp;<\/p>\n<h3>CENTRO DE INFORMACI\u00d3N JUVENIL<\/h3>\n<p>&nbsp;<\/p>\n<p><a href=\"https:\/\/www.caudete.org\/ayuntamiento\/wp-content\/uploads\/2024\/04\/WhatsApp-Image-2023-05-17-at-17.06.33.jpeg\" rel='prettyPhoto'><img loading=\"lazy\" decoding=\"async\" class=\"aligncenter size-full wp-image-24929\" src=\"https:\/\/www.caudete.org\/ayuntamiento\/wp-content\/uploads\/2024\/04\/WhatsApp-Image-2023-05-17-at-17.06.33.jpeg\" alt=\"\" width=\"1589\" height=\"1194\" srcset=\"https:\/\/www.caudete.org\/ayuntamiento\/wp-content\/uploads\/2024\/04\/WhatsApp-Image-2023-05-17-at-17.06.33.jpeg 1589w, https:\/\/www.caudete.org\/ayuntamiento\/wp-content\/uploads\/2024\/04\/WhatsApp-Image-2023-05-17-at-17.06.33-300x225.jpeg 300w, https:\/\/www.caudete.org\/ayuntamiento\/wp-content\/uploads\/2024\/04\/WhatsApp-Image-2023-05-17-at-17.06.33-1024x769.jpeg 1024w, https:\/\/www.caudete.org\/ayuntamiento\/wp-content\/uploads\/2024\/04\/WhatsApp-Image-2023-05-17-at-17.06.33-768x577.jpeg 768w, https:\/\/www.caudete.org\/ayuntamiento\/wp-content\/uploads\/2024\/04\/WhatsApp-Image-2023-05-17-at-17.06.33-1536x1154.jpeg 1536w\" sizes=\"(max-width: 1589px) 100vw, 1589px\" \/><\/a><\/p>\n<hr \/>\n<p>&nbsp;<\/p>\n<p>&nbsp;<\/p>\n<h3>SALA DE JUEGOS<\/h3>\n<p>Esta sala est\u00e1 destinada a j\u00f3venes a partir de 10 a\u00f1os, y cuenta con:<\/p>\n<ul style=\"list-style-type: disc;\">\n<li>Mini Bolera<\/li>\n<li>Futbol\u00edn<\/li>\n<li>Billar<\/li>\n<li>Juegos de mesa<\/li>\n<li>Play 5 y simulador de coche<\/li>\n<li>Arcade<\/li>\n<li>Gafas de realidad virtual<\/li>\n<li>Mesa de Aire<\/li>\n<li>Zona de wending<\/li>\n<\/ul>\n<p>&nbsp;<\/p>\n<p><a href=\"https:\/\/www.caudete.org\/ayuntamiento\/wp-content\/uploads\/2024\/04\/WhatsApp-Image-2023-04-21-at-19.40.53.jpeg\" rel='prettyPhoto'><img loading=\"lazy\" decoding=\"async\" class=\"aligncenter size-full wp-image-24920\" src=\"https:\/\/www.caudete.org\/ayuntamiento\/wp-content\/uploads\/2024\/04\/WhatsApp-Image-2023-04-21-at-19.40.53.jpeg\" alt=\"\" width=\"2048\" height=\"1536\" srcset=\"https:\/\/www.caudete.org\/ayuntamiento\/wp-content\/uploads\/2024\/04\/WhatsApp-Image-2023-04-21-at-19.40.53.jpeg 2048w, https:\/\/www.caudete.org\/ayuntamiento\/wp-content\/uploads\/2024\/04\/WhatsApp-Image-2023-04-21-at-19.40.53-300x225.jpeg 300w, https:\/\/www.caudete.org\/ayuntamiento\/wp-content\/uploads\/2024\/04\/WhatsApp-Image-2023-04-21-at-19.40.53-1024x768.jpeg 1024w, https:\/\/www.caudete.org\/ayuntamiento\/wp-content\/uploads\/2024\/04\/WhatsApp-Image-2023-04-21-at-19.40.53-768x576.jpeg 768w, https:\/\/www.caudete.org\/ayuntamiento\/wp-content\/uploads\/2024\/04\/WhatsApp-Image-2023-04-21-at-19.40.53-1536x1152.jpeg 1536w\" sizes=\"(max-width: 2048px) 100vw, 2048px\" \/><\/a><\/p>\n<hr \/>\n<h3>SALA DE REUNIONES<\/h3>\n<p>Sala para realizar actividades, para hacer trabajos grupales, preparar ex\u00e1menes\u2026 Adem\u00e1s de albergar actividades organizadas por la Concejal\u00eda de Juventud, tambi\u00e9n est\u00e1 a disposici\u00f3n de grupos no asociados y asociaciones que organicen actividades para otros j\u00f3venes.<\/p>\n<p>Equipamiento: TV, proyector, equipo de audio, mesas y sillas.<\/p>\n<p>&nbsp;<\/p>\n<p><a href=\"https:\/\/www.caudete.org\/ayuntamiento\/wp-content\/uploads\/2024\/04\/WhatsApp-Image-2023-05-17-at-12.06.52-1.jpeg\" rel='prettyPhoto'><img loading=\"lazy\" decoding=\"async\" class=\"aligncenter size-full wp-image-24923\" src=\"https:\/\/www.caudete.org\/ayuntamiento\/wp-content\/uploads\/2024\/04\/WhatsApp-Image-2023-05-17-at-12.06.52-1.jpeg\" alt=\"\" width=\"2000\" height=\"1500\" srcset=\"https:\/\/www.caudete.org\/ayuntamiento\/wp-content\/uploads\/2024\/04\/WhatsApp-Image-2023-05-17-at-12.06.52-1.jpeg 2000w, https:\/\/www.caudete.org\/ayuntamiento\/wp-content\/uploads\/2024\/04\/WhatsApp-Image-2023-05-17-at-12.06.52-1-300x225.jpeg 300w, https:\/\/www.caudete.org\/ayuntamiento\/wp-content\/uploads\/2024\/04\/WhatsApp-Image-2023-05-17-at-12.06.52-1-1024x768.jpeg 1024w, https:\/\/www.caudete.org\/ayuntamiento\/wp-content\/uploads\/2024\/04\/WhatsApp-Image-2023-05-17-at-12.06.52-1-768x576.jpeg 768w, https:\/\/www.caudete.org\/ayuntamiento\/wp-content\/uploads\/2024\/04\/WhatsApp-Image-2023-05-17-at-12.06.52-1-1536x1152.jpeg 1536w\" sizes=\"(max-width: 2000px) 100vw, 2000px\" \/><\/a><\/p>\n<hr \/>\n<h3>SALA DE USO M\u00daLTIPLE<\/h3>\n<p>Cuenta con una programaci\u00f3n de actividades.<\/p>\n<p>&nbsp;<\/p>\n<p><a href=\"https:\/\/www.caudete.org\/ayuntamiento\/wp-content\/uploads\/2024\/04\/WhatsApp-Image-2023-05-17-at-16.56.32-1.jpeg\" rel='prettyPhoto'><img loading=\"lazy\" decoding=\"async\" class=\"aligncenter size-full wp-image-24928\" src=\"https:\/\/www.caudete.org\/ayuntamiento\/wp-content\/uploads\/2024\/04\/WhatsApp-Image-2023-05-17-at-16.56.32-1.jpeg\" alt=\"\" width=\"1500\" height=\"2000\" srcset=\"https:\/\/www.caudete.org\/ayuntamiento\/wp-content\/uploads\/2024\/04\/WhatsApp-Image-2023-05-17-at-16.56.32-1.jpeg 1500w, https:\/\/www.caudete.org\/ayuntamiento\/wp-content\/uploads\/2024\/04\/WhatsApp-Image-2023-05-17-at-16.56.32-1-225x300.jpeg 225w, https:\/\/www.caudete.org\/ayuntamiento\/wp-content\/uploads\/2024\/04\/WhatsApp-Image-2023-05-17-at-16.56.32-1-768x1024.jpeg 768w, https:\/\/www.caudete.org\/ayuntamiento\/wp-content\/uploads\/2024\/04\/WhatsApp-Image-2023-05-17-at-16.56.32-1-1152x1536.jpeg 1152w\" sizes=\"(max-width: 1500px) 100vw, 1500px\" \/><\/a><\/p>\n<hr \/>\n<h3>PATIO<\/h3>\n<p>Equipamiento: mesas y sillas, y mesa de tenis de mesa.<\/p>\n<p>&nbsp;<\/p>\n<p><a href=\"https:\/\/www.caudete.org\/ayuntamiento\/wp-content\/uploads\/2024\/04\/WhatsApp-Image-2023-04-21-at-19.40.51.jpeg\" rel='prettyPhoto'><img loading=\"lazy\" decoding=\"async\" class=\"aligncenter size-full wp-image-24917\" src=\"https:\/\/www.caudete.org\/ayuntamiento\/wp-content\/uploads\/2024\/04\/WhatsApp-Image-2023-04-21-at-19.40.51.jpeg\" alt=\"\" width=\"2048\" height=\"1536\" srcset=\"https:\/\/www.caudete.org\/ayuntamiento\/wp-content\/uploads\/2024\/04\/WhatsApp-Image-2023-04-21-at-19.40.51.jpeg 2048w, https:\/\/www.caudete.org\/ayuntamiento\/wp-content\/uploads\/2024\/04\/WhatsApp-Image-2023-04-21-at-19.40.51-300x225.jpeg 300w, https:\/\/www.caudete.org\/ayuntamiento\/wp-content\/uploads\/2024\/04\/WhatsApp-Image-2023-04-21-at-19.40.51-1024x768.jpeg 1024w, https:\/\/www.caudete.org\/ayuntamiento\/wp-content\/uploads\/2024\/04\/WhatsApp-Image-2023-04-21-at-19.40.51-768x576.jpeg 768w, https:\/\/www.caudete.org\/ayuntamiento\/wp-content\/uploads\/2024\/04\/WhatsApp-Image-2023-04-21-at-19.40.51-1536x1152.jpeg 1536w\" sizes=\"(max-width: 2048px) 100vw, 2048px\" \/><\/a><\/p>\n<hr \/>\n<h3>SALA DE ESTUDIOS<\/h3>\n<p>Sala para el estudio individual, con acceso a WIFI y tomas de corriente para equipos inform\u00e1ticos con aforo limitado.<\/p>\n<p>&nbsp;<\/p>\n<p><a href=\"https:\/\/www.caudete.org\/ayuntamiento\/wp-content\/uploads\/2024\/04\/WhatsApp-Image-2023-05-17-at-16.56.31.jpeg\" rel='prettyPhoto'><img loading=\"lazy\" decoding=\"async\" class=\"aligncenter size-full wp-image-24927\" src=\"https:\/\/www.caudete.org\/ayuntamiento\/wp-content\/uploads\/2024\/04\/WhatsApp-Image-2023-05-17-at-16.56.31.jpeg\" alt=\"\" width=\"2000\" height=\"1500\" srcset=\"https:\/\/www.caudete.org\/ayuntamiento\/wp-content\/uploads\/2024\/04\/WhatsApp-Image-2023-05-17-at-16.56.31.jpeg 2000w, https:\/\/www.caudete.org\/ayuntamiento\/wp-content\/uploads\/2024\/04\/WhatsApp-Image-2023-05-17-at-16.56.31-300x225.jpeg 300w, https:\/\/www.caudete.org\/ayuntamiento\/wp-content\/uploads\/2024\/04\/WhatsApp-Image-2023-05-17-at-16.56.31-1024x768.jpeg 1024w, https:\/\/www.caudete.org\/ayuntamiento\/wp-content\/uploads\/2024\/04\/WhatsApp-Image-2023-05-17-at-16.56.31-768x576.jpeg 768w, https:\/\/www.caudete.org\/ayuntamiento\/wp-content\/uploads\/2024\/04\/WhatsApp-Image-2023-05-17-at-16.56.31-1536x1152.jpeg 1536w\" sizes=\"(max-width: 2000px) 100vw, 2000px\" \/><\/a><\/p>\n<p>&nbsp;<\/p>\n<hr \/>\n<p>&nbsp;<\/p>\n<p><strong>Direcci\u00f3n<\/strong><\/p>\n<p>Calle Jos\u00e9 Ruiz Ruiz, 6<\/p>\n<p><strong>M\u00e1s informaci\u00f3n<\/strong><\/p>\n<p>Tel\u00e9fono <strong>965 828 284<\/strong> \/ <strong>666 475 792<\/strong> (Whatsapp) en horario de atenci\u00f3n al p\u00fablico.<\/p>\n","protected":false},"excerpt":{"rendered":"<p>&nbsp; PRESENTACI\u00d3N La Sala Joven se ha dise\u00f1ado como un tercer lugar, un espacio multifuncional y de interacci\u00f3n social, en el que los j\u00f3venes van a tener la prioridad, pero que est\u00e1 abierto a toda la ciudadan\u00eda. \u201cUn tercer lugar es donde te relajas en p\u00fablico, donde te encuentras con caras conocidas y haces nuevas &hellip;<\/p>\n","protected":false},"author":1,"featured_media":0,"parent":0,"menu_order":0,"comment_status":"closed","ping_status":"closed","template":"","meta":{"ngg_post_thumbnail":0,"footnotes":""},"categories":[22],"tags":[],"class_list":["post-24910","page","type-page","status-publish","hentry","category-juventud"],"yoast_head":"<!-- This site is optimized with the Yoast SEO plugin v27.5 - https:\/\/yoast.com\/product\/yoast-seo-wordpress\/ -->\n<title>Juventud - Sala Joven - MI Ayuntamiento de Caudete<\/title>\n<meta name=\"description\" content=\"P\u00e1gina Oficial del Ayuntamiento de Caudete (Albacete)\" \/>\n<meta name=\"robots\" content=\"index, follow, max-snippet:-1, max-image-preview:large, max-video-preview:-1\" \/>\n<link rel=\"canonical\" href=\"https:\/\/www.caudete.org\/ayuntamiento\/juventud-sala-joven\/\" \/>\n<meta property=\"og:locale\" content=\"es_ES\" \/>\n<meta property=\"og:type\" content=\"article\" \/>\n<meta property=\"og:title\" content=\"Juventud - Sala Joven - MI Ayuntamiento de Caudete\" \/>\n<meta property=\"og:description\" content=\"P\u00e1gina Oficial del Ayuntamiento de Caudete (Albacete)\" \/>\n<meta property=\"og:url\" content=\"https:\/\/www.caudete.org\/ayuntamiento\/juventud-sala-joven\/\" \/>\n<meta property=\"og:site_name\" content=\"MI Ayuntamiento de Caudete\" \/>\n<meta property=\"article:publisher\" content=\"https:\/\/www.facebook.com\/ayuntamientocaudete\/\" \/>\n<meta property=\"article:modified_time\" content=\"2024-07-04T16:42:03+00:00\" \/>\n<meta property=\"og:image\" content=\"https:\/\/www.caudete.org\/ayuntamiento\/wp-content\/uploads\/2024\/04\/logo-sala-joven.jpg\" \/>\n<meta name=\"twitter:card\" content=\"summary_large_image\" \/>\n<meta name=\"twitter:label1\" content=\"Tiempo de lectura\" \/>\n\t<meta name=\"twitter:data1\" content=\"5 minutos\" \/>\n<script type=\"application\/ld+json\" class=\"yoast-schema-graph\">{\"@context\":\"https:\\\/\\\/schema.org\",\"@graph\":[{\"@type\":\"WebPage\",\"@id\":\"https:\\\/\\\/www.caudete.org\\\/ayuntamiento\\\/juventud-sala-joven\\\/\",\"url\":\"https:\\\/\\\/www.caudete.org\\\/ayuntamiento\\\/juventud-sala-joven\\\/\",\"name\":\"Juventud - Sala Joven - MI Ayuntamiento de Caudete\",\"isPartOf\":{\"@id\":\"https:\\\/\\\/www.caudete.org\\\/ayuntamiento\\\/#website\"},\"primaryImageOfPage\":{\"@id\":\"https:\\\/\\\/www.caudete.org\\\/ayuntamiento\\\/juventud-sala-joven\\\/#primaryimage\"},\"image\":{\"@id\":\"https:\\\/\\\/www.caudete.org\\\/ayuntamiento\\\/juventud-sala-joven\\\/#primaryimage\"},\"thumbnailUrl\":\"https:\\\/\\\/www.caudete.org\\\/ayuntamiento\\\/wp-content\\\/uploads\\\/2024\\\/04\\\/logo-sala-joven.jpg\",\"datePublished\":\"2024-04-23T15:18:23+00:00\",\"dateModified\":\"2024-07-04T16:42:03+00:00\",\"description\":\"P\u00e1gina Oficial del Ayuntamiento de Caudete (Albacete)\",\"breadcrumb\":{\"@id\":\"https:\\\/\\\/www.caudete.org\\\/ayuntamiento\\\/juventud-sala-joven\\\/#breadcrumb\"},\"inLanguage\":\"es\",\"potentialAction\":[{\"@type\":\"ReadAction\",\"target\":[\"https:\\\/\\\/www.caudete.org\\\/ayuntamiento\\\/juventud-sala-joven\\\/\"]}]},{\"@type\":\"ImageObject\",\"inLanguage\":\"es\",\"@id\":\"https:\\\/\\\/www.caudete.org\\\/ayuntamiento\\\/juventud-sala-joven\\\/#primaryimage\",\"url\":\"https:\\\/\\\/www.caudete.org\\\/ayuntamiento\\\/wp-content\\\/uploads\\\/2024\\\/04\\\/logo-sala-joven.jpg\",\"contentUrl\":\"https:\\\/\\\/www.caudete.org\\\/ayuntamiento\\\/wp-content\\\/uploads\\\/2024\\\/04\\\/logo-sala-joven.jpg\"},{\"@type\":\"BreadcrumbList\",\"@id\":\"https:\\\/\\\/www.caudete.org\\\/ayuntamiento\\\/juventud-sala-joven\\\/#breadcrumb\",\"itemListElement\":[{\"@type\":\"ListItem\",\"position\":1,\"name\":\"Inicio\",\"item\":\"https:\\\/\\\/www.caudete.org\\\/ayuntamiento\\\/\"},{\"@type\":\"ListItem\",\"position\":2,\"name\":\"Juventud &#8211; Sala Joven\"}]},{\"@type\":\"WebSite\",\"@id\":\"https:\\\/\\\/www.caudete.org\\\/ayuntamiento\\\/#website\",\"url\":\"https:\\\/\\\/www.caudete.org\\\/ayuntamiento\\\/\",\"name\":\"MI Ayuntamiento de Caudete\",\"description\":\"P\u00e1gina Oficial del MI Ayuntamiento de Caudete\",\"potentialAction\":[{\"@type\":\"SearchAction\",\"target\":{\"@type\":\"EntryPoint\",\"urlTemplate\":\"https:\\\/\\\/www.caudete.org\\\/ayuntamiento\\\/?s={search_term_string}\"},\"query-input\":{\"@type\":\"PropertyValueSpecification\",\"valueRequired\":true,\"valueName\":\"search_term_string\"}}],\"inLanguage\":\"es\"}]}<\/script>\n<!-- \/ Yoast SEO plugin. -->","yoast_head_json":{"title":"Juventud - Sala Joven - MI Ayuntamiento de Caudete","description":"P\u00e1gina Oficial del Ayuntamiento de Caudete (Albacete)","robots":{"index":"index","follow":"follow","max-snippet":"max-snippet:-1","max-image-preview":"max-image-preview:large","max-video-preview":"max-video-preview:-1"},"canonical":"https:\/\/www.caudete.org\/ayuntamiento\/juventud-sala-joven\/","og_locale":"es_ES","og_type":"article","og_title":"Juventud - Sala Joven - MI Ayuntamiento de Caudete","og_description":"P\u00e1gina Oficial del Ayuntamiento de Caudete (Albacete)","og_url":"https:\/\/www.caudete.org\/ayuntamiento\/juventud-sala-joven\/","og_site_name":"MI Ayuntamiento de Caudete","article_publisher":"https:\/\/www.facebook.com\/ayuntamientocaudete\/","article_modified_time":"2024-07-04T16:42:03+00:00","og_image":[{"url":"https:\/\/www.caudete.org\/ayuntamiento\/wp-content\/uploads\/2024\/04\/logo-sala-joven.jpg","type":"","width":"","height":""}],"twitter_card":"summary_large_image","twitter_misc":{"Tiempo de lectura":"5 minutos"},"schema":{"@context":"https:\/\/schema.org","@graph":[{"@type":"WebPage","@id":"https:\/\/www.caudete.org\/ayuntamiento\/juventud-sala-joven\/","url":"https:\/\/www.caudete.org\/ayuntamiento\/juventud-sala-joven\/","name":"Juventud - Sala Joven - MI Ayuntamiento de Caudete","isPartOf":{"@id":"https:\/\/www.caudete.org\/ayuntamiento\/#website"},"primaryImageOfPage":{"@id":"https:\/\/www.caudete.org\/ayuntamiento\/juventud-sala-joven\/#primaryimage"},"image":{"@id":"https:\/\/www.caudete.org\/ayuntamiento\/juventud-sala-joven\/#primaryimage"},"thumbnailUrl":"https:\/\/www.caudete.org\/ayuntamiento\/wp-content\/uploads\/2024\/04\/logo-sala-joven.jpg","datePublished":"2024-04-23T15:18:23+00:00","dateModified":"2024-07-04T16:42:03+00:00","description":"P\u00e1gina Oficial del Ayuntamiento de Caudete (Albacete)","breadcrumb":{"@id":"https:\/\/www.caudete.org\/ayuntamiento\/juventud-sala-joven\/#breadcrumb"},"inLanguage":"es","potentialAction":[{"@type":"ReadAction","target":["https:\/\/www.caudete.org\/ayuntamiento\/juventud-sala-joven\/"]}]},{"@type":"ImageObject","inLanguage":"es","@id":"https:\/\/www.caudete.org\/ayuntamiento\/juventud-sala-joven\/#primaryimage","url":"https:\/\/www.caudete.org\/ayuntamiento\/wp-content\/uploads\/2024\/04\/logo-sala-joven.jpg","contentUrl":"https:\/\/www.caudete.org\/ayuntamiento\/wp-content\/uploads\/2024\/04\/logo-sala-joven.jpg"},{"@type":"BreadcrumbList","@id":"https:\/\/www.caudete.org\/ayuntamiento\/juventud-sala-joven\/#breadcrumb","itemListElement":[{"@type":"ListItem","position":1,"name":"Inicio","item":"https:\/\/www.caudete.org\/ayuntamiento\/"},{"@type":"ListItem","position":2,"name":"Juventud &#8211; Sala Joven"}]},{"@type":"WebSite","@id":"https:\/\/www.caudete.org\/ayuntamiento\/#website","url":"https:\/\/www.caudete.org\/ayuntamiento\/","name":"MI Ayuntamiento de Caudete","description":"P\u00e1gina Oficial del MI Ayuntamiento de Caudete","potentialAction":[{"@type":"SearchAction","target":{"@type":"EntryPoint","urlTemplate":"https:\/\/www.caudete.org\/ayuntamiento\/?s={search_term_string}"},"query-input":{"@type":"PropertyValueSpecification","valueRequired":true,"valueName":"search_term_string"}}],"inLanguage":"es"}]}},"_links":{"self":[{"href":"https:\/\/www.caudete.org\/ayuntamiento\/wp-json\/wp\/v2\/pages\/24910","targetHints":{"allow":["GET"]}}],"collection":[{"href":"https:\/\/www.caudete.org\/ayuntamiento\/wp-json\/wp\/v2\/pages"}],"about":[{"href":"https:\/\/www.caudete.org\/ayuntamiento\/wp-json\/wp\/v2\/types\/page"}],"author":[{"embeddable":true,"href":"https:\/\/www.caudete.org\/ayuntamiento\/wp-json\/wp\/v2\/users\/1"}],"replies":[{"embeddable":true,"href":"https:\/\/www.caudete.org\/ayuntamiento\/wp-json\/wp\/v2\/comments?post=24910"}],"version-history":[{"count":29,"href":"https:\/\/www.caudete.org\/ayuntamiento\/wp-json\/wp\/v2\/pages\/24910\/revisions"}],"predecessor-version":[{"id":25601,"href":"https:\/\/www.caudete.org\/ayuntamiento\/wp-json\/wp\/v2\/pages\/24910\/revisions\/25601"}],"wp:attachment":[{"href":"https:\/\/www.caudete.org\/ayuntamiento\/wp-json\/wp\/v2\/media?parent=24910"}],"wp:term":[{"taxonomy":"category","embeddable":true,"href":"https:\/\/www.caudete.org\/ayuntamiento\/wp-json\/wp\/v2\/categories?post=24910"},{"taxonomy":"post_tag","embeddable":true,"href":"https:\/\/www.caudete.org\/ayuntamiento\/wp-json\/wp\/v2\/tags?post=24910"}],"curies":[{"name":"wp","href":"https:\/\/api.w.org\/{rel}","templated":true}]}}