{"id":25379,"date":"2024-06-21T18:34:21","date_gmt":"2024-06-21T16:34:21","guid":{"rendered":"https:\/\/www.caudete.org\/ayuntamiento\/?page_id=25379"},"modified":"2024-06-21T18:43:46","modified_gmt":"2024-06-21T16:43:46","slug":"juventud-cesion-de-espacios","status":"publish","type":"page","link":"https:\/\/www.caudete.org\/ayuntamiento\/juventud-cesion-de-espacios\/","title":{"rendered":"Juventud &#8211; Cesi\u00f3n de Espacios"},"content":{"rendered":"<h3><a href=\"https:\/\/www.caudete.org\/ayuntamiento\/wp-content\/uploads\/2024\/06\/cesion-espacios.jpg\" rel='prettyPhoto'><img fetchpriority=\"high\" decoding=\"async\" class=\"aligncenter size-full wp-image-25387\" src=\"https:\/\/www.caudete.org\/ayuntamiento\/wp-content\/uploads\/2024\/06\/cesion-espacios.jpg\" alt=\"\" width=\"1200\" height=\"675\" srcset=\"https:\/\/www.caudete.org\/ayuntamiento\/wp-content\/uploads\/2024\/06\/cesion-espacios.jpg 1200w, https:\/\/www.caudete.org\/ayuntamiento\/wp-content\/uploads\/2024\/06\/cesion-espacios-300x169.jpg 300w, https:\/\/www.caudete.org\/ayuntamiento\/wp-content\/uploads\/2024\/06\/cesion-espacios-1024x576.jpg 1024w, https:\/\/www.caudete.org\/ayuntamiento\/wp-content\/uploads\/2024\/06\/cesion-espacios-768x432.jpg 768w\" sizes=\"(max-width: 1200px) 100vw, 1200px\" \/><\/a><\/h3>\n<p>&nbsp;<\/p>\n<p class=\"Standard\"><strong><span class=\"tm6\">CESI\u00d3N DE ESPACIOS PARA ACTIVIDADES PROPIAS<\/span><\/strong><\/p>\n<p class=\"tm8\"><span class=\"tm9\">La Sala Joven de la Concejal\u00eda de Juventud del Ayuntamiento de Caudete pone a tu disposici\u00f3n con car\u00e1cter gratuito la cesi\u00f3n de salas.<\/span><\/p>\n<p class=\"tm8\"><span class=\"tm9\">Si tienes entre 14 y 30 a\u00f1os y necesitas un espacio para reunirte, preparar una obra de teatro, organizar una exhibici\u00f3n, realizar un taller gratuito, exponer tu creatividad etc, no lo dudes, pres\u00e9ntanos tu solicitud.<\/span><\/p>\n<p class=\"tm8\"><strong><span class=\"tm10\">\u00bfNecesita tu asociaci\u00f3n un espacio para realizar actividades juveniles?<\/span><\/strong><\/p>\n<p class=\"tm8\"><strong><span class=\"tm10\">\u00bfSois un grupo de j\u00f3venes y no sab\u00e9is d\u00f3nde reuniros?<\/span><\/strong><\/p>\n<p class=\"tm8\"><strong><span class=\"tm10\">\u00a1\u00a1\u00a1Te dejamos un espacio pensado para vosotr@s l@s j\u00f3venes!!!<\/span><\/strong><\/p>\n<p class=\"tm8\"><span class=\"tm9\">La Sala Joven es un espacio para desarrollar talleres, cursos, reuniones, jornadas, encuentros, charlas. Acercar la informaci\u00f3n juvenil all\u00ed donde est\u00e9n los j\u00f3venes. Ser sedes de asociaciones y entidades juveniles.<\/span><\/p>\n<p class=\"tm8\"><span class=\"tm9\">Si tienes dudas sobre la cesi\u00f3n de espacios puedes ponerte en contacto con nosotros por cualquiera de los siguientes <\/span><strong><span class=\"tm10\">medios<\/span><\/strong><span class=\"tm9\">:<\/span><\/p>\n<ul>\n<li class=\"tm8\"><span class=\"tm9\">Mandando un email a esta direcci\u00f3n: <\/span><a href=\"mailto:juventud@caudete.org\" target=\"_blank\" rel=\"nofollow\">juventud@caudete.org<\/a><span class=\"tm9\"> o por Whatsapp en el tel\u00e9fono <strong>965 828 284<\/strong>.<\/span><\/li>\n<\/ul>\n<p class=\"tm8\"><span class=\"tm9\"><strong>Pueden solicitar el uso de espacios<\/strong>:<\/span><\/p>\n<p class=\"tm12\"><span class=\"tm13\">\u2022 <\/span><span class=\"tm9\"> Asociaciones Juveniles<\/span><\/p>\n<p class=\"tm12\"><span class=\"tm13\">\u2022 <\/span><span class=\"tm9\"> Otras asociaciones o entidades cuyas actividades vayan dirigidas a j\u00f3venes.<\/span><\/p>\n<p class=\"tm12\"><span class=\"tm13\">\u2022 <\/span><span class=\"tm9\"> Grupos de j\u00f3venes no asociados<\/span><\/p>\n<p class=\"tm8\"><strong><span class=\"tm10\">M\u00e1s informaci\u00f3n: <\/span><\/strong><span class=\"tm9\">La cesi\u00f3n de los espacios para las actividades podr\u00e1 ser puntual (inferior a una semana), temporal (hasta tres meses) o estable (superior a tres meses). Si tienes dudas sobre la cesi\u00f3n de espacios, puedes ponerte en contacto con el Centro de Informaci\u00f3n Juvenil.<\/span><\/p>\n<p class=\"tm8\"><span class=\"tm9\">LAS SOLICITUDES DE ESPACIO SE REALIZAR\u00c1N EXCLUSIVAMENTE A TRAV\u00c9S DE UNA INSTACIA GENERAL online o presencial, deber\u00e1 ir rellenada y registrada en el Ayuntamiento, acompa\u00f1ada de este <a href=\"https:\/\/www.caudete.org\/ayuntamiento\/wp-content\/uploads\/2024\/06\/formulario-cesion-espacios-propios.pdf\" class=\"mtli_attachment mtli_pdf\" target=\"_blank\" rel=\"noopener\"><strong>FORMULARIO<\/strong><\/a><\/span><\/p>\n","protected":false},"excerpt":{"rendered":"<p>&nbsp; CESI\u00d3N DE ESPACIOS PARA ACTIVIDADES PROPIAS La Sala Joven de la Concejal\u00eda de Juventud del Ayuntamiento de Caudete pone a tu disposici\u00f3n con car\u00e1cter gratuito la cesi\u00f3n de salas. Si tienes entre 14 y 30 a\u00f1os y necesitas un espacio para reunirte, preparar una obra de teatro, organizar una exhibici\u00f3n, realizar un taller gratuito, &hellip;<\/p>\n","protected":false},"author":1,"featured_media":0,"parent":0,"menu_order":0,"comment_status":"closed","ping_status":"closed","template":"","meta":{"ngg_post_thumbnail":0,"footnotes":""},"categories":[22],"tags":[],"class_list":["post-25379","page","type-page","status-publish","hentry","category-juventud"],"yoast_head":"<!-- This site is optimized with the Yoast SEO plugin v27.5 - https:\/\/yoast.com\/product\/yoast-seo-wordpress\/ -->\n<title>Juventud - Cesi\u00f3n de Espacios - MI Ayuntamiento de Caudete<\/title>\n<meta name=\"description\" content=\"P\u00e1gina Oficial del Ayuntamiento de Caudete (Albacete)\" \/>\n<meta name=\"robots\" content=\"index, follow, max-snippet:-1, max-image-preview:large, max-video-preview:-1\" \/>\n<link rel=\"canonical\" href=\"https:\/\/www.caudete.org\/ayuntamiento\/juventud-cesion-de-espacios\/\" \/>\n<meta property=\"og:locale\" content=\"es_ES\" \/>\n<meta property=\"og:type\" content=\"article\" \/>\n<meta property=\"og:title\" content=\"Juventud - Cesi\u00f3n de Espacios - MI Ayuntamiento de Caudete\" \/>\n<meta property=\"og:description\" content=\"P\u00e1gina Oficial del Ayuntamiento de Caudete (Albacete)\" \/>\n<meta property=\"og:url\" content=\"https:\/\/www.caudete.org\/ayuntamiento\/juventud-cesion-de-espacios\/\" \/>\n<meta property=\"og:site_name\" content=\"MI Ayuntamiento de Caudete\" \/>\n<meta property=\"article:publisher\" content=\"https:\/\/www.facebook.com\/ayuntamientocaudete\/\" \/>\n<meta property=\"article:modified_time\" content=\"2024-06-21T16:43:46+00:00\" \/>\n<meta property=\"og:image\" content=\"https:\/\/www.caudete.org\/ayuntamiento\/wp-content\/uploads\/2024\/06\/cesion-espacios.jpg\" \/>\n<meta name=\"twitter:card\" content=\"summary_large_image\" \/>\n<meta name=\"twitter:label1\" content=\"Tiempo de lectura\" \/>\n\t<meta name=\"twitter:data1\" content=\"2 minutos\" \/>\n<script type=\"application\/ld+json\" class=\"yoast-schema-graph\">{\"@context\":\"https:\\\/\\\/schema.org\",\"@graph\":[{\"@type\":\"WebPage\",\"@id\":\"https:\\\/\\\/www.caudete.org\\\/ayuntamiento\\\/juventud-cesion-de-espacios\\\/\",\"url\":\"https:\\\/\\\/www.caudete.org\\\/ayuntamiento\\\/juventud-cesion-de-espacios\\\/\",\"name\":\"Juventud - Cesi\u00f3n de Espacios - MI Ayuntamiento de Caudete\",\"isPartOf\":{\"@id\":\"https:\\\/\\\/www.caudete.org\\\/ayuntamiento\\\/#website\"},\"primaryImageOfPage\":{\"@id\":\"https:\\\/\\\/www.caudete.org\\\/ayuntamiento\\\/juventud-cesion-de-espacios\\\/#primaryimage\"},\"image\":{\"@id\":\"https:\\\/\\\/www.caudete.org\\\/ayuntamiento\\\/juventud-cesion-de-espacios\\\/#primaryimage\"},\"thumbnailUrl\":\"https:\\\/\\\/www.caudete.org\\\/ayuntamiento\\\/wp-content\\\/uploads\\\/2024\\\/06\\\/cesion-espacios.jpg\",\"datePublished\":\"2024-06-21T16:34:21+00:00\",\"dateModified\":\"2024-06-21T16:43:46+00:00\",\"description\":\"P\u00e1gina Oficial del Ayuntamiento de Caudete (Albacete)\",\"breadcrumb\":{\"@id\":\"https:\\\/\\\/www.caudete.org\\\/ayuntamiento\\\/juventud-cesion-de-espacios\\\/#breadcrumb\"},\"inLanguage\":\"es\",\"potentialAction\":[{\"@type\":\"ReadAction\",\"target\":[\"https:\\\/\\\/www.caudete.org\\\/ayuntamiento\\\/juventud-cesion-de-espacios\\\/\"]}]},{\"@type\":\"ImageObject\",\"inLanguage\":\"es\",\"@id\":\"https:\\\/\\\/www.caudete.org\\\/ayuntamiento\\\/juventud-cesion-de-espacios\\\/#primaryimage\",\"url\":\"https:\\\/\\\/www.caudete.org\\\/ayuntamiento\\\/wp-content\\\/uploads\\\/2024\\\/06\\\/cesion-espacios.jpg\",\"contentUrl\":\"https:\\\/\\\/www.caudete.org\\\/ayuntamiento\\\/wp-content\\\/uploads\\\/2024\\\/06\\\/cesion-espacios.jpg\",\"width\":1200,\"height\":675},{\"@type\":\"BreadcrumbList\",\"@id\":\"https:\\\/\\\/www.caudete.org\\\/ayuntamiento\\\/juventud-cesion-de-espacios\\\/#breadcrumb\",\"itemListElement\":[{\"@type\":\"ListItem\",\"position\":1,\"name\":\"Inicio\",\"item\":\"https:\\\/\\\/www.caudete.org\\\/ayuntamiento\\\/\"},{\"@type\":\"ListItem\",\"position\":2,\"name\":\"Juventud &#8211; Cesi\u00f3n de Espacios\"}]},{\"@type\":\"WebSite\",\"@id\":\"https:\\\/\\\/www.caudete.org\\\/ayuntamiento\\\/#website\",\"url\":\"https:\\\/\\\/www.caudete.org\\\/ayuntamiento\\\/\",\"name\":\"MI Ayuntamiento de Caudete\",\"description\":\"P\u00e1gina Oficial del MI Ayuntamiento de Caudete\",\"potentialAction\":[{\"@type\":\"SearchAction\",\"target\":{\"@type\":\"EntryPoint\",\"urlTemplate\":\"https:\\\/\\\/www.caudete.org\\\/ayuntamiento\\\/?s={search_term_string}\"},\"query-input\":{\"@type\":\"PropertyValueSpecification\",\"valueRequired\":true,\"valueName\":\"search_term_string\"}}],\"inLanguage\":\"es\"}]}<\/script>\n<!-- \/ Yoast SEO plugin. -->","yoast_head_json":{"title":"Juventud - Cesi\u00f3n de Espacios - MI Ayuntamiento de Caudete","description":"P\u00e1gina Oficial del Ayuntamiento de Caudete (Albacete)","robots":{"index":"index","follow":"follow","max-snippet":"max-snippet:-1","max-image-preview":"max-image-preview:large","max-video-preview":"max-video-preview:-1"},"canonical":"https:\/\/www.caudete.org\/ayuntamiento\/juventud-cesion-de-espacios\/","og_locale":"es_ES","og_type":"article","og_title":"Juventud - Cesi\u00f3n de Espacios - MI Ayuntamiento de Caudete","og_description":"P\u00e1gina Oficial del Ayuntamiento de Caudete (Albacete)","og_url":"https:\/\/www.caudete.org\/ayuntamiento\/juventud-cesion-de-espacios\/","og_site_name":"MI Ayuntamiento de Caudete","article_publisher":"https:\/\/www.facebook.com\/ayuntamientocaudete\/","article_modified_time":"2024-06-21T16:43:46+00:00","og_image":[{"url":"https:\/\/www.caudete.org\/ayuntamiento\/wp-content\/uploads\/2024\/06\/cesion-espacios.jpg","type":"","width":"","height":""}],"twitter_card":"summary_large_image","twitter_misc":{"Tiempo de lectura":"2 minutos"},"schema":{"@context":"https:\/\/schema.org","@graph":[{"@type":"WebPage","@id":"https:\/\/www.caudete.org\/ayuntamiento\/juventud-cesion-de-espacios\/","url":"https:\/\/www.caudete.org\/ayuntamiento\/juventud-cesion-de-espacios\/","name":"Juventud - Cesi\u00f3n de Espacios - MI Ayuntamiento de Caudete","isPartOf":{"@id":"https:\/\/www.caudete.org\/ayuntamiento\/#website"},"primaryImageOfPage":{"@id":"https:\/\/www.caudete.org\/ayuntamiento\/juventud-cesion-de-espacios\/#primaryimage"},"image":{"@id":"https:\/\/www.caudete.org\/ayuntamiento\/juventud-cesion-de-espacios\/#primaryimage"},"thumbnailUrl":"https:\/\/www.caudete.org\/ayuntamiento\/wp-content\/uploads\/2024\/06\/cesion-espacios.jpg","datePublished":"2024-06-21T16:34:21+00:00","dateModified":"2024-06-21T16:43:46+00:00","description":"P\u00e1gina Oficial del Ayuntamiento de Caudete (Albacete)","breadcrumb":{"@id":"https:\/\/www.caudete.org\/ayuntamiento\/juventud-cesion-de-espacios\/#breadcrumb"},"inLanguage":"es","potentialAction":[{"@type":"ReadAction","target":["https:\/\/www.caudete.org\/ayuntamiento\/juventud-cesion-de-espacios\/"]}]},{"@type":"ImageObject","inLanguage":"es","@id":"https:\/\/www.caudete.org\/ayuntamiento\/juventud-cesion-de-espacios\/#primaryimage","url":"https:\/\/www.caudete.org\/ayuntamiento\/wp-content\/uploads\/2024\/06\/cesion-espacios.jpg","contentUrl":"https:\/\/www.caudete.org\/ayuntamiento\/wp-content\/uploads\/2024\/06\/cesion-espacios.jpg","width":1200,"height":675},{"@type":"BreadcrumbList","@id":"https:\/\/www.caudete.org\/ayuntamiento\/juventud-cesion-de-espacios\/#breadcrumb","itemListElement":[{"@type":"ListItem","position":1,"name":"Inicio","item":"https:\/\/www.caudete.org\/ayuntamiento\/"},{"@type":"ListItem","position":2,"name":"Juventud &#8211; Cesi\u00f3n de Espacios"}]},{"@type":"WebSite","@id":"https:\/\/www.caudete.org\/ayuntamiento\/#website","url":"https:\/\/www.caudete.org\/ayuntamiento\/","name":"MI Ayuntamiento de Caudete","description":"P\u00e1gina Oficial del MI Ayuntamiento de Caudete","potentialAction":[{"@type":"SearchAction","target":{"@type":"EntryPoint","urlTemplate":"https:\/\/www.caudete.org\/ayuntamiento\/?s={search_term_string}"},"query-input":{"@type":"PropertyValueSpecification","valueRequired":true,"valueName":"search_term_string"}}],"inLanguage":"es"}]}},"_links":{"self":[{"href":"https:\/\/www.caudete.org\/ayuntamiento\/wp-json\/wp\/v2\/pages\/25379","targetHints":{"allow":["GET"]}}],"collection":[{"href":"https:\/\/www.caudete.org\/ayuntamiento\/wp-json\/wp\/v2\/pages"}],"about":[{"href":"https:\/\/www.caudete.org\/ayuntamiento\/wp-json\/wp\/v2\/types\/page"}],"author":[{"embeddable":true,"href":"https:\/\/www.caudete.org\/ayuntamiento\/wp-json\/wp\/v2\/users\/1"}],"replies":[{"embeddable":true,"href":"https:\/\/www.caudete.org\/ayuntamiento\/wp-json\/wp\/v2\/comments?post=25379"}],"version-history":[{"count":2,"href":"https:\/\/www.caudete.org\/ayuntamiento\/wp-json\/wp\/v2\/pages\/25379\/revisions"}],"predecessor-version":[{"id":25388,"href":"https:\/\/www.caudete.org\/ayuntamiento\/wp-json\/wp\/v2\/pages\/25379\/revisions\/25388"}],"wp:attachment":[{"href":"https:\/\/www.caudete.org\/ayuntamiento\/wp-json\/wp\/v2\/media?parent=25379"}],"wp:term":[{"taxonomy":"category","embeddable":true,"href":"https:\/\/www.caudete.org\/ayuntamiento\/wp-json\/wp\/v2\/categories?post=25379"},{"taxonomy":"post_tag","embeddable":true,"href":"https:\/\/www.caudete.org\/ayuntamiento\/wp-json\/wp\/v2\/tags?post=25379"}],"curies":[{"name":"wp","href":"https:\/\/api.w.org\/{rel}","templated":true}]}}