{"id":25461,"date":"2024-06-21T20:33:53","date_gmt":"2024-06-21T18:33:53","guid":{"rendered":"https:\/\/www.caudete.org\/ayuntamiento\/?page_id=25461"},"modified":"2024-06-28T18:50:09","modified_gmt":"2024-06-28T16:50:09","slug":"sanidad-adicciones","status":"publish","type":"page","link":"https:\/\/www.caudete.org\/ayuntamiento\/sanidad-adicciones\/","title":{"rendered":"Sanidad &#8211; Adicciones"},"content":{"rendered":"<div><a href=\"https:\/\/www.caudete.org\/ayuntamiento\/wp-content\/uploads\/2024\/06\/ESCUELA-DE-FAMILIAS-2.jpg\" rel='prettyPhoto'><img fetchpriority=\"high\" decoding=\"async\" class=\"aligncenter size-full wp-image-25433\" src=\"https:\/\/www.caudete.org\/ayuntamiento\/wp-content\/uploads\/2024\/06\/ESCUELA-DE-FAMILIAS-2.jpg\" alt=\"\" width=\"1200\" height=\"676\" srcset=\"https:\/\/www.caudete.org\/ayuntamiento\/wp-content\/uploads\/2024\/06\/ESCUELA-DE-FAMILIAS-2.jpg 1200w, https:\/\/www.caudete.org\/ayuntamiento\/wp-content\/uploads\/2024\/06\/ESCUELA-DE-FAMILIAS-2-300x169.jpg 300w, https:\/\/www.caudete.org\/ayuntamiento\/wp-content\/uploads\/2024\/06\/ESCUELA-DE-FAMILIAS-2-1024x577.jpg 1024w, https:\/\/www.caudete.org\/ayuntamiento\/wp-content\/uploads\/2024\/06\/ESCUELA-DE-FAMILIAS-2-768x433.jpg 768w\" sizes=\"(max-width: 1200px) 100vw, 1200px\" \/><\/a><\/div>\n<p>&nbsp;<\/p>\n<div>La Ley 15\/2002 de 11 de julio de 2002 sobre Drogodependencias y otros Trastornos Adictivos de Castilla La Mancha, define el t\u00e9rmino Droga como aquellas sustancias que suministradas al organismo son capaces de generar dependencia y pueden provocar cambios en el comportamiento y efectos nocivos para la salud y el bienestar de las personas. La drogodependencia es una enfermedad que afecta a nuestra salud f\u00edsica, a nuestro estado psicol\u00f3gico y personalidad, as\u00ed como a las relaciones con nuestro entorno social. Hay tambi\u00e9n adicciones sin sustancia, que tambi\u00e9n generan graves afecciones a nuestra salud, nuestra convivencia y nuestra econom\u00eda, como son las ludopat\u00edas y otras adicciones tecnol\u00f3gicas.<\/div>\n<div><\/div>\n<h2>PLAN LOCAL DE DROGODEPENDENCIAS<\/h2>\n<div><\/div>\n<div>El Ayuntamiento de Caudete dispone del IV Plan Municipal de Drogodependencias y otras Conductas Adictivas 2021- 2024, aprobado el 7 de octubre de 2021. Dicho plan pretende responder de modo integral a esta problem\u00e1tica adictiva: reducir la oferta, ofrecer tratamientos y desarrollar programas preventivos. El plan se estructura en varias \u00e1reas: escolar, familiar, intervenci\u00f3n comunitaria y asistencia.<\/div>\n<div><\/div>\n<h2>REDUCCI\u00d3N DE LA OFERTA<\/h2>\n<div>Las fuerzas de seguridad del municipio, junto a la Subdelegaci\u00f3n del Gobierno, llevan a cabo acciones para el control y persecuci\u00f3n del tr\u00e1fico de sustancias ilegales. Desde diferentes departamentos municipales, y apoy\u00e1ndose en diferentes ordenanzas, el Ayuntamiento tambi\u00e9n desarrolla acciones para el control de la venta de alcohol, regulaci\u00f3n horaria de establecimientos de ocio, regulaci\u00f3n de guaridas etc. Puedes ejercer colaboraci\u00f3n ciudadana llamando a:<\/div>\n<div><\/div>\n<ul>\n<li>Polic\u00eda Municipal: <strong>96 582 70 73<\/strong><\/li>\n<li>Guardia Civil: <strong>96 582 70 04<\/strong><\/li>\n<\/ul>\n<h2>TRATAMIENTO DE LAS ADICCIONES<\/h2>\n<h4>CENTRO DE SALUD<\/h4>\n<div>Atenci\u00f3n primaria realiza labores de abordaje ante situaciones de consumo agudas o de abuso. Tambi\u00e9n realizan derivaciones a la Unidad de Conductas Adictivas (UCA) para personas con adicciones.<\/div>\n<div><\/div>\n<div>Tel\u00e9fono <strong>965 825 145<\/strong><\/div>\n<h4>UCA ALMANSA<\/h4>\n<div>Es una unidad especializada ubicada en el Hospital de Almansa. Realiza un abordaje integral de las adicciones con un equipo multidisciplinar: M\u00e9dica Psiquiatra, Psic\u00f3loga, Trabajadora Social, Enfermera, etc. Realiza tanto tratamientos ambula-torios como derivaciones a comunidades terap\u00e9uticas.<\/div>\n<div><\/div>\n<div>Tel\u00e9fono <strong>967 339 500<\/strong><\/div>\n<h4>CENTRO MUNICIPAL DE SERVICIOS SOCIALES<\/h4>\n<div>Realiza una labor informativa sobre los recursos de la comunidad, orientaci\u00f3n y asesoramiento a personas con adicciones y\/o sus familiares. Realiza seguimiento de algunos casos junto a la UCA. Colaboran con personas adictas en proceso de deshabituaci\u00f3n que tiene alguna medida judicial (TBC, etc.).<\/div>\n<div><\/div>\n<div>Tel\u00e9fono <strong>965 827 933<\/strong><\/div>\n<div><\/div>\n<h4>ASOCIACIONES SOCIOSANITARIAS<\/h4>\n<div>Existen <strong>entidades del tercer sector<\/strong> que, en colaboraci\u00f3n con instituciones p\u00fablicas, prestan apoyo en este \u00e1mbito:<\/div>\n<div><\/div>\n<ul>\n<li>ARCA: tratamiento del alcoholismo<\/li>\n<li>ACAFEM-CRPSL: abordaje de la patolog\u00eda dual (adicci\u00f3n y salud mental)<\/li>\n<li>ACALUCA: desarrolla programas sobre tabaquismo, prevenci\u00f3n, etc.<\/li>\n<li>CRUZ ROJA: desarrolla programas de orientaci\u00f3n y prevenci\u00f3n<\/li>\n<\/ul>\n<p>&nbsp;<\/p>\n<p><a href=\"https:\/\/www.caudete.org\/ayuntamiento\/wp-content\/uploads\/2024\/06\/ESCUELA-DE-FAMILIAS-3.jpg\" rel='prettyPhoto'><img decoding=\"async\" class=\"aligncenter size-full wp-image-25434\" src=\"https:\/\/www.caudete.org\/ayuntamiento\/wp-content\/uploads\/2024\/06\/ESCUELA-DE-FAMILIAS-3.jpg\" alt=\"\" width=\"1200\" height=\"676\" srcset=\"https:\/\/www.caudete.org\/ayuntamiento\/wp-content\/uploads\/2024\/06\/ESCUELA-DE-FAMILIAS-3.jpg 1200w, https:\/\/www.caudete.org\/ayuntamiento\/wp-content\/uploads\/2024\/06\/ESCUELA-DE-FAMILIAS-3-300x169.jpg 300w, https:\/\/www.caudete.org\/ayuntamiento\/wp-content\/uploads\/2024\/06\/ESCUELA-DE-FAMILIAS-3-1024x577.jpg 1024w, https:\/\/www.caudete.org\/ayuntamiento\/wp-content\/uploads\/2024\/06\/ESCUELA-DE-FAMILIAS-3-768x433.jpg 768w\" sizes=\"(max-width: 1200px) 100vw, 1200px\" \/><\/a><\/p>\n<h2><\/h2>\n<h2>PREVENCI\u00d3N<\/h2>\n<div>Existen innumerables acciones impulsadas desde el Ayuntamiento, con una finalidad de evitar el con-sumo abusivo o la adicci\u00f3n. Anticiparnos al problema adictivo, mediante la implementaci\u00f3n de acciones informativas, formativas, l\u00fadico-recreativas, etc. Acciones con entornos escolares, familias, vecindario y comunidad en general.\u00a0 Algunas de ellas:<\/div>\n<p>&nbsp;<\/p>\n<ul>\n<li><strong>ESCUELA DE FAMILIAS<\/strong>: un espacio de reflexi\u00f3n y aprendizaje educativo, para mejorar en habilidades parentales, resoluci\u00f3n de conflictos, estilos disciplinarios, psicolog\u00eda evolutiva y trabajo de tem\u00e1ticas de inter\u00e9s: nuevas tecnolog\u00edas, adicciones, educaci\u00f3n emocional etc. Espacio promovido por la Comisi\u00f3n Intercentros, AMPAS y las concejal\u00edas de Sanidad, Bienestar Social y Educaci\u00f3n.<\/li>\n<li><strong>CAMPA\u00d1AS PUBLICITARIAS<\/strong>: con el objetivo de sensibilizar a la poblaci\u00f3n sobre los riesgos del abuso del consumo de alcohol y drogas en determinados periodos festivos (Moros y Cristianos, Navidad, etc.), el Ayuntamiento lanza campa\u00f1as diversas para promover el control del consumo y la mejora de la convivencia. Con presencia en medios de comunicaci\u00f3n,\u00a0 redes sociales y asociaciones de la localidad.<\/li>\n<li><strong>PROGRAMA &#8220;CRECER&#8221;<\/strong>: es un programa promovido por las concejal\u00edas de bienestar social y sanidad y subvencionado por la Consejer\u00eda de Sanidad. Pretende fomentar h\u00e1bitos saludables, un ocio sano, formaci\u00f3n prelaboral y pautas de mejora en el funcionamiento emocional de j\u00f3venes de nuestra poblaci\u00f3n.<\/li>\n<li><strong>ACTIVIDADES PREVENTIVAS EN CENTROS EDUCATIVOS<\/strong>: con la colaboraci\u00f3n de la comunidad educativa, AMPAS y Servicios Sociales, se desarrollan actividades diversas en los centros educativos, preferentemente en el \u00e1mbito de la secundaria, con diversas acciones informativas y pedag\u00f3gicas para los j\u00f3venes: charlas, seminarios y talle-res. Colaboramos con diferentes entidades especialistas en el tema: Atenea, FAD, Nueva Vida, Acafem, Centro Penitenciario Alicante II, etc.<\/li>\n<li><strong>TALLER DE PERCUSI\u00d3N<\/strong>: es un taller de ocio saludable para menores y j\u00f3venes, mediante la adquisici\u00f3n de destrezas musicales para la percusi\u00f3n. Dicho aprendizaje se visibiliza en diversos eventos sociales: 8 de marzo, Carrera de San Silvestre etc.<\/li>\n<\/ul>\n<p>&nbsp;<\/p>\n<p><a href=\"https:\/\/www.caudete.org\/ayuntamiento\/wp-content\/uploads\/2024\/06\/TALLER-DE-PERCUSION-1.jpg\" rel='prettyPhoto'><img decoding=\"async\" class=\"aligncenter size-full wp-image-25453\" src=\"https:\/\/www.caudete.org\/ayuntamiento\/wp-content\/uploads\/2024\/06\/TALLER-DE-PERCUSION-1.jpg\" alt=\"\" width=\"1200\" height=\"900\" srcset=\"https:\/\/www.caudete.org\/ayuntamiento\/wp-content\/uploads\/2024\/06\/TALLER-DE-PERCUSION-1.jpg 1200w, https:\/\/www.caudete.org\/ayuntamiento\/wp-content\/uploads\/2024\/06\/TALLER-DE-PERCUSION-1-300x225.jpg 300w, https:\/\/www.caudete.org\/ayuntamiento\/wp-content\/uploads\/2024\/06\/TALLER-DE-PERCUSION-1-1024x768.jpg 1024w, https:\/\/www.caudete.org\/ayuntamiento\/wp-content\/uploads\/2024\/06\/TALLER-DE-PERCUSION-1-768x576.jpg 768w\" sizes=\"(max-width: 1200px) 100vw, 1200px\" \/><\/a><\/p>\n<p><a href=\"https:\/\/www.caudete.org\/ayuntamiento\/wp-content\/uploads\/2024\/06\/PREVENCION-DROGAS-COMUNITARIA-1.jpg\" rel='prettyPhoto'><img loading=\"lazy\" decoding=\"async\" class=\"aligncenter size-full wp-image-25441\" src=\"https:\/\/www.caudete.org\/ayuntamiento\/wp-content\/uploads\/2024\/06\/PREVENCION-DROGAS-COMUNITARIA-1.jpg\" alt=\"\" width=\"1200\" height=\"676\" srcset=\"https:\/\/www.caudete.org\/ayuntamiento\/wp-content\/uploads\/2024\/06\/PREVENCION-DROGAS-COMUNITARIA-1.jpg 1200w, https:\/\/www.caudete.org\/ayuntamiento\/wp-content\/uploads\/2024\/06\/PREVENCION-DROGAS-COMUNITARIA-1-300x169.jpg 300w, https:\/\/www.caudete.org\/ayuntamiento\/wp-content\/uploads\/2024\/06\/PREVENCION-DROGAS-COMUNITARIA-1-1024x577.jpg 1024w, https:\/\/www.caudete.org\/ayuntamiento\/wp-content\/uploads\/2024\/06\/PREVENCION-DROGAS-COMUNITARIA-1-768x433.jpg 768w\" sizes=\"(max-width: 1200px) 100vw, 1200px\" \/><\/a><\/p>\n","protected":false},"excerpt":{"rendered":"<p>&nbsp; La Ley 15\/2002 de 11 de julio de 2002 sobre Drogodependencias y otros Trastornos Adictivos de Castilla La Mancha, define el t\u00e9rmino Droga como aquellas sustancias que suministradas al organismo son capaces de generar dependencia y pueden provocar cambios en el comportamiento y efectos nocivos para la salud y el bienestar de las personas. &hellip;<\/p>\n","protected":false},"author":1,"featured_media":0,"parent":0,"menu_order":0,"comment_status":"closed","ping_status":"closed","template":"","meta":{"ngg_post_thumbnail":0,"footnotes":""},"categories":[868],"tags":[],"class_list":["post-25461","page","type-page","status-publish","hentry","category-sanidad-2"],"yoast_head":"<!-- This site is optimized with the Yoast SEO plugin v27.5 - https:\/\/yoast.com\/product\/yoast-seo-wordpress\/ -->\n<title>Sanidad - Adicciones - MI Ayuntamiento de Caudete<\/title>\n<meta name=\"description\" content=\"P\u00e1gina Oficial del Ayuntamiento de Caudete (Albacete)\" \/>\n<meta name=\"robots\" content=\"index, follow, max-snippet:-1, max-image-preview:large, max-video-preview:-1\" \/>\n<link rel=\"canonical\" href=\"https:\/\/www.caudete.org\/ayuntamiento\/sanidad-adicciones\/\" \/>\n<meta property=\"og:locale\" content=\"es_ES\" \/>\n<meta property=\"og:type\" content=\"article\" \/>\n<meta property=\"og:title\" content=\"Sanidad - Adicciones - MI Ayuntamiento de Caudete\" \/>\n<meta property=\"og:description\" content=\"P\u00e1gina Oficial del Ayuntamiento de Caudete (Albacete)\" \/>\n<meta property=\"og:url\" content=\"https:\/\/www.caudete.org\/ayuntamiento\/sanidad-adicciones\/\" \/>\n<meta property=\"og:site_name\" content=\"MI Ayuntamiento de Caudete\" \/>\n<meta property=\"article:publisher\" content=\"https:\/\/www.facebook.com\/ayuntamientocaudete\/\" \/>\n<meta property=\"article:modified_time\" content=\"2024-06-28T16:50:09+00:00\" \/>\n<meta property=\"og:image\" content=\"https:\/\/www.caudete.org\/ayuntamiento\/wp-content\/uploads\/2024\/06\/ESCUELA-DE-FAMILIAS-2.jpg\" \/>\n<meta name=\"twitter:card\" content=\"summary_large_image\" \/>\n<meta name=\"twitter:label1\" content=\"Tiempo de lectura\" \/>\n\t<meta name=\"twitter:data1\" content=\"5 minutos\" \/>\n<script type=\"application\/ld+json\" class=\"yoast-schema-graph\">{\"@context\":\"https:\\\/\\\/schema.org\",\"@graph\":[{\"@type\":\"WebPage\",\"@id\":\"https:\\\/\\\/www.caudete.org\\\/ayuntamiento\\\/sanidad-adicciones\\\/\",\"url\":\"https:\\\/\\\/www.caudete.org\\\/ayuntamiento\\\/sanidad-adicciones\\\/\",\"name\":\"Sanidad - Adicciones - MI Ayuntamiento de Caudete\",\"isPartOf\":{\"@id\":\"https:\\\/\\\/www.caudete.org\\\/ayuntamiento\\\/#website\"},\"primaryImageOfPage\":{\"@id\":\"https:\\\/\\\/www.caudete.org\\\/ayuntamiento\\\/sanidad-adicciones\\\/#primaryimage\"},\"image\":{\"@id\":\"https:\\\/\\\/www.caudete.org\\\/ayuntamiento\\\/sanidad-adicciones\\\/#primaryimage\"},\"thumbnailUrl\":\"https:\\\/\\\/www.caudete.org\\\/ayuntamiento\\\/wp-content\\\/uploads\\\/2024\\\/06\\\/ESCUELA-DE-FAMILIAS-2.jpg\",\"datePublished\":\"2024-06-21T18:33:53+00:00\",\"dateModified\":\"2024-06-28T16:50:09+00:00\",\"description\":\"P\u00e1gina Oficial del Ayuntamiento de Caudete (Albacete)\",\"breadcrumb\":{\"@id\":\"https:\\\/\\\/www.caudete.org\\\/ayuntamiento\\\/sanidad-adicciones\\\/#breadcrumb\"},\"inLanguage\":\"es\",\"potentialAction\":[{\"@type\":\"ReadAction\",\"target\":[\"https:\\\/\\\/www.caudete.org\\\/ayuntamiento\\\/sanidad-adicciones\\\/\"]}]},{\"@type\":\"ImageObject\",\"inLanguage\":\"es\",\"@id\":\"https:\\\/\\\/www.caudete.org\\\/ayuntamiento\\\/sanidad-adicciones\\\/#primaryimage\",\"url\":\"https:\\\/\\\/www.caudete.org\\\/ayuntamiento\\\/wp-content\\\/uploads\\\/2024\\\/06\\\/ESCUELA-DE-FAMILIAS-2.jpg\",\"contentUrl\":\"https:\\\/\\\/www.caudete.org\\\/ayuntamiento\\\/wp-content\\\/uploads\\\/2024\\\/06\\\/ESCUELA-DE-FAMILIAS-2.jpg\"},{\"@type\":\"BreadcrumbList\",\"@id\":\"https:\\\/\\\/www.caudete.org\\\/ayuntamiento\\\/sanidad-adicciones\\\/#breadcrumb\",\"itemListElement\":[{\"@type\":\"ListItem\",\"position\":1,\"name\":\"Inicio\",\"item\":\"https:\\\/\\\/www.caudete.org\\\/ayuntamiento\\\/\"},{\"@type\":\"ListItem\",\"position\":2,\"name\":\"Sanidad &#8211; Adicciones\"}]},{\"@type\":\"WebSite\",\"@id\":\"https:\\\/\\\/www.caudete.org\\\/ayuntamiento\\\/#website\",\"url\":\"https:\\\/\\\/www.caudete.org\\\/ayuntamiento\\\/\",\"name\":\"MI Ayuntamiento de Caudete\",\"description\":\"P\u00e1gina Oficial del MI Ayuntamiento de Caudete\",\"potentialAction\":[{\"@type\":\"SearchAction\",\"target\":{\"@type\":\"EntryPoint\",\"urlTemplate\":\"https:\\\/\\\/www.caudete.org\\\/ayuntamiento\\\/?s={search_term_string}\"},\"query-input\":{\"@type\":\"PropertyValueSpecification\",\"valueRequired\":true,\"valueName\":\"search_term_string\"}}],\"inLanguage\":\"es\"}]}<\/script>\n<!-- \/ Yoast SEO plugin. -->","yoast_head_json":{"title":"Sanidad - Adicciones - MI Ayuntamiento de Caudete","description":"P\u00e1gina Oficial del Ayuntamiento de Caudete (Albacete)","robots":{"index":"index","follow":"follow","max-snippet":"max-snippet:-1","max-image-preview":"max-image-preview:large","max-video-preview":"max-video-preview:-1"},"canonical":"https:\/\/www.caudete.org\/ayuntamiento\/sanidad-adicciones\/","og_locale":"es_ES","og_type":"article","og_title":"Sanidad - Adicciones - MI Ayuntamiento de Caudete","og_description":"P\u00e1gina Oficial del Ayuntamiento de Caudete (Albacete)","og_url":"https:\/\/www.caudete.org\/ayuntamiento\/sanidad-adicciones\/","og_site_name":"MI Ayuntamiento de Caudete","article_publisher":"https:\/\/www.facebook.com\/ayuntamientocaudete\/","article_modified_time":"2024-06-28T16:50:09+00:00","og_image":[{"url":"https:\/\/www.caudete.org\/ayuntamiento\/wp-content\/uploads\/2024\/06\/ESCUELA-DE-FAMILIAS-2.jpg","type":"","width":"","height":""}],"twitter_card":"summary_large_image","twitter_misc":{"Tiempo de lectura":"5 minutos"},"schema":{"@context":"https:\/\/schema.org","@graph":[{"@type":"WebPage","@id":"https:\/\/www.caudete.org\/ayuntamiento\/sanidad-adicciones\/","url":"https:\/\/www.caudete.org\/ayuntamiento\/sanidad-adicciones\/","name":"Sanidad - Adicciones - MI Ayuntamiento de Caudete","isPartOf":{"@id":"https:\/\/www.caudete.org\/ayuntamiento\/#website"},"primaryImageOfPage":{"@id":"https:\/\/www.caudete.org\/ayuntamiento\/sanidad-adicciones\/#primaryimage"},"image":{"@id":"https:\/\/www.caudete.org\/ayuntamiento\/sanidad-adicciones\/#primaryimage"},"thumbnailUrl":"https:\/\/www.caudete.org\/ayuntamiento\/wp-content\/uploads\/2024\/06\/ESCUELA-DE-FAMILIAS-2.jpg","datePublished":"2024-06-21T18:33:53+00:00","dateModified":"2024-06-28T16:50:09+00:00","description":"P\u00e1gina Oficial del Ayuntamiento de Caudete (Albacete)","breadcrumb":{"@id":"https:\/\/www.caudete.org\/ayuntamiento\/sanidad-adicciones\/#breadcrumb"},"inLanguage":"es","potentialAction":[{"@type":"ReadAction","target":["https:\/\/www.caudete.org\/ayuntamiento\/sanidad-adicciones\/"]}]},{"@type":"ImageObject","inLanguage":"es","@id":"https:\/\/www.caudete.org\/ayuntamiento\/sanidad-adicciones\/#primaryimage","url":"https:\/\/www.caudete.org\/ayuntamiento\/wp-content\/uploads\/2024\/06\/ESCUELA-DE-FAMILIAS-2.jpg","contentUrl":"https:\/\/www.caudete.org\/ayuntamiento\/wp-content\/uploads\/2024\/06\/ESCUELA-DE-FAMILIAS-2.jpg"},{"@type":"BreadcrumbList","@id":"https:\/\/www.caudete.org\/ayuntamiento\/sanidad-adicciones\/#breadcrumb","itemListElement":[{"@type":"ListItem","position":1,"name":"Inicio","item":"https:\/\/www.caudete.org\/ayuntamiento\/"},{"@type":"ListItem","position":2,"name":"Sanidad &#8211; Adicciones"}]},{"@type":"WebSite","@id":"https:\/\/www.caudete.org\/ayuntamiento\/#website","url":"https:\/\/www.caudete.org\/ayuntamiento\/","name":"MI Ayuntamiento de Caudete","description":"P\u00e1gina Oficial del MI Ayuntamiento de Caudete","potentialAction":[{"@type":"SearchAction","target":{"@type":"EntryPoint","urlTemplate":"https:\/\/www.caudete.org\/ayuntamiento\/?s={search_term_string}"},"query-input":{"@type":"PropertyValueSpecification","valueRequired":true,"valueName":"search_term_string"}}],"inLanguage":"es"}]}},"_links":{"self":[{"href":"https:\/\/www.caudete.org\/ayuntamiento\/wp-json\/wp\/v2\/pages\/25461","targetHints":{"allow":["GET"]}}],"collection":[{"href":"https:\/\/www.caudete.org\/ayuntamiento\/wp-json\/wp\/v2\/pages"}],"about":[{"href":"https:\/\/www.caudete.org\/ayuntamiento\/wp-json\/wp\/v2\/types\/page"}],"author":[{"embeddable":true,"href":"https:\/\/www.caudete.org\/ayuntamiento\/wp-json\/wp\/v2\/users\/1"}],"replies":[{"embeddable":true,"href":"https:\/\/www.caudete.org\/ayuntamiento\/wp-json\/wp\/v2\/comments?post=25461"}],"version-history":[{"count":10,"href":"https:\/\/www.caudete.org\/ayuntamiento\/wp-json\/wp\/v2\/pages\/25461\/revisions"}],"predecessor-version":[{"id":25570,"href":"https:\/\/www.caudete.org\/ayuntamiento\/wp-json\/wp\/v2\/pages\/25461\/revisions\/25570"}],"wp:attachment":[{"href":"https:\/\/www.caudete.org\/ayuntamiento\/wp-json\/wp\/v2\/media?parent=25461"}],"wp:term":[{"taxonomy":"category","embeddable":true,"href":"https:\/\/www.caudete.org\/ayuntamiento\/wp-json\/wp\/v2\/categories?post=25461"},{"taxonomy":"post_tag","embeddable":true,"href":"https:\/\/www.caudete.org\/ayuntamiento\/wp-json\/wp\/v2\/tags?post=25461"}],"curies":[{"name":"wp","href":"https:\/\/api.w.org\/{rel}","templated":true}]}}