{"id":5399,"date":"2020-11-22T14:09:03","date_gmt":"2020-11-22T13:09:03","guid":{"rendered":"http:\/\/www.caudete.org\/ayuntamiento\/?page_id=5399"},"modified":"2020-11-22T14:09:03","modified_gmt":"2020-11-22T13:09:03","slug":"fraccionamientos-y-aplazamientos-de-deuda-de-menos-de-18-000-euros","status":"publish","type":"page","link":"https:\/\/www.caudete.org\/ayuntamiento\/fraccionamientos-y-aplazamientos-de-deuda-de-menos-de-18-000-euros\/","title":{"rendered":"Fraccionamientos y aplazamientos de deuda de menos de 18.000 euros"},"content":{"rendered":"<p style=\"text-align: justify;\">Una vez aprobada definitivamente la nueva ordenanza municipal de gesti\u00f3n, inspecci\u00f3n y recaudaci\u00f3n elaborada por el Ayuntamiento y en vigor desde hace unos d\u00edas, se facilita a los contribuyentes la posibilidad de aplazar y fraccionar sus deudas tributarias.<\/p>\n<p style=\"text-align: justify;\">Los detalles y las condiciones para poder beneficiarse de esta posibilidad se encuentran contenidos en el enlace adjunto.<\/p>\n<p style=\"text-align: justify;\">Desde el Equipo de Gobierno del Ayuntamiento de Caudete se pretende con esta medida poner a disposici\u00f3n de los ciudadanos las mayores comodidades para hacer frente a sus obligaciones con la hacienda municipal.<\/p>\n<p style=\"text-align: justify;\">Al mismo tiempo, se recuerda que otros tributos locales, como el IBI o el Impuesto de Circulaci\u00f3n de Veh\u00edculos, pueden satisfacerse ante Gesti\u00f3n Tributaria Provincial de forma personalizada (cuotas mensuales, trimestrales o cualquier otra posibilidad que convenga al contribuyente), tras el plan de financiaci\u00f3n especial que puso en marcha la Diputaci\u00f3n Provincial de Albacete en 2013.<\/p>\n<p style=\"text-align: justify;\"><strong>Ficheros adjuntos<\/strong><\/p>\n<p style=\"text-align: justify;\">\n<a href=\"http:\/\/www.caudete.org\/ayuntamiento\/eniusimg\/enius146\/2014\/05\/adjuntos_fichero_2376242_41691c252dd7d6a0.pdf\" class=\"mtli_attachment mtli_pdf\" target=\"_blank\" rel=\"noopener noreferrer\">Pinche aqu\u00ed para acceder a los detalles del fraccionamiento y aplazamiento de deudas tributarias<\/a><br \/>\n<a href=\"http:\/\/www.caudete.org\/ayuntamiento\/eniusimg\/enius146\/2014\/05\/adjuntos_fichero_2378054_d695d9fdc46a16e0.pdf\" class=\"mtli_attachment mtli_pdf\" target=\"_blank\" rel=\"noopener noreferrer\">Instancia<\/a><\/p>\n","protected":false},"excerpt":{"rendered":"<p>Una vez aprobada definitivamente la nueva ordenanza municipal de gesti\u00f3n, inspecci\u00f3n y recaudaci\u00f3n elaborada por el Ayuntamiento y en vigor desde hace unos d\u00edas, se facilita a los contribuyentes la posibilidad de aplazar y fraccionar sus deudas tributarias. Los detalles y las condiciones para poder beneficiarse de esta posibilidad se encuentran contenidos en el enlace &hellip;<\/p>\n","protected":false},"author":1,"featured_media":0,"parent":0,"menu_order":0,"comment_status":"closed","ping_status":"closed","template":"","meta":{"ngg_post_thumbnail":0,"footnotes":""},"categories":[],"tags":[],"class_list":["post-5399","page","type-page","status-publish","hentry"],"yoast_head":"<!-- This site is optimized with the Yoast SEO plugin v27.5 - https:\/\/yoast.com\/product\/yoast-seo-wordpress\/ -->\n<title>Fraccionamientos y aplazamientos de deuda de menos de 18.000 euros - MI Ayuntamiento de Caudete<\/title>\n<meta name=\"description\" content=\"P\u00e1gina Oficial del Ayuntamiento de Caudete (Albacete)\" \/>\n<meta name=\"robots\" content=\"index, follow, max-snippet:-1, max-image-preview:large, max-video-preview:-1\" \/>\n<link rel=\"canonical\" href=\"https:\/\/www.caudete.org\/ayuntamiento\/fraccionamientos-y-aplazamientos-de-deuda-de-menos-de-18-000-euros\/\" \/>\n<meta property=\"og:locale\" content=\"es_ES\" \/>\n<meta property=\"og:type\" content=\"article\" \/>\n<meta property=\"og:title\" content=\"Fraccionamientos y aplazamientos de deuda de menos de 18.000 euros - MI Ayuntamiento de Caudete\" \/>\n<meta property=\"og:description\" content=\"P\u00e1gina Oficial del Ayuntamiento de Caudete (Albacete)\" \/>\n<meta property=\"og:url\" content=\"https:\/\/www.caudete.org\/ayuntamiento\/fraccionamientos-y-aplazamientos-de-deuda-de-menos-de-18-000-euros\/\" \/>\n<meta property=\"og:site_name\" content=\"MI Ayuntamiento de Caudete\" \/>\n<meta property=\"article:publisher\" content=\"https:\/\/www.facebook.com\/ayuntamientocaudete\/\" \/>\n<meta name=\"twitter:card\" content=\"summary_large_image\" \/>\n<meta name=\"twitter:label1\" content=\"Tiempo de lectura\" \/>\n\t<meta name=\"twitter:data1\" content=\"1 minuto\" \/>\n<script type=\"application\/ld+json\" class=\"yoast-schema-graph\">{\"@context\":\"https:\\\/\\\/schema.org\",\"@graph\":[{\"@type\":\"WebPage\",\"@id\":\"https:\\\/\\\/www.caudete.org\\\/ayuntamiento\\\/fraccionamientos-y-aplazamientos-de-deuda-de-menos-de-18-000-euros\\\/\",\"url\":\"https:\\\/\\\/www.caudete.org\\\/ayuntamiento\\\/fraccionamientos-y-aplazamientos-de-deuda-de-menos-de-18-000-euros\\\/\",\"name\":\"Fraccionamientos y aplazamientos de deuda de menos de 18.000 euros - MI Ayuntamiento de Caudete\",\"isPartOf\":{\"@id\":\"https:\\\/\\\/www.caudete.org\\\/ayuntamiento\\\/#website\"},\"datePublished\":\"2020-11-22T13:09:03+00:00\",\"description\":\"P\u00e1gina Oficial del Ayuntamiento de Caudete (Albacete)\",\"breadcrumb\":{\"@id\":\"https:\\\/\\\/www.caudete.org\\\/ayuntamiento\\\/fraccionamientos-y-aplazamientos-de-deuda-de-menos-de-18-000-euros\\\/#breadcrumb\"},\"inLanguage\":\"es\",\"potentialAction\":[{\"@type\":\"ReadAction\",\"target\":[\"https:\\\/\\\/www.caudete.org\\\/ayuntamiento\\\/fraccionamientos-y-aplazamientos-de-deuda-de-menos-de-18-000-euros\\\/\"]}]},{\"@type\":\"BreadcrumbList\",\"@id\":\"https:\\\/\\\/www.caudete.org\\\/ayuntamiento\\\/fraccionamientos-y-aplazamientos-de-deuda-de-menos-de-18-000-euros\\\/#breadcrumb\",\"itemListElement\":[{\"@type\":\"ListItem\",\"position\":1,\"name\":\"Inicio\",\"item\":\"https:\\\/\\\/www.caudete.org\\\/ayuntamiento\\\/\"},{\"@type\":\"ListItem\",\"position\":2,\"name\":\"Fraccionamientos y aplazamientos de deuda de menos de 18.000 euros\"}]},{\"@type\":\"WebSite\",\"@id\":\"https:\\\/\\\/www.caudete.org\\\/ayuntamiento\\\/#website\",\"url\":\"https:\\\/\\\/www.caudete.org\\\/ayuntamiento\\\/\",\"name\":\"MI Ayuntamiento de Caudete\",\"description\":\"P\u00e1gina Oficial del MI Ayuntamiento de Caudete\",\"potentialAction\":[{\"@type\":\"SearchAction\",\"target\":{\"@type\":\"EntryPoint\",\"urlTemplate\":\"https:\\\/\\\/www.caudete.org\\\/ayuntamiento\\\/?s={search_term_string}\"},\"query-input\":{\"@type\":\"PropertyValueSpecification\",\"valueRequired\":true,\"valueName\":\"search_term_string\"}}],\"inLanguage\":\"es\"}]}<\/script>\n<!-- \/ Yoast SEO plugin. -->","yoast_head_json":{"title":"Fraccionamientos y aplazamientos de deuda de menos de 18.000 euros - MI Ayuntamiento de Caudete","description":"P\u00e1gina Oficial del Ayuntamiento de Caudete (Albacete)","robots":{"index":"index","follow":"follow","max-snippet":"max-snippet:-1","max-image-preview":"max-image-preview:large","max-video-preview":"max-video-preview:-1"},"canonical":"https:\/\/www.caudete.org\/ayuntamiento\/fraccionamientos-y-aplazamientos-de-deuda-de-menos-de-18-000-euros\/","og_locale":"es_ES","og_type":"article","og_title":"Fraccionamientos y aplazamientos de deuda de menos de 18.000 euros - MI Ayuntamiento de Caudete","og_description":"P\u00e1gina Oficial del Ayuntamiento de Caudete (Albacete)","og_url":"https:\/\/www.caudete.org\/ayuntamiento\/fraccionamientos-y-aplazamientos-de-deuda-de-menos-de-18-000-euros\/","og_site_name":"MI Ayuntamiento de Caudete","article_publisher":"https:\/\/www.facebook.com\/ayuntamientocaudete\/","twitter_card":"summary_large_image","twitter_misc":{"Tiempo de lectura":"1 minuto"},"schema":{"@context":"https:\/\/schema.org","@graph":[{"@type":"WebPage","@id":"https:\/\/www.caudete.org\/ayuntamiento\/fraccionamientos-y-aplazamientos-de-deuda-de-menos-de-18-000-euros\/","url":"https:\/\/www.caudete.org\/ayuntamiento\/fraccionamientos-y-aplazamientos-de-deuda-de-menos-de-18-000-euros\/","name":"Fraccionamientos y aplazamientos de deuda de menos de 18.000 euros - MI Ayuntamiento de Caudete","isPartOf":{"@id":"https:\/\/www.caudete.org\/ayuntamiento\/#website"},"datePublished":"2020-11-22T13:09:03+00:00","description":"P\u00e1gina Oficial del Ayuntamiento de Caudete (Albacete)","breadcrumb":{"@id":"https:\/\/www.caudete.org\/ayuntamiento\/fraccionamientos-y-aplazamientos-de-deuda-de-menos-de-18-000-euros\/#breadcrumb"},"inLanguage":"es","potentialAction":[{"@type":"ReadAction","target":["https:\/\/www.caudete.org\/ayuntamiento\/fraccionamientos-y-aplazamientos-de-deuda-de-menos-de-18-000-euros\/"]}]},{"@type":"BreadcrumbList","@id":"https:\/\/www.caudete.org\/ayuntamiento\/fraccionamientos-y-aplazamientos-de-deuda-de-menos-de-18-000-euros\/#breadcrumb","itemListElement":[{"@type":"ListItem","position":1,"name":"Inicio","item":"https:\/\/www.caudete.org\/ayuntamiento\/"},{"@type":"ListItem","position":2,"name":"Fraccionamientos y aplazamientos de deuda de menos de 18.000 euros"}]},{"@type":"WebSite","@id":"https:\/\/www.caudete.org\/ayuntamiento\/#website","url":"https:\/\/www.caudete.org\/ayuntamiento\/","name":"MI Ayuntamiento de Caudete","description":"P\u00e1gina Oficial del MI Ayuntamiento de Caudete","potentialAction":[{"@type":"SearchAction","target":{"@type":"EntryPoint","urlTemplate":"https:\/\/www.caudete.org\/ayuntamiento\/?s={search_term_string}"},"query-input":{"@type":"PropertyValueSpecification","valueRequired":true,"valueName":"search_term_string"}}],"inLanguage":"es"}]}},"_links":{"self":[{"href":"https:\/\/www.caudete.org\/ayuntamiento\/wp-json\/wp\/v2\/pages\/5399","targetHints":{"allow":["GET"]}}],"collection":[{"href":"https:\/\/www.caudete.org\/ayuntamiento\/wp-json\/wp\/v2\/pages"}],"about":[{"href":"https:\/\/www.caudete.org\/ayuntamiento\/wp-json\/wp\/v2\/types\/page"}],"author":[{"embeddable":true,"href":"https:\/\/www.caudete.org\/ayuntamiento\/wp-json\/wp\/v2\/users\/1"}],"replies":[{"embeddable":true,"href":"https:\/\/www.caudete.org\/ayuntamiento\/wp-json\/wp\/v2\/comments?post=5399"}],"version-history":[{"count":3,"href":"https:\/\/www.caudete.org\/ayuntamiento\/wp-json\/wp\/v2\/pages\/5399\/revisions"}],"predecessor-version":[{"id":5402,"href":"https:\/\/www.caudete.org\/ayuntamiento\/wp-json\/wp\/v2\/pages\/5399\/revisions\/5402"}],"wp:attachment":[{"href":"https:\/\/www.caudete.org\/ayuntamiento\/wp-json\/wp\/v2\/media?parent=5399"}],"wp:term":[{"taxonomy":"category","embeddable":true,"href":"https:\/\/www.caudete.org\/ayuntamiento\/wp-json\/wp\/v2\/categories?post=5399"},{"taxonomy":"post_tag","embeddable":true,"href":"https:\/\/www.caudete.org\/ayuntamiento\/wp-json\/wp\/v2\/tags?post=5399"}],"curies":[{"name":"wp","href":"https:\/\/api.w.org\/{rel}","templated":true}]}}