{"id":5408,"date":"2020-11-22T14:26:12","date_gmt":"2020-11-22T13:26:12","guid":{"rendered":"http:\/\/www.caudete.org\/ayuntamiento\/?page_id=5408"},"modified":"2026-02-23T11:51:20","modified_gmt":"2026-02-23T10:51:20","slug":"ordenanzas-fiscales","status":"publish","type":"page","link":"https:\/\/www.caudete.org\/ayuntamiento\/ordenanzas-fiscales\/","title":{"rendered":"Ordenanzas Fiscales"},"content":{"rendered":"<p><a href=\"https:\/\/www.dipualba.es\/bop\/ficheros\/2025\/146\/BOP%20146-25-P-23.PDF\" class=\"mtli_attachment mtli_pdf\" target=\"_blank\" rel=\"nofollow\">ORDENANZA N\u00ba 01 &#8211; IMPUESTO SOBRE BIENES INMUEBLES<\/a><br \/>\n<a href=\"http:\/\/www.dipualba.es\/bop\/ficheros\/2024\/147\/BOP%20147-24-P-43.PDF\" class=\"mtli_attachment mtli_pdf\" target=\"_blank\" rel=\"nofollow\">ORDENANZA N\u00ba 02 IMPUESTO VEH\u00cdCULO TRACCI\u00d3N MEC\u00c1NICA<\/a><br \/>\n<a href=\"http:\/\/www.dipualba.es\/bop\/ficheros\/2024\/147\/BOP%20147-24-P-47.PDF\" class=\"mtli_attachment mtli_pdf\" target=\"_blank\" rel=\"nofollow\">ORDENANZA N\u00ba 03 PLUSVALIAS<\/a><br \/>\n<a href=\"http:\/\/www.caudete.org\/ordenanzas\/ORDENANZAS FISCALES\/ORDENANZA N\u00ba 04 IMPUESTO CONSTRUCCIONES INSTALACIONES OBRAS 2007.pdf\" class=\"mtli_attachment mtli_pdf\">ORDENANZA N\u00ba 04 IMPUESTO CONSTRUCCIONES INSTALACIONES Y OBRAS 2007<\/a><br \/>\n<a href=\"http:\/\/www.caudete.org\/ordenanzas\/ORDENANZAS FISCALES\/ORDENANZA N\u00ba 04 IMPUESTO CONSTRUCCIONES INSTALACIONES OBRAS 2022.pdf\" class=\"mtli_attachment mtli_pdf\">ORDENANZA N\u00ba 04 IMPUESTO CONSTRUCCIONES INSTALACIONES Y OBRAS 2022<\/a><br \/>\n<a href=\"http:\/\/www.caudete.org\/ordenanzas\/ORDENANZAS FISCALES\/ORDENANZA N\u00ba 04 IMPUESTO CONSTRUCCIONES INSTALACIONES OBRAS 2023.pdf\" class=\"mtli_attachment mtli_pdf\">ORDENANZA N\u00ba 04 IMPUESTO CONSTRUCCIONES INSTALACIONES Y OBRAS 2023<\/a><br \/>\n<a href=\"http:\/\/www.caudete.org\/ordenanzas\/ORDENANZAS FISCALES\/ORDENANZA N\u00ba 06 LICENCIAS APERTURA 2007.pdf\" class=\"mtli_attachment mtli_pdf\">ORDENANZA N\u00ba 06 LICENCIAS APERTURA 2007<\/a><br \/>\n<a href=\"http:\/\/www.caudete.org\/ordenanzas\/ORDENANZAS FISCALES\/ORDENANZA N\u00ba 07 LICENCIAS URBANISTICAS 2007.pdf\" class=\"mtli_attachment mtli_pdf\">ORDENANZA N\u00ba 07 LICENCIAS URBAN\u00cdSTICAS 2007<\/a><br \/>\n<a href=\"https:\/\/www.dipualba.es\/bop\/ficheros\/2025\/40\/BOP%2040-25-P-11.PDF\" class=\"mtli_attachment mtli_pdf\" target=\"_blank\" rel=\"nofollow\">ORDENANZA N\u00ba 08 AGUA, GAS Y ELECTRICIDAD<\/a><br \/>\n<a href=\"http:\/\/www.dipualba.es\/bop\/ficheros\/2024\/147\/BOP%20147-24-P-26.PDF\" class=\"mtli_attachment mtli_pdf\" target=\"_blank\" rel=\"nofollow\">ORDENANZA N\u00ba 09 ALCANTARILLADO Y DEPURACI\u00d3N<\/a><br \/>\n<a href=\"http:\/\/www.dipualba.es\/bop\/ficheros\/2024\/147\/BOP%20147-24-P-32.PDF\" class=\"mtli_attachment mtli_pdf\" target=\"_blank\" rel=\"nofollow\">ORDENANZA N\u00ba 10 RECOGIDA RESIDUOS S\u00d3LIDOS URBANOS<\/a><br \/>\n<a href=\"http:\/\/www.dipualba.es\/bop\/ficheros\/2024\/147\/BOP%20147-24-P-29.PDF\" class=\"mtli_attachment mtli_pdf\" target=\"_blank\" rel=\"nofollow\">ORDENANZA N\u00ba 11 CEMENTERIO<\/a><br \/>\n<a href=\"http:\/\/www.caudete.org\/ordenanzas\/ORDENANZAS FISCALES\/ORDENANZA N\u00ba 12 OTORGAMIENTO LICENCIA AUTOTAXI Y VEHICULOS ALQUILER.pdf\" class=\"mtli_attachment mtli_pdf\">ORDENANZA N\u00ba 12 TASA POR OTORGAMIENTO DE LICENCIA DE AUTOTAXI Y VEH\u00cdCULOS DE ALQUILER<\/a><br \/>\n<a href=\"http:\/\/www.caudete.org\/ordenanzas\/ORDENANZAS FISCALES\/ORDENANZA N\u00ba 13 QUIOSCOS_ PTOS FERIA 2007.pdf\" class=\"mtli_attachment mtli_pdf\">ORDENANZA N\u00ba 13 QUIOSCOS_ PTOS FERIA 2007<\/a><br \/>\n<a href=\"http:\/\/www.caudete.org\/ordenanzas\/ORDENANZAS FISCALES\/ORDENANZA N\u00ba 14 MATADERO Y MERCADO 2007.pdf\" class=\"mtli_attachment mtli_pdf\">ORDENANZA N\u00ba 14 MATADERO Y MERCADO 2007<\/a><br \/>\n<a href=\"http:\/\/www.dipualba.es\/bop\/ficheros\/2024\/147\/BOP%20147-24-P-34.PDF\" class=\"mtli_attachment mtli_pdf\" target=\"_blank\" rel=\"nofollow\">ORDENANZA N\u00ba 15 MESAS Y SILLAS<\/a><br \/>\n<a href=\"https:\/\/www.caudete.org\/ayuntamiento\/wp-content\/uploads\/2022\/02\/BOP-24-22-P-29.ORDENANZA-FISCAL-No-16-REGULADORA-DE-LA-TASA-POR-LA-UTILIZACION-DE-BIENES-DE-DOMINIO-PUBLICO.pdf\" class=\"mtli_attachment mtli_pdf\">ORDENANZA N\u00ba 16 REGULADORA DE LA TASA POR LA UTILIZACION PRIVATIVA O APROVECHAMIENTO ESPECIAL DE BIENES DE DOMINIO P\u00daBLICO MUNICIPAL CON VALLAS, MERCANC\u00cdAS, MATERIALES DE CONSTRUCCI\u00d3N, ESCOMBROS, PUNTALES ,ASNILLAS, ANDAMIOS Y OTRAS INSTALACIONES AN\u00c1LOGAS<\/a><br \/>\n<a href=\"http:\/\/www.caudete.org\/ordenanzas\/ORDENANZAS FISCALES\/ORDENANZA N\u00ba 17 CONTRIBUCIONES ESPECIALES 1989.pdf\" class=\"mtli_attachment mtli_pdf\">ORDENANZA N\u00ba 17 CONTRIBUCIONES ESPECIALES 1989<\/a><br \/>\n<a href=\"http:\/\/www.caudete.org\/ordenanzas\/ORDENANZAS FISCALES\/ORDENANZA N\u00ba 18 VADOS 2007.pdf\" class=\"mtli_attachment mtli_pdf\">ORDENANZA N\u00ba 18 VADOS 2007<\/a><br \/>\n<a href=\"http:\/\/www.caudete.org\/ordenanzas\/ORDENANZAS FISCALES\/ORDENANZA N\u00ba 19 IMPUESTO ACTIVIDADES ECONOMICAS 2005.pdf\" class=\"mtli_attachment mtli_pdf\">ORDENANZA N\u00ba 19 IMPUESTO ACTIVIDADES ECONOMICAS 2005<\/a><br \/>\n<a href=\"https:\/\/www.dipualba.es\/bop\/ficheros\/2025\/29\/BOP%2029-25-P-20.PDF\" class=\"mtli_attachment mtli_pdf\" target=\"_blank\" rel=\"nofollow\">ORDENANZA N\u00ba 20 INMOVILIZACI\u00d3N O RETIRADA DE VEH\u00cdCULOS INCORRECTAMENTE ESTACIONADOS O ABANDONADOS&nbsp; 2025<\/a><br \/>\n<a href=\"http:\/\/www.caudete.org\/ordenanzas\/ORDENANZAS FISCALES\/ORDENANZA N\u00ba 21 TASA POR CASAS DE BA\u00d1OS, DUCHAS, PISCINAS, INSTALACIONES DEPORTIVAS Y OTROS SERVICIOS ANALOGOS.pdf\" class=\"mtli_attachment mtli_pdf\">ORDENANZA N\u00ba 21 TASA POR CASAS DE BA\u00d1OS, DUCHAS, PISCINAS, INSTALACIONES DEPORTIVAS Y OTROS SERVICIOS ANALOGOS<\/a><br \/>\n<a href=\"http:\/\/www.caudete.org\/ordenanzas\/ORDENANZAS FISCALES\/ORDENANZA FISCAL REGULADORA UNIVERSIDAD POPULAR 2009.pdf\" class=\"mtli_attachment mtli_pdf\">ORDENANZA FISCAL REGULADORA N. 22 UNIVERSIDAD POPULAR 2009<\/a><br \/>\n<a href=\"http:\/\/www.dipualba.es\/bop\/ficheros\/2012\/19\/BOP%2019-12-P-26.PDF\" class=\"mtli_attachment mtli_pdf\" target=\"_blank\" rel=\"nofollow\">ORDENANZA FISCAL REGULADORA N. 22 UNIVERSIDAD POPULAR MODIFICACION 2012<\/a><br \/>\n<a href=\"http:\/\/www.caudete.org\/ordenanzas\/ORDENANZAS FISCALES\/ORDENANZA FISCAL REGULADORA TELEFONIA MOVIL 2009.pdf\" class=\"mtli_attachment mtli_pdf\">ORDENANZA FISCAL REGULADORA N. 23 TELEFONIA MOVIL 2009<\/a><br \/>\n<a href=\"http:\/\/www.caudete.org\/ordenanzas\/ORDENANZAS FISCALES\/ORDENANZA FISCAL REGULADORA TELEFONIA MOVIL MODIFICACION ARTICULOS 2-3-6 2014.pdf\" class=\"mtli_attachment mtli_pdf\">ORDENANZA FISCAL REGULADORA N. 23 TELEFONIA MOVIL MODIFICACION ARTICULOS 2-3-6 2014<\/a><br \/>\n<a href=\"http:\/\/www.caudete.org\/ordenanzas\/ORDENANZAS FISCALES\/ORDENANZA N\u00ba 24 TENDIDOS Y TUBERIAS 2005.pdf\" class=\"mtli_attachment mtli_pdf\">ORDENANZA N\u00ba 24 TENDIDOS Y TUBERIAS 2005<\/a><br \/>\n<a href=\"http:\/\/www.caudete.org\/ordenanzas\/ORDENANZAS FISCALES\/ORDENANZA N\u00ba 25 DOMINIO PUBLICO SUMINISTRO 2002.pdf\" class=\"mtli_attachment mtli_pdf\">ORDENANZA N\u00ba 25 DOMINIO PUBLICO SUMINISTRO 2002<\/a><br \/>\n<a href=\"http:\/\/www.caudete.org\/ordenanzas\/ORDENANZAS FISCALES\/ORDENANZA N\u00ba 26 RECOGIDA ANIMALES 2007.pdf\" class=\"mtli_attachment mtli_pdf\">ORDENANZA N\u00ba 26 RECOGIDA ANIMALES 2007<\/a><br \/>\n<a href=\"http:\/\/www.caudete.org\/ordenanzas\/ORDENANZAS%20FISCALES\/ORDENANZA%20N%c2%ba%2026%20REGULADORA%20DEL%20SERVICIO%20DE%20RECOGIDA%20DE%20ANIMALES%20DOMESTICOS%202022.PDF\" class=\"mtli_attachment mtli_pdf\">ORDENANZA N\u00ba 26 REGULADORA DEL SERVICIO DE RECOGIDA DE ANIMALES DOMESTICOS 2022 <\/a><br \/>\n<a href=\"http:\/\/www.caudete.org\/ordenanzas\/ORDENANZAS FISCALES\/ORDENANZA N\u00ba 27 REGULADORA PRECIOS PUBLICOS SERVICIO ESCUELA DE MUSICA.pdf\" class=\"mtli_attachment mtli_pdf\">ORDENANZA N\u00ba 27 REGULADORA PRECIOS PUBLICOS SERVICIO ESCUELA DE MUSICA Y DANZA &#8211; 2013<\/a><br \/>\n<a href=\"http:\/\/www.caudete.org\/ordenanzas\/ORDENANZAS FISCALES\/ORDENANZA N\u00ba 27 REGULADORA PRECIOS PUBLICOS SERVICIO DANZA.pdf\" class=\"mtli_attachment mtli_pdf\">ORDENANZA N\u00ba 27 REGULADORA PRECIOS PUBLICOS SERVICIO ESCUELA DE MUSICA Y DANZA &#8211; 2014<\/a><br \/>\n<a href=\"http:\/\/www.caudete.org\/ordenanzas\/ORDENANZAS FISCALES\/ORDENANZA N\u00ba 27 REGULADORA PRECIOS SERVICIO ESCUELA DE MUSICA 2017.pdf\" class=\"mtli_attachment mtli_pdf\">ORDENANZA N\u00ba 27 REGULADORA PRECIOS PUBLICOS SERVICIO ESCUELA DE MUSICA Y DANZA &#8211; 2017<\/a><br \/>\n<a href=\"http:\/\/www.caudete.org\/ordenanzas\/ORDENANZAS FISCALES\/ORDENANZA N\u00ba 27 REGULADORA PRECIOS SERVICIO ESCUELA DE MUSICA 2018.pdf\" class=\"mtli_attachment mtli_pdf\">ORDENANZA N\u00ba 27 REGULADORA PRECIOS PUBLICOS SERVICIO ESCUELA DE MUSICA Y DANZA &#8211;&nbsp; 2018<\/a><br \/>\n<a href=\"http:\/\/www.caudete.org\/ordenanzas\/ORDENANZAS FISCALES\/ORDENANZA N\u00ba 27 REGULADORA PRECIOS SERVICIO ESCUELA DE MUSICA 2019.pdf\" class=\"mtli_attachment mtli_pdf\">ORDENANZA N\u00ba 27 REGULADORA PRECIOS PUBLICOS SERVICIO ESCUELA DE MUSICA Y DANZA &#8211;&nbsp; 2019<\/a><br \/>\n<a href=\"https:\/\/www.caudete.org\/ordenanzas\/ORDENANZAS%20FISCALES\/ORDENANZA%20N%c2%ba%2028%20REGULADORA%20PRECIOS%20PUBLICOS%20SERVICIO%20AYUDA%20DOMICILIO.pdf\" class=\"mtli_attachment mtli_pdf\">ORDENANZA N\u00ba 28 REGULADORA PRECIOS PUBLICOS SERVICIO AYUDA DOMICILIO<\/a><br \/>\n<a href=\"https:\/\/www.dipualba.es\/bop\/ficheros\/2025\/46\/BOP%2046-25-P-38.PDF\" class=\"mtli_attachment mtli_pdf\" target=\"_blank\" rel=\"nofollow\">ORDENANZA N\u00ba 28 REGULADORA PRECIOS PUBLICOS SERVICIO AYUDA DOMICILIO &#8211; 2025<\/a><br \/>\n<a href=\"http:\/\/www.caudete.org\/ordenanzas\/ORDENANZAS FISCALES\/ORDENANZA N\u00ba 29 GENERAL DE GESTION, RECAUDACION E INSPECCION.pdf\" class=\"mtli_attachment mtli_pdf\">ORDENANZA N\u00ba 29 GENERAL DE GESTION, RECAUDACION E INSPECCION<\/a><br \/>\n<a href=\"http:\/\/www.caudete.org\/ordenanzas\/ORDENANZAS FISCALES\/ORDENANZA N\u00ba 30 REGULADORA TASA POR PRESTACION DE SERVICIOS DE MATRIMONIOS CIVILES.pdf\" class=\"mtli_attachment mtli_pdf\">ORDENANZA N\u00ba 30 TASA REGULADORA DE PRESTACION DE SERVICIOS DE MATRIMONIOS CIVILES<\/a><br \/>\n<a href=\"http:\/\/www.caudete.org\/ordenanzas\/ORDENANZAS FISCALES\/ORDENANZA N\u00ba 31 REGULADORA PRECIOS PUBLICOS ACTIVIDADES ORGANIZ. EN INSTALAC. MUNICIP. POR EL AYTO DE CULTURA Y EDUCACION.pdf\" class=\"mtli_attachment mtli_pdf\">ORDENANZA N\u00ba 31 REGULADORA PRECIOS PUBLICOS ACTIVIDADES ORGANIZADAS EN INSTALACIONES MUNICIPALES POR EL AYUNTAMIENTO DE CULTURA Y EDUCACION<\/a><br \/>\n<a href=\"https:\/\/www.caudete.org\/ayuntamiento\/wp-content\/uploads\/2022\/05\/BOP-47-22-P-14.-Ordenanza-Fiscal-35.pdf\" class=\"mtli_attachment mtli_pdf\">ORDENANZA&nbsp; N\u00ba 35 REGULADORA TASA UTILIZACION ALBERGUES MUNICIPALES<\/a><br \/>\n<a href=\"https:\/\/www.dipualba.es\/bop\/ficheros\/2025\/129\/BOP%20129-25-P-44.PDF\" class=\"mtli_attachment mtli_pdf\" target=\"_blank\" rel=\"nofollow\">ORDENANZA FISCAL REGULADORA DE LA TASA POR DERECHOS DE EXAMEN &#8211; DEROGADA 2025<\/a><br \/>\n<a href=\"https:\/\/www.caudete.org\/ayuntamiento\/wp-content\/uploads\/2021\/12\/Ordenanza-fiscal-reguladora-del-impuesto-sobre-gastos-suntuarios.pdf\" class=\"mtli_attachment mtli_pdf\">ORDENANZA FISCAL REGULATORA DEL IMPUESTO SOBRE GASTOS SUNTUARIOS<\/a><br \/>\n<a href=\"https:\/\/bop.dipualba.es\/servicesajax\/descargararchivopaginaBOP\/296197\" target=\"_blank\" rel=\"nofollow\">ORDENANZA FISCAL REGULADORA CURSOS Y TALLERES IMPARTIDOS EN EL CENTRO DE MAYORES &#8211; 2026<\/a><\/p>\n<p>&nbsp;<\/p>\n","protected":false},"excerpt":{"rendered":"<p>ORDENANZA N\u00ba 01 &#8211; IMPUESTO SOBRE BIENES INMUEBLES ORDENANZA N\u00ba 02 IMPUESTO VEH\u00cdCULO TRACCI\u00d3N MEC\u00c1NICA ORDENANZA N\u00ba 03 PLUSVALIAS ORDENANZA N\u00ba 04 IMPUESTO CONSTRUCCIONES INSTALACIONES Y OBRAS 2007 ORDENANZA N\u00ba 04 IMPUESTO CONSTRUCCIONES INSTALACIONES Y OBRAS 2022 ORDENANZA N\u00ba 04 IMPUESTO CONSTRUCCIONES INSTALACIONES Y OBRAS 2023 ORDENANZA N\u00ba 06 LICENCIAS APERTURA 2007 ORDENANZA N\u00ba 07 &hellip;<\/p>\n","protected":false},"author":1,"featured_media":0,"parent":0,"menu_order":0,"comment_status":"closed","ping_status":"closed","template":"","meta":{"ngg_post_thumbnail":0,"footnotes":""},"categories":[],"tags":[],"class_list":["post-5408","page","type-page","status-publish","hentry"],"yoast_head":"<!-- This site is optimized with the Yoast SEO plugin v27.5 - https:\/\/yoast.com\/product\/yoast-seo-wordpress\/ -->\n<title>Ordenanzas Fiscales - MI Ayuntamiento de Caudete<\/title>\n<meta name=\"description\" content=\"P\u00e1gina Oficial del Ayuntamiento de Caudete (Albacete)\" \/>\n<meta name=\"robots\" content=\"index, follow, max-snippet:-1, max-image-preview:large, max-video-preview:-1\" \/>\n<link rel=\"canonical\" href=\"https:\/\/www.caudete.org\/ayuntamiento\/ordenanzas-fiscales\/\" \/>\n<meta property=\"og:locale\" content=\"es_ES\" \/>\n<meta property=\"og:type\" content=\"article\" \/>\n<meta property=\"og:title\" content=\"Ordenanzas Fiscales - MI Ayuntamiento de Caudete\" \/>\n<meta property=\"og:description\" content=\"P\u00e1gina Oficial del Ayuntamiento de Caudete (Albacete)\" \/>\n<meta property=\"og:url\" content=\"https:\/\/www.caudete.org\/ayuntamiento\/ordenanzas-fiscales\/\" \/>\n<meta property=\"og:site_name\" content=\"MI Ayuntamiento de Caudete\" \/>\n<meta property=\"article:publisher\" content=\"https:\/\/www.facebook.com\/ayuntamientocaudete\/\" \/>\n<meta property=\"article:modified_time\" content=\"2026-02-23T10:51:20+00:00\" \/>\n<meta name=\"twitter:card\" content=\"summary_large_image\" \/>\n<meta name=\"twitter:label1\" content=\"Tiempo de lectura\" \/>\n\t<meta name=\"twitter:data1\" content=\"2 minutos\" \/>\n<script type=\"application\/ld+json\" class=\"yoast-schema-graph\">{\"@context\":\"https:\\\/\\\/schema.org\",\"@graph\":[{\"@type\":\"WebPage\",\"@id\":\"https:\\\/\\\/www.caudete.org\\\/ayuntamiento\\\/ordenanzas-fiscales\\\/\",\"url\":\"https:\\\/\\\/www.caudete.org\\\/ayuntamiento\\\/ordenanzas-fiscales\\\/\",\"name\":\"Ordenanzas Fiscales - MI Ayuntamiento de Caudete\",\"isPartOf\":{\"@id\":\"https:\\\/\\\/www.caudete.org\\\/ayuntamiento\\\/#website\"},\"datePublished\":\"2020-11-22T13:26:12+00:00\",\"dateModified\":\"2026-02-23T10:51:20+00:00\",\"description\":\"P\u00e1gina Oficial del Ayuntamiento de Caudete (Albacete)\",\"breadcrumb\":{\"@id\":\"https:\\\/\\\/www.caudete.org\\\/ayuntamiento\\\/ordenanzas-fiscales\\\/#breadcrumb\"},\"inLanguage\":\"es\",\"potentialAction\":[{\"@type\":\"ReadAction\",\"target\":[\"https:\\\/\\\/www.caudete.org\\\/ayuntamiento\\\/ordenanzas-fiscales\\\/\"]}]},{\"@type\":\"BreadcrumbList\",\"@id\":\"https:\\\/\\\/www.caudete.org\\\/ayuntamiento\\\/ordenanzas-fiscales\\\/#breadcrumb\",\"itemListElement\":[{\"@type\":\"ListItem\",\"position\":1,\"name\":\"Inicio\",\"item\":\"https:\\\/\\\/www.caudete.org\\\/ayuntamiento\\\/\"},{\"@type\":\"ListItem\",\"position\":2,\"name\":\"Ordenanzas Fiscales\"}]},{\"@type\":\"WebSite\",\"@id\":\"https:\\\/\\\/www.caudete.org\\\/ayuntamiento\\\/#website\",\"url\":\"https:\\\/\\\/www.caudete.org\\\/ayuntamiento\\\/\",\"name\":\"MI Ayuntamiento de Caudete\",\"description\":\"P\u00e1gina Oficial del MI Ayuntamiento de Caudete\",\"potentialAction\":[{\"@type\":\"SearchAction\",\"target\":{\"@type\":\"EntryPoint\",\"urlTemplate\":\"https:\\\/\\\/www.caudete.org\\\/ayuntamiento\\\/?s={search_term_string}\"},\"query-input\":{\"@type\":\"PropertyValueSpecification\",\"valueRequired\":true,\"valueName\":\"search_term_string\"}}],\"inLanguage\":\"es\"}]}<\/script>\n<!-- \/ Yoast SEO plugin. -->","yoast_head_json":{"title":"Ordenanzas Fiscales - MI Ayuntamiento de Caudete","description":"P\u00e1gina Oficial del Ayuntamiento de Caudete (Albacete)","robots":{"index":"index","follow":"follow","max-snippet":"max-snippet:-1","max-image-preview":"max-image-preview:large","max-video-preview":"max-video-preview:-1"},"canonical":"https:\/\/www.caudete.org\/ayuntamiento\/ordenanzas-fiscales\/","og_locale":"es_ES","og_type":"article","og_title":"Ordenanzas Fiscales - MI Ayuntamiento de Caudete","og_description":"P\u00e1gina Oficial del Ayuntamiento de Caudete (Albacete)","og_url":"https:\/\/www.caudete.org\/ayuntamiento\/ordenanzas-fiscales\/","og_site_name":"MI Ayuntamiento de Caudete","article_publisher":"https:\/\/www.facebook.com\/ayuntamientocaudete\/","article_modified_time":"2026-02-23T10:51:20+00:00","twitter_card":"summary_large_image","twitter_misc":{"Tiempo de lectura":"2 minutos"},"schema":{"@context":"https:\/\/schema.org","@graph":[{"@type":"WebPage","@id":"https:\/\/www.caudete.org\/ayuntamiento\/ordenanzas-fiscales\/","url":"https:\/\/www.caudete.org\/ayuntamiento\/ordenanzas-fiscales\/","name":"Ordenanzas Fiscales - MI Ayuntamiento de Caudete","isPartOf":{"@id":"https:\/\/www.caudete.org\/ayuntamiento\/#website"},"datePublished":"2020-11-22T13:26:12+00:00","dateModified":"2026-02-23T10:51:20+00:00","description":"P\u00e1gina Oficial del Ayuntamiento de Caudete (Albacete)","breadcrumb":{"@id":"https:\/\/www.caudete.org\/ayuntamiento\/ordenanzas-fiscales\/#breadcrumb"},"inLanguage":"es","potentialAction":[{"@type":"ReadAction","target":["https:\/\/www.caudete.org\/ayuntamiento\/ordenanzas-fiscales\/"]}]},{"@type":"BreadcrumbList","@id":"https:\/\/www.caudete.org\/ayuntamiento\/ordenanzas-fiscales\/#breadcrumb","itemListElement":[{"@type":"ListItem","position":1,"name":"Inicio","item":"https:\/\/www.caudete.org\/ayuntamiento\/"},{"@type":"ListItem","position":2,"name":"Ordenanzas Fiscales"}]},{"@type":"WebSite","@id":"https:\/\/www.caudete.org\/ayuntamiento\/#website","url":"https:\/\/www.caudete.org\/ayuntamiento\/","name":"MI Ayuntamiento de Caudete","description":"P\u00e1gina Oficial del MI Ayuntamiento de Caudete","potentialAction":[{"@type":"SearchAction","target":{"@type":"EntryPoint","urlTemplate":"https:\/\/www.caudete.org\/ayuntamiento\/?s={search_term_string}"},"query-input":{"@type":"PropertyValueSpecification","valueRequired":true,"valueName":"search_term_string"}}],"inLanguage":"es"}]}},"_links":{"self":[{"href":"https:\/\/www.caudete.org\/ayuntamiento\/wp-json\/wp\/v2\/pages\/5408","targetHints":{"allow":["GET"]}}],"collection":[{"href":"https:\/\/www.caudete.org\/ayuntamiento\/wp-json\/wp\/v2\/pages"}],"about":[{"href":"https:\/\/www.caudete.org\/ayuntamiento\/wp-json\/wp\/v2\/types\/page"}],"author":[{"embeddable":true,"href":"https:\/\/www.caudete.org\/ayuntamiento\/wp-json\/wp\/v2\/users\/1"}],"replies":[{"embeddable":true,"href":"https:\/\/www.caudete.org\/ayuntamiento\/wp-json\/wp\/v2\/comments?post=5408"}],"version-history":[{"count":56,"href":"https:\/\/www.caudete.org\/ayuntamiento\/wp-json\/wp\/v2\/pages\/5408\/revisions"}],"predecessor-version":[{"id":32742,"href":"https:\/\/www.caudete.org\/ayuntamiento\/wp-json\/wp\/v2\/pages\/5408\/revisions\/32742"}],"wp:attachment":[{"href":"https:\/\/www.caudete.org\/ayuntamiento\/wp-json\/wp\/v2\/media?parent=5408"}],"wp:term":[{"taxonomy":"category","embeddable":true,"href":"https:\/\/www.caudete.org\/ayuntamiento\/wp-json\/wp\/v2\/categories?post=5408"},{"taxonomy":"post_tag","embeddable":true,"href":"https:\/\/www.caudete.org\/ayuntamiento\/wp-json\/wp\/v2\/tags?post=5408"}],"curies":[{"name":"wp","href":"https:\/\/api.w.org\/{rel}","templated":true}]}}