{"id":5733,"date":"2020-11-24T21:19:09","date_gmt":"2020-11-24T20:19:09","guid":{"rendered":"http:\/\/www.caudete.org\/ayuntamiento\/?page_id=5733"},"modified":"2026-03-09T18:18:36","modified_gmt":"2026-03-09T17:18:36","slug":"telefonos-de-interes","status":"publish","type":"page","link":"https:\/\/www.caudete.org\/ayuntamiento\/telefonos-de-interes\/","title":{"rendered":"Tel\u00e9fonos de inter\u00e9s"},"content":{"rendered":"<table style=\"border-collapse: collapse; width: 100%; border: 1px solid #e0e0e0; font-family: sans-serif;\">\n<thead>\n<tr style=\"background-color: #f8f9fa;\">\n<th style=\"padding: 15px; text-align: left; width: 50%; border-bottom: 2px solid #eeeeee;\"><span style=\"font-size: 18pt; color: #333;\"><strong>Ayuntamiento<\/strong><\/span><\/th>\n<th style=\"padding: 15px; text-align: left; width: 50%; border-bottom: 2px solid #eeeeee;\"><span style=\"font-size: 18pt; color: #333;\"><strong>Otros tel\u00e9fonos<\/strong><\/span><\/th>\n<\/tr>\n<\/thead>\n<tbody>\n<tr>\n<td style=\"padding: 15px; vertical-align: top; border-right: 1px solid #eeeeee;\">\n<p style=\"font-size: 12pt; line-height: 1.6; margin: 0;\">Servicio Atenci\u00f3n Ciudadana: <strong>96 582 70 00<\/strong><br \/>\nServicio de Agua: <strong>96 582 58 69<\/strong><br \/>\nServicios Sociales: <strong>96 582 79 33<\/strong><br \/>\nCasa de Cultura: <strong>96 582 81 30<\/strong><br \/>\nBiblioteca P\u00fablica Municipal: <strong>96 582 81 31<\/strong><br \/>\nOMIC: <strong>96 582 81 33<\/strong><br \/>\nOficina de Turismo: <strong>96 582 81 34<\/strong><br \/>\nSala Joven: <strong>96 582 82 84<\/strong><br \/>\nDepartamento Deportes: <strong>96 582 73 16<\/strong><br \/>\nPiscina Cubierta: <strong>96 582 82 17<\/strong><br \/>\nEscuela Taller: <strong>96 582 77 69<\/strong><br \/>\nCentro de la Mujer: <strong>96 582 55 17<\/strong><br \/>\nAlmac\u00e9n de Obras: <strong>96 582 76 92<\/strong><br \/>\nCentro \u201cEl \u00c1ngel\u201d: <strong>96 582 76 94<\/strong><br \/>\nEscuela de M\u00fasica: <strong>96 582 79 48<\/strong><\/p>\n<\/td>\n<td style=\"padding: 15px; vertical-align: top;\">\n<p style=\"font-size: 12pt; line-height: 1.6; margin: 0;\">Polic\u00eda Local: <strong>96 582 70 34<\/strong><br \/>\nGuardia Civil: <strong>96 582 70 04<\/strong><br \/>\nCruz Roja: <strong>96 582 72 85<\/strong><br \/>\nJuzgado: <strong>96 582 70 02<\/strong><br \/>\nClub Pensionista: <strong>96 582 55 24<\/strong><br \/>\nCentro de D\u00eda: <strong>96 582 57 47<\/strong><\/p>\n<h3 style=\"font-size: 18pt; margin-top: 20px; margin-bottom: 10px;\">Centro de Salud:<\/h3>\n<p style=\"font-size: 12pt; line-height: 1.6; margin: 0;\">Urgencias: <strong>96 582 53 35<\/strong><br \/>\nCita Previa: <strong>96 582 51 45<\/strong><\/p>\n<div style=\"margin-top: 30px; padding: 10px; background-color: #fff0f0; border-left: 5px solid #d32f2f;\"><span style=\"font-size: 18pt; color: #d32f2f;\"><strong>EMERGENCIAS: 112<\/strong><\/span><\/div>\n<\/td>\n<\/tr>\n<\/tbody>\n<\/table>\n","protected":false},"excerpt":{"rendered":"<p>Ayuntamiento Otros tel\u00e9fonos Servicio Atenci\u00f3n Ciudadana: 96 582 70 00 Servicio de Agua: 96 582 58 69 Servicios Sociales: 96 582 79 33 Casa de Cultura: 96 582 81 30 Biblioteca P\u00fablica Municipal: 96 582 81 31 OMIC: 96 582 81 33 Oficina de Turismo: 96 582 81 34 Sala Joven: 96 582 82 84 &hellip;<\/p>\n","protected":false},"author":1,"featured_media":0,"parent":0,"menu_order":0,"comment_status":"closed","ping_status":"closed","template":"","meta":{"ngg_post_thumbnail":0,"footnotes":""},"categories":[],"tags":[],"class_list":["post-5733","page","type-page","status-publish","hentry"],"yoast_head":"<!-- This site is optimized with the Yoast SEO plugin v27.5 - https:\/\/yoast.com\/product\/yoast-seo-wordpress\/ -->\n<title>Tel\u00e9fonos de inter\u00e9s - MI Ayuntamiento de Caudete<\/title>\n<meta name=\"description\" content=\"P\u00e1gina Oficial del Ayuntamiento de Caudete (Albacete)\" \/>\n<meta name=\"robots\" content=\"index, follow, max-snippet:-1, max-image-preview:large, max-video-preview:-1\" \/>\n<link rel=\"canonical\" href=\"https:\/\/www.caudete.org\/ayuntamiento\/telefonos-de-interes\/\" \/>\n<meta property=\"og:locale\" content=\"es_ES\" \/>\n<meta property=\"og:type\" content=\"article\" \/>\n<meta property=\"og:title\" content=\"Tel\u00e9fonos de inter\u00e9s - MI Ayuntamiento de Caudete\" \/>\n<meta property=\"og:description\" content=\"P\u00e1gina Oficial del Ayuntamiento de Caudete (Albacete)\" \/>\n<meta property=\"og:url\" content=\"https:\/\/www.caudete.org\/ayuntamiento\/telefonos-de-interes\/\" \/>\n<meta property=\"og:site_name\" content=\"MI Ayuntamiento de Caudete\" \/>\n<meta property=\"article:publisher\" content=\"https:\/\/www.facebook.com\/ayuntamientocaudete\/\" \/>\n<meta property=\"article:modified_time\" content=\"2026-03-09T17:18:36+00:00\" \/>\n<meta name=\"twitter:card\" content=\"summary_large_image\" \/>\n<meta name=\"twitter:label1\" content=\"Tiempo de lectura\" \/>\n\t<meta name=\"twitter:data1\" content=\"1 minuto\" \/>\n<script type=\"application\/ld+json\" class=\"yoast-schema-graph\">{\"@context\":\"https:\\\/\\\/schema.org\",\"@graph\":[{\"@type\":\"WebPage\",\"@id\":\"https:\\\/\\\/www.caudete.org\\\/ayuntamiento\\\/telefonos-de-interes\\\/\",\"url\":\"https:\\\/\\\/www.caudete.org\\\/ayuntamiento\\\/telefonos-de-interes\\\/\",\"name\":\"Tel\u00e9fonos de inter\u00e9s - MI Ayuntamiento de Caudete\",\"isPartOf\":{\"@id\":\"https:\\\/\\\/www.caudete.org\\\/ayuntamiento\\\/#website\"},\"datePublished\":\"2020-11-24T20:19:09+00:00\",\"dateModified\":\"2026-03-09T17:18:36+00:00\",\"description\":\"P\u00e1gina Oficial del Ayuntamiento de Caudete (Albacete)\",\"breadcrumb\":{\"@id\":\"https:\\\/\\\/www.caudete.org\\\/ayuntamiento\\\/telefonos-de-interes\\\/#breadcrumb\"},\"inLanguage\":\"es\",\"potentialAction\":[{\"@type\":\"ReadAction\",\"target\":[\"https:\\\/\\\/www.caudete.org\\\/ayuntamiento\\\/telefonos-de-interes\\\/\"]}]},{\"@type\":\"BreadcrumbList\",\"@id\":\"https:\\\/\\\/www.caudete.org\\\/ayuntamiento\\\/telefonos-de-interes\\\/#breadcrumb\",\"itemListElement\":[{\"@type\":\"ListItem\",\"position\":1,\"name\":\"Inicio\",\"item\":\"https:\\\/\\\/www.caudete.org\\\/ayuntamiento\\\/\"},{\"@type\":\"ListItem\",\"position\":2,\"name\":\"Tel\u00e9fonos de inter\u00e9s\"}]},{\"@type\":\"WebSite\",\"@id\":\"https:\\\/\\\/www.caudete.org\\\/ayuntamiento\\\/#website\",\"url\":\"https:\\\/\\\/www.caudete.org\\\/ayuntamiento\\\/\",\"name\":\"MI Ayuntamiento de Caudete\",\"description\":\"P\u00e1gina Oficial del MI Ayuntamiento de Caudete\",\"potentialAction\":[{\"@type\":\"SearchAction\",\"target\":{\"@type\":\"EntryPoint\",\"urlTemplate\":\"https:\\\/\\\/www.caudete.org\\\/ayuntamiento\\\/?s={search_term_string}\"},\"query-input\":{\"@type\":\"PropertyValueSpecification\",\"valueRequired\":true,\"valueName\":\"search_term_string\"}}],\"inLanguage\":\"es\"}]}<\/script>\n<!-- \/ Yoast SEO plugin. -->","yoast_head_json":{"title":"Tel\u00e9fonos de inter\u00e9s - MI Ayuntamiento de Caudete","description":"P\u00e1gina Oficial del Ayuntamiento de Caudete (Albacete)","robots":{"index":"index","follow":"follow","max-snippet":"max-snippet:-1","max-image-preview":"max-image-preview:large","max-video-preview":"max-video-preview:-1"},"canonical":"https:\/\/www.caudete.org\/ayuntamiento\/telefonos-de-interes\/","og_locale":"es_ES","og_type":"article","og_title":"Tel\u00e9fonos de inter\u00e9s - MI Ayuntamiento de Caudete","og_description":"P\u00e1gina Oficial del Ayuntamiento de Caudete (Albacete)","og_url":"https:\/\/www.caudete.org\/ayuntamiento\/telefonos-de-interes\/","og_site_name":"MI Ayuntamiento de Caudete","article_publisher":"https:\/\/www.facebook.com\/ayuntamientocaudete\/","article_modified_time":"2026-03-09T17:18:36+00:00","twitter_card":"summary_large_image","twitter_misc":{"Tiempo de lectura":"1 minuto"},"schema":{"@context":"https:\/\/schema.org","@graph":[{"@type":"WebPage","@id":"https:\/\/www.caudete.org\/ayuntamiento\/telefonos-de-interes\/","url":"https:\/\/www.caudete.org\/ayuntamiento\/telefonos-de-interes\/","name":"Tel\u00e9fonos de inter\u00e9s - MI Ayuntamiento de Caudete","isPartOf":{"@id":"https:\/\/www.caudete.org\/ayuntamiento\/#website"},"datePublished":"2020-11-24T20:19:09+00:00","dateModified":"2026-03-09T17:18:36+00:00","description":"P\u00e1gina Oficial del Ayuntamiento de Caudete (Albacete)","breadcrumb":{"@id":"https:\/\/www.caudete.org\/ayuntamiento\/telefonos-de-interes\/#breadcrumb"},"inLanguage":"es","potentialAction":[{"@type":"ReadAction","target":["https:\/\/www.caudete.org\/ayuntamiento\/telefonos-de-interes\/"]}]},{"@type":"BreadcrumbList","@id":"https:\/\/www.caudete.org\/ayuntamiento\/telefonos-de-interes\/#breadcrumb","itemListElement":[{"@type":"ListItem","position":1,"name":"Inicio","item":"https:\/\/www.caudete.org\/ayuntamiento\/"},{"@type":"ListItem","position":2,"name":"Tel\u00e9fonos de inter\u00e9s"}]},{"@type":"WebSite","@id":"https:\/\/www.caudete.org\/ayuntamiento\/#website","url":"https:\/\/www.caudete.org\/ayuntamiento\/","name":"MI Ayuntamiento de Caudete","description":"P\u00e1gina Oficial del MI Ayuntamiento de Caudete","potentialAction":[{"@type":"SearchAction","target":{"@type":"EntryPoint","urlTemplate":"https:\/\/www.caudete.org\/ayuntamiento\/?s={search_term_string}"},"query-input":{"@type":"PropertyValueSpecification","valueRequired":true,"valueName":"search_term_string"}}],"inLanguage":"es"}]}},"_links":{"self":[{"href":"https:\/\/www.caudete.org\/ayuntamiento\/wp-json\/wp\/v2\/pages\/5733","targetHints":{"allow":["GET"]}}],"collection":[{"href":"https:\/\/www.caudete.org\/ayuntamiento\/wp-json\/wp\/v2\/pages"}],"about":[{"href":"https:\/\/www.caudete.org\/ayuntamiento\/wp-json\/wp\/v2\/types\/page"}],"author":[{"embeddable":true,"href":"https:\/\/www.caudete.org\/ayuntamiento\/wp-json\/wp\/v2\/users\/1"}],"replies":[{"embeddable":true,"href":"https:\/\/www.caudete.org\/ayuntamiento\/wp-json\/wp\/v2\/comments?post=5733"}],"version-history":[{"count":24,"href":"https:\/\/www.caudete.org\/ayuntamiento\/wp-json\/wp\/v2\/pages\/5733\/revisions"}],"predecessor-version":[{"id":32949,"href":"https:\/\/www.caudete.org\/ayuntamiento\/wp-json\/wp\/v2\/pages\/5733\/revisions\/32949"}],"wp:attachment":[{"href":"https:\/\/www.caudete.org\/ayuntamiento\/wp-json\/wp\/v2\/media?parent=5733"}],"wp:term":[{"taxonomy":"category","embeddable":true,"href":"https:\/\/www.caudete.org\/ayuntamiento\/wp-json\/wp\/v2\/categories?post=5733"},{"taxonomy":"post_tag","embeddable":true,"href":"https:\/\/www.caudete.org\/ayuntamiento\/wp-json\/wp\/v2\/tags?post=5733"}],"curies":[{"name":"wp","href":"https:\/\/api.w.org\/{rel}","templated":true}]}}