{"id":5824,"date":"2020-11-28T17:52:59","date_gmt":"2020-11-28T16:52:59","guid":{"rendered":"http:\/\/www.caudete.org\/ayuntamiento\/?page_id=5824"},"modified":"2020-11-28T18:28:50","modified_gmt":"2020-11-28T17:28:50","slug":"enlaces-de-interes","status":"publish","type":"page","link":"https:\/\/www.caudete.org\/ayuntamiento\/enlaces-de-interes\/","title":{"rendered":"Enlaces de Inter\u00e9s"},"content":{"rendered":"<ul>\n<li><a href=\"http:\/\/www.mujeressantabarbara.es\" target=\"_blank\" rel=\"noopener noreferrer nofollow\">Mujeres Santa B\u00e1rbara<\/a><\/li>\n<li><a href=\"http:\/\/cexc.blogspot.com\" target=\"_blank\" rel=\"noopener noreferrer nofollow\">Centro Excursionista de Caudete<\/a><\/li>\n<li><a href=\"http:\/\/www.unionmusical.caudete.org\" target=\"_blank\" rel=\"noopener noreferrer nofollow\">Uni\u00f3n Musical Santa Cecilia<\/a><\/li>\n<li><a href=\"http:\/\/bailesnino.wordpress.com\/\" target=\"_blank\" rel=\"noopener noreferrer nofollow\">Agrupaci\u00f3n Bailes de Ni\u00f1o<\/a><\/li>\n<li><a href=\"https:\/\/caudetedigital.com\" target=\"_blank\" rel=\"noopener noreferrer nofollow\">Caudete Digital<\/a><\/li>\n<li><a href=\"http:\/\/www.comparsas.net\" target=\"_blank\" rel=\"noopener noreferrer nofollow\">Asociaci\u00f3n de Comparsas<\/a><\/li>\n<li><a href=\"http:\/\/www.mayordomiavirgendegraciacaudete.org\" target=\"_blank\" rel=\"noopener noreferrer nofollow\">Mayordom\u00eda Virgen de Gracia<\/a><\/li>\n<li><a href=\"http:\/\/www.comparsadeguerreros.es\" target=\"_blank\" rel=\"noopener noreferrer nofollow\">Comparsa de Guerreros<\/a><\/li>\n<li><a href=\"http:\/\/www.mirenos.org\" target=\"_blank\" rel=\"noopener noreferrer nofollow\">Comparsa de Mirenos<\/a><\/li>\n<li><a href=\"https:\/\/www.facebook.com\/comparsatarik.tarik\" target=\"_blank\" rel=\"noopener noreferrer nofollow\">Comparsa de Tarik<\/a><\/li>\n<li><a href=\"http:\/\/comparsamoros.blogspot.com\/\" target=\"_blank\" rel=\"noopener noreferrer nofollow\">Comparsa de Moros<\/a><\/li>\n<li><a href=\"http:\/\/www.antiguacaudete.blogspot.com\" target=\"_blank\" rel=\"noopener noreferrer nofollow\">Comparsa La Antigua<\/a><\/li>\n<\/ul>\n","protected":false},"excerpt":{"rendered":"<p>Mujeres Santa B\u00e1rbara Centro Excursionista de Caudete Uni\u00f3n Musical Santa Cecilia Agrupaci\u00f3n Bailes de Ni\u00f1o Caudete Digital Asociaci\u00f3n de Comparsas Mayordom\u00eda Virgen de Gracia Comparsa de Guerreros Comparsa de Mirenos Comparsa de Tarik Comparsa de Moros Comparsa La Antigua<\/p>\n","protected":false},"author":1,"featured_media":0,"parent":0,"menu_order":0,"comment_status":"closed","ping_status":"closed","template":"","meta":{"ngg_post_thumbnail":0,"footnotes":""},"categories":[],"tags":[],"class_list":["post-5824","page","type-page","status-publish","hentry"],"yoast_head":"<!-- This site is optimized with the Yoast SEO plugin v27.5 - https:\/\/yoast.com\/product\/yoast-seo-wordpress\/ -->\n<title>Enlaces de Inter\u00e9s - MI Ayuntamiento de Caudete<\/title>\n<meta name=\"description\" content=\"P\u00e1gina Oficial del Ayuntamiento de Caudete (Albacete)\" \/>\n<meta name=\"robots\" content=\"index, follow, max-snippet:-1, max-image-preview:large, max-video-preview:-1\" \/>\n<link rel=\"canonical\" href=\"https:\/\/www.caudete.org\/ayuntamiento\/enlaces-de-interes\/\" \/>\n<meta property=\"og:locale\" content=\"es_ES\" \/>\n<meta property=\"og:type\" content=\"article\" \/>\n<meta property=\"og:title\" content=\"Enlaces de Inter\u00e9s - MI Ayuntamiento de Caudete\" \/>\n<meta property=\"og:description\" content=\"P\u00e1gina Oficial del Ayuntamiento de Caudete (Albacete)\" \/>\n<meta property=\"og:url\" content=\"https:\/\/www.caudete.org\/ayuntamiento\/enlaces-de-interes\/\" \/>\n<meta property=\"og:site_name\" content=\"MI Ayuntamiento de Caudete\" \/>\n<meta property=\"article:publisher\" content=\"https:\/\/www.facebook.com\/ayuntamientocaudete\/\" \/>\n<meta property=\"article:modified_time\" content=\"2020-11-28T17:28:50+00:00\" \/>\n<meta name=\"twitter:card\" content=\"summary_large_image\" \/>\n<script type=\"application\/ld+json\" class=\"yoast-schema-graph\">{\"@context\":\"https:\\\/\\\/schema.org\",\"@graph\":[{\"@type\":\"WebPage\",\"@id\":\"https:\\\/\\\/www.caudete.org\\\/ayuntamiento\\\/enlaces-de-interes\\\/\",\"url\":\"https:\\\/\\\/www.caudete.org\\\/ayuntamiento\\\/enlaces-de-interes\\\/\",\"name\":\"Enlaces de Inter\u00e9s - MI Ayuntamiento de Caudete\",\"isPartOf\":{\"@id\":\"https:\\\/\\\/www.caudete.org\\\/ayuntamiento\\\/#website\"},\"datePublished\":\"2020-11-28T16:52:59+00:00\",\"dateModified\":\"2020-11-28T17:28:50+00:00\",\"description\":\"P\u00e1gina Oficial del Ayuntamiento de Caudete (Albacete)\",\"breadcrumb\":{\"@id\":\"https:\\\/\\\/www.caudete.org\\\/ayuntamiento\\\/enlaces-de-interes\\\/#breadcrumb\"},\"inLanguage\":\"es\",\"potentialAction\":[{\"@type\":\"ReadAction\",\"target\":[\"https:\\\/\\\/www.caudete.org\\\/ayuntamiento\\\/enlaces-de-interes\\\/\"]}]},{\"@type\":\"BreadcrumbList\",\"@id\":\"https:\\\/\\\/www.caudete.org\\\/ayuntamiento\\\/enlaces-de-interes\\\/#breadcrumb\",\"itemListElement\":[{\"@type\":\"ListItem\",\"position\":1,\"name\":\"Inicio\",\"item\":\"https:\\\/\\\/www.caudete.org\\\/ayuntamiento\\\/\"},{\"@type\":\"ListItem\",\"position\":2,\"name\":\"Enlaces de Inter\u00e9s\"}]},{\"@type\":\"WebSite\",\"@id\":\"https:\\\/\\\/www.caudete.org\\\/ayuntamiento\\\/#website\",\"url\":\"https:\\\/\\\/www.caudete.org\\\/ayuntamiento\\\/\",\"name\":\"MI Ayuntamiento de Caudete\",\"description\":\"P\u00e1gina Oficial del MI Ayuntamiento de Caudete\",\"potentialAction\":[{\"@type\":\"SearchAction\",\"target\":{\"@type\":\"EntryPoint\",\"urlTemplate\":\"https:\\\/\\\/www.caudete.org\\\/ayuntamiento\\\/?s={search_term_string}\"},\"query-input\":{\"@type\":\"PropertyValueSpecification\",\"valueRequired\":true,\"valueName\":\"search_term_string\"}}],\"inLanguage\":\"es\"}]}<\/script>\n<!-- \/ Yoast SEO plugin. -->","yoast_head_json":{"title":"Enlaces de Inter\u00e9s - MI Ayuntamiento de Caudete","description":"P\u00e1gina Oficial del Ayuntamiento de Caudete (Albacete)","robots":{"index":"index","follow":"follow","max-snippet":"max-snippet:-1","max-image-preview":"max-image-preview:large","max-video-preview":"max-video-preview:-1"},"canonical":"https:\/\/www.caudete.org\/ayuntamiento\/enlaces-de-interes\/","og_locale":"es_ES","og_type":"article","og_title":"Enlaces de Inter\u00e9s - MI Ayuntamiento de Caudete","og_description":"P\u00e1gina Oficial del Ayuntamiento de Caudete (Albacete)","og_url":"https:\/\/www.caudete.org\/ayuntamiento\/enlaces-de-interes\/","og_site_name":"MI Ayuntamiento de Caudete","article_publisher":"https:\/\/www.facebook.com\/ayuntamientocaudete\/","article_modified_time":"2020-11-28T17:28:50+00:00","twitter_card":"summary_large_image","schema":{"@context":"https:\/\/schema.org","@graph":[{"@type":"WebPage","@id":"https:\/\/www.caudete.org\/ayuntamiento\/enlaces-de-interes\/","url":"https:\/\/www.caudete.org\/ayuntamiento\/enlaces-de-interes\/","name":"Enlaces de Inter\u00e9s - MI Ayuntamiento de Caudete","isPartOf":{"@id":"https:\/\/www.caudete.org\/ayuntamiento\/#website"},"datePublished":"2020-11-28T16:52:59+00:00","dateModified":"2020-11-28T17:28:50+00:00","description":"P\u00e1gina Oficial del Ayuntamiento de Caudete (Albacete)","breadcrumb":{"@id":"https:\/\/www.caudete.org\/ayuntamiento\/enlaces-de-interes\/#breadcrumb"},"inLanguage":"es","potentialAction":[{"@type":"ReadAction","target":["https:\/\/www.caudete.org\/ayuntamiento\/enlaces-de-interes\/"]}]},{"@type":"BreadcrumbList","@id":"https:\/\/www.caudete.org\/ayuntamiento\/enlaces-de-interes\/#breadcrumb","itemListElement":[{"@type":"ListItem","position":1,"name":"Inicio","item":"https:\/\/www.caudete.org\/ayuntamiento\/"},{"@type":"ListItem","position":2,"name":"Enlaces de Inter\u00e9s"}]},{"@type":"WebSite","@id":"https:\/\/www.caudete.org\/ayuntamiento\/#website","url":"https:\/\/www.caudete.org\/ayuntamiento\/","name":"MI Ayuntamiento de Caudete","description":"P\u00e1gina Oficial del MI Ayuntamiento de Caudete","potentialAction":[{"@type":"SearchAction","target":{"@type":"EntryPoint","urlTemplate":"https:\/\/www.caudete.org\/ayuntamiento\/?s={search_term_string}"},"query-input":{"@type":"PropertyValueSpecification","valueRequired":true,"valueName":"search_term_string"}}],"inLanguage":"es"}]}},"_links":{"self":[{"href":"https:\/\/www.caudete.org\/ayuntamiento\/wp-json\/wp\/v2\/pages\/5824","targetHints":{"allow":["GET"]}}],"collection":[{"href":"https:\/\/www.caudete.org\/ayuntamiento\/wp-json\/wp\/v2\/pages"}],"about":[{"href":"https:\/\/www.caudete.org\/ayuntamiento\/wp-json\/wp\/v2\/types\/page"}],"author":[{"embeddable":true,"href":"https:\/\/www.caudete.org\/ayuntamiento\/wp-json\/wp\/v2\/users\/1"}],"replies":[{"embeddable":true,"href":"https:\/\/www.caudete.org\/ayuntamiento\/wp-json\/wp\/v2\/comments?post=5824"}],"version-history":[{"count":6,"href":"https:\/\/www.caudete.org\/ayuntamiento\/wp-json\/wp\/v2\/pages\/5824\/revisions"}],"predecessor-version":[{"id":5826,"href":"https:\/\/www.caudete.org\/ayuntamiento\/wp-json\/wp\/v2\/pages\/5824\/revisions\/5826"}],"wp:attachment":[{"href":"https:\/\/www.caudete.org\/ayuntamiento\/wp-json\/wp\/v2\/media?parent=5824"}],"wp:term":[{"taxonomy":"category","embeddable":true,"href":"https:\/\/www.caudete.org\/ayuntamiento\/wp-json\/wp\/v2\/categories?post=5824"},{"taxonomy":"post_tag","embeddable":true,"href":"https:\/\/www.caudete.org\/ayuntamiento\/wp-json\/wp\/v2\/tags?post=5824"}],"curies":[{"name":"wp","href":"https:\/\/api.w.org\/{rel}","templated":true}]}}