{"id":6245,"date":"2020-12-04T17:23:10","date_gmt":"2020-12-04T16:23:10","guid":{"rendered":"http:\/\/www.caudete.org\/ayuntamiento\/?page_id=6245"},"modified":"2020-12-05T13:46:33","modified_gmt":"2020-12-05T12:46:33","slug":"desarrollo-local-erasmus-formacion-profesional-2016-caudete-en-europa-juntos-somos","status":"publish","type":"page","link":"https:\/\/www.caudete.org\/ayuntamiento\/desarrollo-local-erasmus-formacion-profesional-2016-caudete-en-europa-juntos-somos\/","title":{"rendered":"Desarrollo Local &#8211; Erasmus + Formaci\u00f3n Profesional 2016 \u201cCaudete en Europa: Juntos Somos+\u201d"},"content":{"rendered":"<p><img fetchpriority=\"high\" decoding=\"async\" class=\"aligncenter size-full wp-image-6247\" src=\"http:\/\/www.caudete.org\/ayuntamiento\/wp-content\/uploads\/2020\/12\/desarrollo1.jpg\" alt=\"\" width=\"800\" height=\"450\" srcset=\"https:\/\/www.caudete.org\/ayuntamiento\/wp-content\/uploads\/2020\/12\/desarrollo1.jpg 800w, https:\/\/www.caudete.org\/ayuntamiento\/wp-content\/uploads\/2020\/12\/desarrollo1-300x169.jpg 300w, https:\/\/www.caudete.org\/ayuntamiento\/wp-content\/uploads\/2020\/12\/desarrollo1-768x432.jpg 768w\" sizes=\"(max-width: 800px) 100vw, 800px\" \/><\/p>\n<p>&nbsp;<\/p>\n<p style=\"text-align: justify;\">El proyecto Erasmus+ \u201cCaudete en Europa: Juntos Somos+\u201d, que ha resultado seleccionado en la convocatoria 2016 del Programa Erasmus+ en el sector de Acciones KA1 de Formaci\u00f3n Profesional, est\u00e1 promovido y coordinado por el Ayuntamiento de Caudete, tiene como socios al IES Pintor Rafael Requena, al Centro de Formaci\u00f3n Albertina Garc\u00eda Llorens y al Centro de Formaci\u00f3n Agron\u00f3micas La Alcoraya y permitir\u00e1 que 17 reci\u00e9n titulados de formaci\u00f3n profesional del municipio, que han cursado estudios en estas entidades este a\u00f1o, puedan realizar pr\u00e1cticas durante un mes en empresas y entidades p\u00fablicas de Italia y Portugal.<\/p>\n<p style=\"text-align: justify;\">El programa Erasmus+, que ha sido calificado por la Comisi\u00f3n Europea como \u201cel programa m\u00e1s importante y m\u00e1s pertinente en los \u00e1mbitos de la educaci\u00f3n, la formaci\u00f3n, la juventud y el deporte\u201d, financiar\u00e1 estas estancias de los participantes en otros pa\u00edses europeos con el objetivo de mejorar sus expectativas de empleo, ayudarles a adquirir nuevas capacidades y experiencias, y apoyar la modernizaci\u00f3n de los sistemas europeos de educaci\u00f3n, formaci\u00f3n y juventud.<\/p>\n<p style=\"text-align: justify;\">Los estudios en los que los participantes se habr\u00e1n titulado antes de realizar las pr\u00e1cticas en el extranjero son, en el \u00e1mbito educativo, los ciclos de formaci\u00f3n profesional de grado medio que se imparten en el IES de Caudete: T\u00e9cnico en Gesti\u00f3n Administrativa, T\u00e9cnico en Instalaciones de Telecomunicaciones y T\u00e9cnico en Atenci\u00f3n a Personas en Situaci\u00f3n de Dependencia; y en el sector de la formaci\u00f3n profesional para el empleo, los certificados de profesionalidad impartidos por el resto de entidades socias del proyecto: Servicios Est\u00e9ticos de Higiene, Depilaci\u00f3n y Maquillaje, que se imparte en el Centro de Formaci\u00f3n Albertina Garc\u00eda Llorens; Manejo y Mantenimiento de Maquinaria Agr\u00edcola, que se imparte en el Centro de Formaci\u00f3n Agron\u00f3micas La Alcoraya; y Soldadura Oxig\u00e1s y Soldadura MIG\/MAG, que se imparte en el Taller de Empleo del propio Ayuntamiento de Caudete.<\/p>\n<p style=\"text-align: justify;\">Adem\u00e1s de lo reci\u00e9n titulados, un profesor del IES Pintor Rafael Requena podr\u00e1 realizar una estancia de 4 d\u00edas en dos entidades socias en Italia, un Instituto de Formaci\u00f3n Profesional y una Asociaci\u00f3n para la Formaci\u00f3n del Profesorado, con el objetivo de conocer pr\u00e1cticas docentes innovadoras e instrumentos europeos para el reconocimiento y transparencia del aprendizaje, que podr\u00e1 trasladar al curr\u00edculo formativo del centro de Caudete.<\/p>\n<p style=\"text-align: justify;\">A lo largo del proyecto, que comenzar\u00e1 a mediados de junio de 2016 y tendr\u00e1 una duraci\u00f3n de un a\u00f1o, los participantes recibir\u00e1n formaci\u00f3n ling\u00fc\u00edstica, cultural y log\u00edstica para la preparaci\u00f3n del viaje, la estancia y las pr\u00e1cticas, as\u00ed como orientaci\u00f3n laboral tras su retorno de las movilidades.<\/p>\n<p style=\"text-align: justify;\">Asimismo, durante el proyecto los participantes utilizar\u00e1n el conjunto de documentos que integran EUROPASS, iniciativa europea que acaba de cumplir diez a\u00f1os y que pone a disposici\u00f3n de los ciudadanos un conjunto de documentos con los que presentar las aptitudes, conocimientos y titulaciones obtenidas a lo largo de la vida, de forma clara y sencilla, con un formato estandarizado y comprensible en cualquier pa\u00eds de la Uni\u00f3n Europea.<\/p>\n<p style=\"text-align: justify;\">En el mes de mayo de 2017, el Ayuntamiento de Caudete organizar\u00e1 unas jornadas de difusi\u00f3n del proyecto y sus resultados a las que podr\u00e1n asistir todas aquellas entidades p\u00fablicas y privadas activas en el sector de la formaci\u00f3n profesional que est\u00e9n intesesadas en conocer el programas Erasmus+ y este tipo de proyectos.<\/p>\n<p style=\"text-align: justify;\">El proyecto, promovido y coordinado desde la Agencia de Empleo y Desarrollo Local del Ayuntamiento de Caudete, ha estado entre los mejor valorados en la convocatoria de 2016, por el Servicio Espa\u00f1ol para la Internacionalizaci\u00f3n de la Educaci\u00f3n (SEPIE), que es la Agencia Nacional espa\u00f1ola para el programa Erasmus+ en el cap\u00edtulo de Educaci\u00f3n y responsable de la selecci\u00f3n de proyectos a financiar en el marco del mismo.<\/p>\n<p style=\"text-align: justify;\">Desde la Concejal\u00eda de Desarrollo Local del Ayuntamiento de Caudete se ha planteado esta iniciativa como estrategia de internacionalizaci\u00f3n de la formaci\u00f3n profesional que se imparte en el municipio, tanto en el \u00e1mbito educativo como en el sector de la formaci\u00f3n profesional para el empleo, y se pretende seguir trabajando en esta l\u00ednea, tanto en beneficio de la formaci\u00f3n de los estudiantes y del profesorado como en pro del desarrollo estrat\u00e9gico de las entidades p\u00fablicas y privadas que trabajan en este sector en la localidad.<\/p>\n<p><strong>Ficheros adjuntos<\/strong><\/p>\n<p><a href=\"http:\/\/www.caudete.org\/ayuntamiento\/eniusimg\/enius146\/2017\/07\/adjuntos_fichero_6fc33688b76ff474.pdf\" class=\"mtli_attachment mtli_pdf\" target=\"_blank\" rel=\"noopener noreferrer\">Difusion 1<\/a><\/p>\n<p><a href=\"http:\/\/www.caudete.org\/ayuntamiento\/eniusimg\/enius146\/2017\/07\/adjuntos_fichero_51e3892bfcfebd82.pdf\" class=\"mtli_attachment mtli_pdf\" target=\"_blank\" rel=\"noopener noreferrer\">Difusion 2<\/a><\/p>\n<p><a href=\"http:\/\/www.caudete.org\/ayuntamiento\/eniusimg\/enius146\/2017\/07\/adjuntos_fichero_c46fbe866e653ea9.pdf\" class=\"mtli_attachment mtli_pdf\" target=\"_blank\" rel=\"noopener noreferrer\">Difusion 3<\/a><\/p>\n<p><a href=\"http:\/\/www.caudete.org\/ayuntamiento\/eniusimg\/enius146\/2017\/07\/adjuntos_fichero_74489a581ced7ade.pdf\" class=\"mtli_attachment mtli_pdf\" target=\"_blank\" rel=\"noopener noreferrer\">Difusion 4<\/a><\/p>\n<p><a href=\"http:\/\/www.caudete.org\/ayuntamiento\/eniusimg\/enius146\/2017\/07\/adjuntos_fichero_e90c185a3294deab.pdf\" class=\"mtli_attachment mtli_pdf\" target=\"_blank\" rel=\"noopener noreferrer\">Difusion 5<\/a><\/p>\n<p><a href=\"http:\/\/www.caudete.org\/ayuntamiento\/eniusimg\/enius146\/2017\/07\/adjuntos_fichero_575d89700b5e3261.pdf\" class=\"mtli_attachment mtli_pdf\" target=\"_blank\" rel=\"noopener noreferrer\">Difusion 6<\/a><\/p>\n<p><a href=\"http:\/\/www.caudete.org\/ayuntamiento\/eniusimg\/enius146\/2017\/07\/adjuntos_fichero_502d9834550f69e5.pdf\" class=\"mtli_attachment mtli_pdf\" target=\"_blank\" rel=\"noopener noreferrer\">Difusion 7<\/a><\/p>\n<p><a href=\"http:\/\/www.caudete.org\/ayuntamiento\/eniusimg\/enius146\/2017\/07\/adjuntos_fichero_be6126245017d1c2.pdf\" class=\"mtli_attachment mtli_pdf\" target=\"_blank\" rel=\"noopener noreferrer\">Difusion 8<\/a><\/p>\n<p><a href=\"http:\/\/www.caudete.org\/ayuntamiento\/eniusimg\/enius146\/2017\/07\/adjuntos_fichero_777dd061cbe782d3.pdf\" class=\"mtli_attachment mtli_pdf\" target=\"_blank\" rel=\"noopener noreferrer\">Difusion 9<\/a><\/p>\n<p><a href=\"http:\/\/www.caudete.org\/ayuntamiento\/eniusimg\/enius146\/2017\/07\/adjuntos_fichero_588f4a7a29bf46ef.pdf\" class=\"mtli_attachment mtli_pdf\" target=\"_blank\" rel=\"noopener noreferrer\">Difusion 10<\/a><\/p>\n<p><a href=\"http:\/\/www.caudete.org\/ayuntamiento\/eniusimg\/enius146\/2017\/09\/adjuntos_fichero_2505fbe014bc83c4.pdf\" class=\"mtli_attachment mtli_pdf\" target=\"_blank\" rel=\"noopener noreferrer\">Ponencia Erasmus+ KA1 FP<\/a><\/p>\n<p><a href=\"http:\/\/www.caudete.org\/ayuntamiento\/eniusimg\/enius146\/2017\/09\/adjuntos_fichero_382eb5cd3c825ff7.pdf\" class=\"mtli_attachment mtli_pdf\" target=\"_blank\" rel=\"noopener noreferrer\">Ponencia Caudete en Europa Juntos Somos+<\/a><\/p>\n<p><a href=\"http:\/\/www.caudete.org\/ayuntamiento\/eniusimg\/enius146\/2017\/09\/adjuntos_fichero_5f5d3148e9658af0.pdf\" class=\"mtli_attachment mtli_pdf\" target=\"_blank\" rel=\"noopener noreferrer\">Jornada Difusion Erasmus Plus 17 mayo 2017 CARTEL<\/a><\/p>\n<p><a href=\"http:\/\/www.caudete.org\/ayuntamiento\/eniusimg\/enius146\/2017\/09\/adjuntos_fichero_0794332f42a20095.pdf\" class=\"mtli_attachment mtli_pdf\" target=\"_blank\" rel=\"noopener noreferrer\">Jornada Difusion Erasmus Plus 17 mayo 2017 PROGRAMA<\/a><\/p>\n","protected":false},"excerpt":{"rendered":"<p>&nbsp; El proyecto Erasmus+ \u201cCaudete en Europa: Juntos Somos+\u201d, que ha resultado seleccionado en la convocatoria 2016 del Programa Erasmus+ en el sector de Acciones KA1 de Formaci\u00f3n Profesional, est\u00e1 promovido y coordinado por el Ayuntamiento de Caudete, tiene como socios al IES Pintor Rafael Requena, al Centro de Formaci\u00f3n Albertina Garc\u00eda Llorens y al &hellip;<\/p>\n","protected":false},"author":1,"featured_media":0,"parent":0,"menu_order":0,"comment_status":"closed","ping_status":"closed","template":"","meta":{"ngg_post_thumbnail":0,"footnotes":""},"categories":[87,98],"tags":[],"class_list":["post-6245","page","type-page","status-publish","hentry","category-desarrollo-local","category-desarrollo-local-2"],"yoast_head":"<!-- This site is optimized with the Yoast SEO plugin v27.4 - https:\/\/yoast.com\/product\/yoast-seo-wordpress\/ -->\n<title>Desarrollo Local - Erasmus + Formaci\u00f3n Profesional 2016 \u201cCaudete en Europa: Juntos Somos+\u201d - MI Ayuntamiento de Caudete<\/title>\n<meta name=\"description\" content=\"P\u00e1gina Oficial del Ayuntamiento de Caudete (Albacete)\" \/>\n<meta name=\"robots\" content=\"index, follow, max-snippet:-1, max-image-preview:large, max-video-preview:-1\" \/>\n<link rel=\"canonical\" href=\"https:\/\/www.caudete.org\/ayuntamiento\/desarrollo-local-erasmus-formacion-profesional-2016-caudete-en-europa-juntos-somos\/\" \/>\n<meta property=\"og:locale\" content=\"es_ES\" \/>\n<meta property=\"og:type\" content=\"article\" \/>\n<meta property=\"og:title\" content=\"Desarrollo Local - Erasmus + Formaci\u00f3n Profesional 2016 \u201cCaudete en Europa: Juntos Somos+\u201d - MI Ayuntamiento de Caudete\" \/>\n<meta property=\"og:description\" content=\"P\u00e1gina Oficial del Ayuntamiento de Caudete (Albacete)\" \/>\n<meta property=\"og:url\" content=\"https:\/\/www.caudete.org\/ayuntamiento\/desarrollo-local-erasmus-formacion-profesional-2016-caudete-en-europa-juntos-somos\/\" \/>\n<meta property=\"og:site_name\" content=\"MI Ayuntamiento de Caudete\" \/>\n<meta property=\"article:publisher\" content=\"https:\/\/www.facebook.com\/ayuntamientocaudete\/\" \/>\n<meta property=\"article:modified_time\" content=\"2020-12-05T12:46:33+00:00\" \/>\n<meta property=\"og:image\" content=\"http:\/\/www.caudete.org\/ayuntamiento\/wp-content\/uploads\/2020\/12\/desarrollo1.jpg\" \/>\n<meta name=\"twitter:card\" content=\"summary_large_image\" \/>\n<meta name=\"twitter:label1\" content=\"Tiempo de lectura\" \/>\n\t<meta name=\"twitter:data1\" content=\"4 minutos\" \/>\n<script type=\"application\/ld+json\" class=\"yoast-schema-graph\">{\"@context\":\"https:\\\/\\\/schema.org\",\"@graph\":[{\"@type\":\"WebPage\",\"@id\":\"https:\\\/\\\/www.caudete.org\\\/ayuntamiento\\\/desarrollo-local-erasmus-formacion-profesional-2016-caudete-en-europa-juntos-somos\\\/\",\"url\":\"https:\\\/\\\/www.caudete.org\\\/ayuntamiento\\\/desarrollo-local-erasmus-formacion-profesional-2016-caudete-en-europa-juntos-somos\\\/\",\"name\":\"Desarrollo Local - Erasmus + Formaci\u00f3n Profesional 2016 \u201cCaudete en Europa: Juntos Somos+\u201d - MI Ayuntamiento de Caudete\",\"isPartOf\":{\"@id\":\"https:\\\/\\\/www.caudete.org\\\/ayuntamiento\\\/#website\"},\"primaryImageOfPage\":{\"@id\":\"https:\\\/\\\/www.caudete.org\\\/ayuntamiento\\\/desarrollo-local-erasmus-formacion-profesional-2016-caudete-en-europa-juntos-somos\\\/#primaryimage\"},\"image\":{\"@id\":\"https:\\\/\\\/www.caudete.org\\\/ayuntamiento\\\/desarrollo-local-erasmus-formacion-profesional-2016-caudete-en-europa-juntos-somos\\\/#primaryimage\"},\"thumbnailUrl\":\"http:\\\/\\\/www.caudete.org\\\/ayuntamiento\\\/wp-content\\\/uploads\\\/2020\\\/12\\\/desarrollo1.jpg\",\"datePublished\":\"2020-12-04T16:23:10+00:00\",\"dateModified\":\"2020-12-05T12:46:33+00:00\",\"description\":\"P\u00e1gina Oficial del Ayuntamiento de Caudete (Albacete)\",\"breadcrumb\":{\"@id\":\"https:\\\/\\\/www.caudete.org\\\/ayuntamiento\\\/desarrollo-local-erasmus-formacion-profesional-2016-caudete-en-europa-juntos-somos\\\/#breadcrumb\"},\"inLanguage\":\"es\",\"potentialAction\":[{\"@type\":\"ReadAction\",\"target\":[\"https:\\\/\\\/www.caudete.org\\\/ayuntamiento\\\/desarrollo-local-erasmus-formacion-profesional-2016-caudete-en-europa-juntos-somos\\\/\"]}]},{\"@type\":\"ImageObject\",\"inLanguage\":\"es\",\"@id\":\"https:\\\/\\\/www.caudete.org\\\/ayuntamiento\\\/desarrollo-local-erasmus-formacion-profesional-2016-caudete-en-europa-juntos-somos\\\/#primaryimage\",\"url\":\"https:\\\/\\\/www.caudete.org\\\/ayuntamiento\\\/wp-content\\\/uploads\\\/2020\\\/12\\\/desarrollo1.jpg\",\"contentUrl\":\"https:\\\/\\\/www.caudete.org\\\/ayuntamiento\\\/wp-content\\\/uploads\\\/2020\\\/12\\\/desarrollo1.jpg\",\"width\":800,\"height\":450},{\"@type\":\"BreadcrumbList\",\"@id\":\"https:\\\/\\\/www.caudete.org\\\/ayuntamiento\\\/desarrollo-local-erasmus-formacion-profesional-2016-caudete-en-europa-juntos-somos\\\/#breadcrumb\",\"itemListElement\":[{\"@type\":\"ListItem\",\"position\":1,\"name\":\"Inicio\",\"item\":\"https:\\\/\\\/www.caudete.org\\\/ayuntamiento\\\/\"},{\"@type\":\"ListItem\",\"position\":2,\"name\":\"Desarrollo Local &#8211; Erasmus + Formaci\u00f3n Profesional 2016 \u201cCaudete en Europa: Juntos Somos+\u201d\"}]},{\"@type\":\"WebSite\",\"@id\":\"https:\\\/\\\/www.caudete.org\\\/ayuntamiento\\\/#website\",\"url\":\"https:\\\/\\\/www.caudete.org\\\/ayuntamiento\\\/\",\"name\":\"MI Ayuntamiento de Caudete\",\"description\":\"P\u00e1gina Oficial del MI Ayuntamiento de Caudete\",\"publisher\":{\"@id\":\"https:\\\/\\\/www.caudete.org\\\/ayuntamiento\\\/#organization\"},\"potentialAction\":[{\"@type\":\"SearchAction\",\"target\":{\"@type\":\"EntryPoint\",\"urlTemplate\":\"https:\\\/\\\/www.caudete.org\\\/ayuntamiento\\\/?s={search_term_string}\"},\"query-input\":{\"@type\":\"PropertyValueSpecification\",\"valueRequired\":true,\"valueName\":\"search_term_string\"}}],\"inLanguage\":\"es\"},{\"@type\":\"Organization\",\"@id\":\"https:\\\/\\\/www.caudete.org\\\/ayuntamiento\\\/#organization\",\"name\":\"Ayuntamiento de Caudete\",\"url\":\"https:\\\/\\\/www.caudete.org\\\/ayuntamiento\\\/\",\"logo\":{\"@type\":\"ImageObject\",\"inLanguage\":\"es\",\"@id\":\"https:\\\/\\\/www.caudete.org\\\/ayuntamiento\\\/#\\\/schema\\\/logo\\\/image\\\/\",\"url\":\"https:\\\/\\\/www.caudete.org\\\/ayuntamiento\\\/wp-content\\\/uploads\\\/2020\\\/11\\\/logo_ayuntamiento_caudete.jpg\",\"contentUrl\":\"https:\\\/\\\/www.caudete.org\\\/ayuntamiento\\\/wp-content\\\/uploads\\\/2020\\\/11\\\/logo_ayuntamiento_caudete.jpg\",\"width\":600,\"height\":150,\"caption\":\"Ayuntamiento de Caudete\"},\"image\":{\"@id\":\"https:\\\/\\\/www.caudete.org\\\/ayuntamiento\\\/#\\\/schema\\\/logo\\\/image\\\/\"},\"sameAs\":[\"https:\\\/\\\/www.facebook.com\\\/ayuntamientocaudete\\\/\",\"https:\\\/\\\/www.youtube.com\\\/channel\\\/UC6VztHaooNsGpw-tNoBEFnQ\"]}]}<\/script>\n<!-- \/ Yoast SEO plugin. -->","yoast_head_json":{"title":"Desarrollo Local - Erasmus + Formaci\u00f3n Profesional 2016 \u201cCaudete en Europa: Juntos Somos+\u201d - MI Ayuntamiento de Caudete","description":"P\u00e1gina Oficial del Ayuntamiento de Caudete (Albacete)","robots":{"index":"index","follow":"follow","max-snippet":"max-snippet:-1","max-image-preview":"max-image-preview:large","max-video-preview":"max-video-preview:-1"},"canonical":"https:\/\/www.caudete.org\/ayuntamiento\/desarrollo-local-erasmus-formacion-profesional-2016-caudete-en-europa-juntos-somos\/","og_locale":"es_ES","og_type":"article","og_title":"Desarrollo Local - Erasmus + Formaci\u00f3n Profesional 2016 \u201cCaudete en Europa: Juntos Somos+\u201d - MI Ayuntamiento de Caudete","og_description":"P\u00e1gina Oficial del Ayuntamiento de Caudete (Albacete)","og_url":"https:\/\/www.caudete.org\/ayuntamiento\/desarrollo-local-erasmus-formacion-profesional-2016-caudete-en-europa-juntos-somos\/","og_site_name":"MI Ayuntamiento de Caudete","article_publisher":"https:\/\/www.facebook.com\/ayuntamientocaudete\/","article_modified_time":"2020-12-05T12:46:33+00:00","og_image":[{"url":"http:\/\/www.caudete.org\/ayuntamiento\/wp-content\/uploads\/2020\/12\/desarrollo1.jpg","type":"","width":"","height":""}],"twitter_card":"summary_large_image","twitter_misc":{"Tiempo de lectura":"4 minutos"},"schema":{"@context":"https:\/\/schema.org","@graph":[{"@type":"WebPage","@id":"https:\/\/www.caudete.org\/ayuntamiento\/desarrollo-local-erasmus-formacion-profesional-2016-caudete-en-europa-juntos-somos\/","url":"https:\/\/www.caudete.org\/ayuntamiento\/desarrollo-local-erasmus-formacion-profesional-2016-caudete-en-europa-juntos-somos\/","name":"Desarrollo Local - Erasmus + Formaci\u00f3n Profesional 2016 \u201cCaudete en Europa: Juntos Somos+\u201d - MI Ayuntamiento de Caudete","isPartOf":{"@id":"https:\/\/www.caudete.org\/ayuntamiento\/#website"},"primaryImageOfPage":{"@id":"https:\/\/www.caudete.org\/ayuntamiento\/desarrollo-local-erasmus-formacion-profesional-2016-caudete-en-europa-juntos-somos\/#primaryimage"},"image":{"@id":"https:\/\/www.caudete.org\/ayuntamiento\/desarrollo-local-erasmus-formacion-profesional-2016-caudete-en-europa-juntos-somos\/#primaryimage"},"thumbnailUrl":"http:\/\/www.caudete.org\/ayuntamiento\/wp-content\/uploads\/2020\/12\/desarrollo1.jpg","datePublished":"2020-12-04T16:23:10+00:00","dateModified":"2020-12-05T12:46:33+00:00","description":"P\u00e1gina Oficial del Ayuntamiento de Caudete (Albacete)","breadcrumb":{"@id":"https:\/\/www.caudete.org\/ayuntamiento\/desarrollo-local-erasmus-formacion-profesional-2016-caudete-en-europa-juntos-somos\/#breadcrumb"},"inLanguage":"es","potentialAction":[{"@type":"ReadAction","target":["https:\/\/www.caudete.org\/ayuntamiento\/desarrollo-local-erasmus-formacion-profesional-2016-caudete-en-europa-juntos-somos\/"]}]},{"@type":"ImageObject","inLanguage":"es","@id":"https:\/\/www.caudete.org\/ayuntamiento\/desarrollo-local-erasmus-formacion-profesional-2016-caudete-en-europa-juntos-somos\/#primaryimage","url":"https:\/\/www.caudete.org\/ayuntamiento\/wp-content\/uploads\/2020\/12\/desarrollo1.jpg","contentUrl":"https:\/\/www.caudete.org\/ayuntamiento\/wp-content\/uploads\/2020\/12\/desarrollo1.jpg","width":800,"height":450},{"@type":"BreadcrumbList","@id":"https:\/\/www.caudete.org\/ayuntamiento\/desarrollo-local-erasmus-formacion-profesional-2016-caudete-en-europa-juntos-somos\/#breadcrumb","itemListElement":[{"@type":"ListItem","position":1,"name":"Inicio","item":"https:\/\/www.caudete.org\/ayuntamiento\/"},{"@type":"ListItem","position":2,"name":"Desarrollo Local &#8211; Erasmus + Formaci\u00f3n Profesional 2016 \u201cCaudete en Europa: Juntos Somos+\u201d"}]},{"@type":"WebSite","@id":"https:\/\/www.caudete.org\/ayuntamiento\/#website","url":"https:\/\/www.caudete.org\/ayuntamiento\/","name":"MI Ayuntamiento de Caudete","description":"P\u00e1gina Oficial del MI Ayuntamiento de Caudete","publisher":{"@id":"https:\/\/www.caudete.org\/ayuntamiento\/#organization"},"potentialAction":[{"@type":"SearchAction","target":{"@type":"EntryPoint","urlTemplate":"https:\/\/www.caudete.org\/ayuntamiento\/?s={search_term_string}"},"query-input":{"@type":"PropertyValueSpecification","valueRequired":true,"valueName":"search_term_string"}}],"inLanguage":"es"},{"@type":"Organization","@id":"https:\/\/www.caudete.org\/ayuntamiento\/#organization","name":"Ayuntamiento de Caudete","url":"https:\/\/www.caudete.org\/ayuntamiento\/","logo":{"@type":"ImageObject","inLanguage":"es","@id":"https:\/\/www.caudete.org\/ayuntamiento\/#\/schema\/logo\/image\/","url":"https:\/\/www.caudete.org\/ayuntamiento\/wp-content\/uploads\/2020\/11\/logo_ayuntamiento_caudete.jpg","contentUrl":"https:\/\/www.caudete.org\/ayuntamiento\/wp-content\/uploads\/2020\/11\/logo_ayuntamiento_caudete.jpg","width":600,"height":150,"caption":"Ayuntamiento de Caudete"},"image":{"@id":"https:\/\/www.caudete.org\/ayuntamiento\/#\/schema\/logo\/image\/"},"sameAs":["https:\/\/www.facebook.com\/ayuntamientocaudete\/","https:\/\/www.youtube.com\/channel\/UC6VztHaooNsGpw-tNoBEFnQ"]}]}},"_links":{"self":[{"href":"https:\/\/www.caudete.org\/ayuntamiento\/wp-json\/wp\/v2\/pages\/6245","targetHints":{"allow":["GET"]}}],"collection":[{"href":"https:\/\/www.caudete.org\/ayuntamiento\/wp-json\/wp\/v2\/pages"}],"about":[{"href":"https:\/\/www.caudete.org\/ayuntamiento\/wp-json\/wp\/v2\/types\/page"}],"author":[{"embeddable":true,"href":"https:\/\/www.caudete.org\/ayuntamiento\/wp-json\/wp\/v2\/users\/1"}],"replies":[{"embeddable":true,"href":"https:\/\/www.caudete.org\/ayuntamiento\/wp-json\/wp\/v2\/comments?post=6245"}],"version-history":[{"count":6,"href":"https:\/\/www.caudete.org\/ayuntamiento\/wp-json\/wp\/v2\/pages\/6245\/revisions"}],"predecessor-version":[{"id":6278,"href":"https:\/\/www.caudete.org\/ayuntamiento\/wp-json\/wp\/v2\/pages\/6245\/revisions\/6278"}],"wp:attachment":[{"href":"https:\/\/www.caudete.org\/ayuntamiento\/wp-json\/wp\/v2\/media?parent=6245"}],"wp:term":[{"taxonomy":"category","embeddable":true,"href":"https:\/\/www.caudete.org\/ayuntamiento\/wp-json\/wp\/v2\/categories?post=6245"},{"taxonomy":"post_tag","embeddable":true,"href":"https:\/\/www.caudete.org\/ayuntamiento\/wp-json\/wp\/v2\/tags?post=6245"}],"curies":[{"name":"wp","href":"https:\/\/api.w.org\/{rel}","templated":true}]}}