{"id":6978,"date":"2020-12-06T13:54:44","date_gmt":"2020-12-06T12:54:44","guid":{"rendered":"http:\/\/www.caudete.org\/ayuntamiento\/?page_id=6978"},"modified":"2024-06-21T19:20:34","modified_gmt":"2024-06-21T17:20:34","slug":"biblioteca-servicios","status":"publish","type":"page","link":"https:\/\/www.caudete.org\/ayuntamiento\/biblioteca-servicios\/","title":{"rendered":"Biblioteca &#8211; Servicios"},"content":{"rendered":"<div id=\"cen_sec_not\">\n<div id=\"noticia\">\n<div id=\"recuadro_not\">\n<p style=\"text-align: justify;\">La <strong>Biblioteca Municipal &#8220;Ana Mar\u00eda Matute&#8221;<\/strong> ofrece los siguientes servicios:<\/p>\n<p>-Libros, CD\u00b4s de m\u00fasica, DVD, DVD-ROM, CD-ROM y revistas para consultar o llevar a casa.<br \/>\n&#8211; Novedades editoriales, en narrativa y libros de materias diversas, y novedades en material multimedia.<br \/>\n&#8211; Servicio de informaci\u00f3n bibliogr\u00e1fica, de referencia y de informaci\u00f3n a la comunidad.<br \/>\n&#8211; Sala de estudio.<br \/>\n&#8211; <a href=\"http:\/\/www.caudete.telemaco.es\/seccion.asp?idseccion=12391\" target=\"_blank\" rel=\"nofollow\">Secci\u00f3n local.<\/a><br \/>\n&#8211; Secci\u00f3n infantil para los peque\u00f1os lectores.<br \/>\n&#8211; Hemeroteca compuesta por tres peri\u00f3dicos nacionales, cuatro locales y m\u00e1s de 70 t\u00edtulos de revistas.<br \/>\n&#8211; Internet gratuito, puestos de ordenador fijo para conexi\u00f3n internet y realizaci\u00f3n de trabajos.<br \/>\n&#8211; Acceso de internet por wi-fi y red para port\u00e1tiles, m\u00f3viles, tablet\u00b4s<br \/>\n&#8211; Secci\u00f3n mediateca: v\u00eddeos, cd-m\u00fasica y cd-rom.<br \/>\n&#8211; Reservas: si el documento que te interesa est\u00e1 prestado puedes hacer tu reserva (hasta un m\u00e1ximo de dos), nosotros te avisamos cuando llegue.<br \/>\n&#8211; Servicio de &#8220;Desideratas&#8221; o &#8220;Pide lo que quieras a la Biblioteca&#8221;.<br \/>\n&#8211; Asesoramiento sobre c\u00f3mo encontrar la informaci\u00f3n que necesitas y cat\u00e1logo automatizado OPAC para b\u00fasquedas: <a href=\"http:\/\/reddebibliotecas.jccm.es\/cgi-bin\/abnetopac?SUBC=AB\/AB0254\" target=\"_blank\" rel=\"noopener noreferrer nofollow\">http:\/\/reddebibliotecas.jccm.es<\/a><br \/>\n&#8211; <a href=\"http:\/\/www.caudete.telemaco.es\/noticia.asp?idnoticia=72588\" target=\"_blank\" rel=\"nofollow\">Actividades de animaci\u00f3n a la lectura<\/a>.<br \/>\n&#8211; <a href=\"http:\/\/www.caudete.telemaco.es\/noticia.asp?idnoticia=72600\" target=\"_blank\" rel=\"nofollow\">Clubes de Lectura<\/a>.<br \/>\n&#8211; Formaci\u00f3n de usuarios.<br \/>\n&#8211; <b><a href=\"http:\/\/www.caudete.org\/ayuntamiento\/noticia.asp?idnoticia=147591\">Biblioteca Digital<\/a><\/b><\/p>\n<\/div>\n<div id=\"enlaces\">\n<p style=\"text-align: justify;\"><strong>Enlaces relacionados<\/strong><\/p>\n<hr>\n<ul>\n<li style=\"text-align: justify;\"><a href=\"https:\/\/www.facebook.com\/caudetebiblio\/\" target=\"_blank\" rel=\"noopener noreferrer nofollow\">Facebook Biblioteca<\/a><\/li>\n<li style=\"text-align: justify;\"><a href=\"https:\/\/twitter.com\/caudetebiblio\" target=\"_blank\" rel=\"noopener noreferrer nofollow\">Twitter<\/a><\/li>\n<li style=\"text-align: justify;\"><a href=\"https:\/\/www.youtube.com\/user\/caudetebiblioteca\" target=\"_blank\" rel=\"noopener noreferrer nofollow\">Youtube<\/a><\/li>\n<li style=\"text-align: justify;\"><a href=\"https:\/\/es.pinterest.com\/caudetebiblio\/\" target=\"_blank\" rel=\"noopener noreferrer nofollow\">Pinterest<\/a><\/li>\n<li style=\"text-align: justify;\"><a href=\"https:\/\/paper.li\/caudetebiblio\/1383927811\" target=\"_blank\" rel=\"noopener noreferrer nofollow\">Recolector noticias locales<\/a><\/li>\n<\/ul>\n<\/div>\n<\/div>\n<\/div>\n","protected":false},"excerpt":{"rendered":"<p>La Biblioteca Municipal &#8220;Ana Mar\u00eda Matute&#8221; ofrece los siguientes servicios: -Libros, CD\u00b4s de m\u00fasica, DVD, DVD-ROM, CD-ROM y revistas para consultar o llevar a casa. &#8211; Novedades editoriales, en narrativa y libros de materias diversas, y novedades en material multimedia. &#8211; Servicio de informaci\u00f3n bibliogr\u00e1fica, de referencia y de informaci\u00f3n a la comunidad. &#8211; Sala &hellip;<\/p>\n","protected":false},"author":1,"featured_media":0,"parent":0,"menu_order":0,"comment_status":"closed","ping_status":"closed","template":"","meta":{"ngg_post_thumbnail":0,"footnotes":""},"categories":[105],"tags":[],"class_list":["post-6978","page","type-page","status-publish","hentry","category-biblioteca"],"yoast_head":"<!-- This site is optimized with the Yoast SEO plugin v27.5 - https:\/\/yoast.com\/product\/yoast-seo-wordpress\/ -->\n<title>Biblioteca - Servicios - MI Ayuntamiento de Caudete<\/title>\n<meta name=\"description\" content=\"P\u00e1gina Oficial del Ayuntamiento de Caudete (Albacete)\" \/>\n<meta name=\"robots\" content=\"index, follow, max-snippet:-1, max-image-preview:large, max-video-preview:-1\" \/>\n<link rel=\"canonical\" href=\"https:\/\/www.caudete.org\/ayuntamiento\/biblioteca-servicios\/\" \/>\n<meta property=\"og:locale\" content=\"es_ES\" \/>\n<meta property=\"og:type\" content=\"article\" \/>\n<meta property=\"og:title\" content=\"Biblioteca - Servicios - MI Ayuntamiento de Caudete\" \/>\n<meta property=\"og:description\" content=\"P\u00e1gina Oficial del Ayuntamiento de Caudete (Albacete)\" \/>\n<meta property=\"og:url\" content=\"https:\/\/www.caudete.org\/ayuntamiento\/biblioteca-servicios\/\" \/>\n<meta property=\"og:site_name\" content=\"MI Ayuntamiento de Caudete\" \/>\n<meta property=\"article:publisher\" content=\"https:\/\/www.facebook.com\/ayuntamientocaudete\/\" \/>\n<meta property=\"article:modified_time\" content=\"2024-06-21T17:20:34+00:00\" \/>\n<meta name=\"twitter:card\" content=\"summary_large_image\" \/>\n<meta name=\"twitter:label1\" content=\"Tiempo de lectura\" \/>\n\t<meta name=\"twitter:data1\" content=\"1 minuto\" \/>\n<script type=\"application\/ld+json\" class=\"yoast-schema-graph\">{\"@context\":\"https:\\\/\\\/schema.org\",\"@graph\":[{\"@type\":\"WebPage\",\"@id\":\"https:\\\/\\\/www.caudete.org\\\/ayuntamiento\\\/biblioteca-servicios\\\/\",\"url\":\"https:\\\/\\\/www.caudete.org\\\/ayuntamiento\\\/biblioteca-servicios\\\/\",\"name\":\"Biblioteca - Servicios - MI Ayuntamiento de Caudete\",\"isPartOf\":{\"@id\":\"https:\\\/\\\/www.caudete.org\\\/ayuntamiento\\\/#website\"},\"datePublished\":\"2020-12-06T12:54:44+00:00\",\"dateModified\":\"2024-06-21T17:20:34+00:00\",\"description\":\"P\u00e1gina Oficial del Ayuntamiento de Caudete (Albacete)\",\"breadcrumb\":{\"@id\":\"https:\\\/\\\/www.caudete.org\\\/ayuntamiento\\\/biblioteca-servicios\\\/#breadcrumb\"},\"inLanguage\":\"es\",\"potentialAction\":[{\"@type\":\"ReadAction\",\"target\":[\"https:\\\/\\\/www.caudete.org\\\/ayuntamiento\\\/biblioteca-servicios\\\/\"]}]},{\"@type\":\"BreadcrumbList\",\"@id\":\"https:\\\/\\\/www.caudete.org\\\/ayuntamiento\\\/biblioteca-servicios\\\/#breadcrumb\",\"itemListElement\":[{\"@type\":\"ListItem\",\"position\":1,\"name\":\"Inicio\",\"item\":\"https:\\\/\\\/www.caudete.org\\\/ayuntamiento\\\/\"},{\"@type\":\"ListItem\",\"position\":2,\"name\":\"Biblioteca &#8211; Servicios\"}]},{\"@type\":\"WebSite\",\"@id\":\"https:\\\/\\\/www.caudete.org\\\/ayuntamiento\\\/#website\",\"url\":\"https:\\\/\\\/www.caudete.org\\\/ayuntamiento\\\/\",\"name\":\"MI Ayuntamiento de Caudete\",\"description\":\"P\u00e1gina Oficial del MI Ayuntamiento de Caudete\",\"potentialAction\":[{\"@type\":\"SearchAction\",\"target\":{\"@type\":\"EntryPoint\",\"urlTemplate\":\"https:\\\/\\\/www.caudete.org\\\/ayuntamiento\\\/?s={search_term_string}\"},\"query-input\":{\"@type\":\"PropertyValueSpecification\",\"valueRequired\":true,\"valueName\":\"search_term_string\"}}],\"inLanguage\":\"es\"}]}<\/script>\n<!-- \/ Yoast SEO plugin. -->","yoast_head_json":{"title":"Biblioteca - Servicios - MI Ayuntamiento de Caudete","description":"P\u00e1gina Oficial del Ayuntamiento de Caudete (Albacete)","robots":{"index":"index","follow":"follow","max-snippet":"max-snippet:-1","max-image-preview":"max-image-preview:large","max-video-preview":"max-video-preview:-1"},"canonical":"https:\/\/www.caudete.org\/ayuntamiento\/biblioteca-servicios\/","og_locale":"es_ES","og_type":"article","og_title":"Biblioteca - Servicios - MI Ayuntamiento de Caudete","og_description":"P\u00e1gina Oficial del Ayuntamiento de Caudete (Albacete)","og_url":"https:\/\/www.caudete.org\/ayuntamiento\/biblioteca-servicios\/","og_site_name":"MI Ayuntamiento de Caudete","article_publisher":"https:\/\/www.facebook.com\/ayuntamientocaudete\/","article_modified_time":"2024-06-21T17:20:34+00:00","twitter_card":"summary_large_image","twitter_misc":{"Tiempo de lectura":"1 minuto"},"schema":{"@context":"https:\/\/schema.org","@graph":[{"@type":"WebPage","@id":"https:\/\/www.caudete.org\/ayuntamiento\/biblioteca-servicios\/","url":"https:\/\/www.caudete.org\/ayuntamiento\/biblioteca-servicios\/","name":"Biblioteca - Servicios - MI Ayuntamiento de Caudete","isPartOf":{"@id":"https:\/\/www.caudete.org\/ayuntamiento\/#website"},"datePublished":"2020-12-06T12:54:44+00:00","dateModified":"2024-06-21T17:20:34+00:00","description":"P\u00e1gina Oficial del Ayuntamiento de Caudete (Albacete)","breadcrumb":{"@id":"https:\/\/www.caudete.org\/ayuntamiento\/biblioteca-servicios\/#breadcrumb"},"inLanguage":"es","potentialAction":[{"@type":"ReadAction","target":["https:\/\/www.caudete.org\/ayuntamiento\/biblioteca-servicios\/"]}]},{"@type":"BreadcrumbList","@id":"https:\/\/www.caudete.org\/ayuntamiento\/biblioteca-servicios\/#breadcrumb","itemListElement":[{"@type":"ListItem","position":1,"name":"Inicio","item":"https:\/\/www.caudete.org\/ayuntamiento\/"},{"@type":"ListItem","position":2,"name":"Biblioteca &#8211; Servicios"}]},{"@type":"WebSite","@id":"https:\/\/www.caudete.org\/ayuntamiento\/#website","url":"https:\/\/www.caudete.org\/ayuntamiento\/","name":"MI Ayuntamiento de Caudete","description":"P\u00e1gina Oficial del MI Ayuntamiento de Caudete","potentialAction":[{"@type":"SearchAction","target":{"@type":"EntryPoint","urlTemplate":"https:\/\/www.caudete.org\/ayuntamiento\/?s={search_term_string}"},"query-input":{"@type":"PropertyValueSpecification","valueRequired":true,"valueName":"search_term_string"}}],"inLanguage":"es"}]}},"_links":{"self":[{"href":"https:\/\/www.caudete.org\/ayuntamiento\/wp-json\/wp\/v2\/pages\/6978","targetHints":{"allow":["GET"]}}],"collection":[{"href":"https:\/\/www.caudete.org\/ayuntamiento\/wp-json\/wp\/v2\/pages"}],"about":[{"href":"https:\/\/www.caudete.org\/ayuntamiento\/wp-json\/wp\/v2\/types\/page"}],"author":[{"embeddable":true,"href":"https:\/\/www.caudete.org\/ayuntamiento\/wp-json\/wp\/v2\/users\/1"}],"replies":[{"embeddable":true,"href":"https:\/\/www.caudete.org\/ayuntamiento\/wp-json\/wp\/v2\/comments?post=6978"}],"version-history":[{"count":7,"href":"https:\/\/www.caudete.org\/ayuntamiento\/wp-json\/wp\/v2\/pages\/6978\/revisions"}],"predecessor-version":[{"id":30246,"href":"https:\/\/www.caudete.org\/ayuntamiento\/wp-json\/wp\/v2\/pages\/6978\/revisions\/30246"}],"wp:attachment":[{"href":"https:\/\/www.caudete.org\/ayuntamiento\/wp-json\/wp\/v2\/media?parent=6978"}],"wp:term":[{"taxonomy":"category","embeddable":true,"href":"https:\/\/www.caudete.org\/ayuntamiento\/wp-json\/wp\/v2\/categories?post=6978"},{"taxonomy":"post_tag","embeddable":true,"href":"https:\/\/www.caudete.org\/ayuntamiento\/wp-json\/wp\/v2\/tags?post=6978"}],"curies":[{"name":"wp","href":"https:\/\/api.w.org\/{rel}","templated":true}]}}