{"id":7020,"date":"2020-12-06T14:38:19","date_gmt":"2020-12-06T13:38:19","guid":{"rendered":"http:\/\/www.caudete.org\/ayuntamiento\/?page_id=7020"},"modified":"2024-06-21T19:17:13","modified_gmt":"2024-06-21T17:17:13","slug":"biblioteca-guias-de-lectura","status":"publish","type":"page","link":"https:\/\/www.caudete.org\/ayuntamiento\/biblioteca-guias-de-lectura\/","title":{"rendered":"Biblioteca &#8211; Gu\u00edas de Lectura"},"content":{"rendered":"<p style=\"text-align: justify;\">Atendiendo a las necesidades informativas de los usuarios y como medio para promocinar los fondos de la biblioteca, hemos creado <b>Centros de Inter\u00e9s.<\/b><\/p>\n<p style=\"text-align: justify;\">Se trata de una selecci\u00f3n de todo tipo de material sobre un determinado tema que colocamos en un expositor frente al mostrador de pr\u00e9stamo y que se expone durante un par de meses para pomocionarlo y fomentar su consulta y pr\u00e9stamo.<\/p>\n<p><b>Hemos elaborado centros de inter\u00e9s de todo tipo acompa\u00f1ados de gu\u00edas de lectura: de autoayuda y psicolog\u00eda pr\u00e1ctica, sobre la navidad, sobre la mujer, sobre cuentos interculturales, sobre piratas y aventuras, sobre el agua, sobre la acuarela, recursos para el empleo, sobre el A\u00f1o Internacional de los bosques.<\/b><\/p>\n<p style=\"text-align: justify;\">Para ofrecer un mejor servicio de informaci\u00f3n y b\u00fasqueda de temas de inter\u00e9s, actualmente mantenemos un <b>LISTADO SOBRE RECURSOS PARA AL TRABAJO, <\/b>con directorio de p\u00e1ginas web con direcciones para la b\u00fasqueda y asesoramiento sobre el empleo.<\/p>\n<p style=\"text-align: justify;\"><b>Puedes descargarte la gu\u00eda de lectura y consultar el directorio, ya que est\u00e1n disponibles en esta secci\u00f3n.<\/b><\/p>\n<p>En este apartado colgaremos las gu\u00edas de lectura que elaboramos desde la Biblioteca. Los accesos a las guias de lectura estan en la columna de la derecha:<\/p>\n<p>&#8211; &#8220;Gu\u00eda de lectura sobre la mujer&#8221;.<br \/>\n&#8211; &#8220;Gu\u00eda de lectura: UN PASEO POR LAS LETRAS, LA M\u00daSICA Y LAS IM\u00c1GENES DE NUESTRA PROVINCIA&#8221;.<br \/>\n&#8211; &#8220;Gu\u00eda de lectura: LEER , SENTIR, VER, OIR&#8230; EL AGUA&#8221;, selecci\u00f3n para adultos&#8221;.<br \/>\n&#8211; &#8220;Gu\u00eda de lectura: LEER , SENTIR, VER, OIR&#8230; EL AGUA&#8221;, selecci\u00f3n para infantil&#8221;.<br \/>\n&#8211; &#8220;Gu\u00eda de lectura: Introducci\u00f3n a la Acuarela&#8221;.<br \/>\n&#8211; &#8220;Gu\u00eda de lectura: En forma&#8221;.<br \/>\n&#8211; &#8220;Gu\u00eda de lectura: Recursos para el trabajo&#8221;.<br \/>\n&#8211; &#8220;Gu\u00eda de lectura infantil: A\u00f1o Internacional de los bosques&#8221;.<br \/>\n&#8211; &#8220;Gu\u00eda de lectura adultos: A\u00f1o Internacional de los bosques&#8221;.<br \/>\n&#8211; &#8220;Gu\u00eda de rutas de la provincia de Albacete: A\u00f1o Internacional de los Bosques&#8221;.<\/p>\n<p><b>GU\u00cdAS DE LECTURA NUEVAS 2015:<\/b><\/p>\n<p style=\"text-align: justify;\">&#8211; &#8220;Gu\u00eda de lectura: embarazo, maternidad, crianza y lactancia&#8221;, en colaboraci\u00f3n con la matrona del Centro de Salud y Somos la leche, Asociaci\u00f3n Prolactancia Materna y Crianza Natural de Caudete.<\/p>\n<hr>\n<p style=\"text-align: justify;\"><b>DIRECTORIO DE WEBS SOBRE EL EMPLEO<\/b><\/p>\n<p><a href=\"http:\/\/www.inem.es\" target=\"_blank\" rel=\"noopener noreferrer nofollow\">SERVICIO P\u00daBLICO DE EMPLEO ESTATAL, INEM<\/a><\/p>\n<p><a href=\"https:\/\/e-empleo.jccm.es\/OVI\/\" target=\"_blank\" rel=\"noopener noreferrer nofollow\">SERVICIO P\u00daBLICO DE EMPLEO DE CASTILLA LA MANCHA<\/a><\/p>\n<p><a href=\"http:\/\/www.feda.es\" target=\"_blank\" rel=\"noopener noreferrer nofollow\">CONFEDERACI\u00d3N DE EMPRESARIOS DE ALBACETE, (FEDA)<\/a><\/p>\n<p><a href=\"http:\/\/www.laboris.net\" target=\"_blank\" rel=\"noopener noreferrer nofollow\">INFOJOBS, LA WEB DE EMPLEO M\u00c1S EFICAZ<\/a><\/p>\n","protected":false},"excerpt":{"rendered":"<p>Atendiendo a las necesidades informativas de los usuarios y como medio para promocinar los fondos de la biblioteca, hemos creado Centros de Inter\u00e9s. Se trata de una selecci\u00f3n de todo tipo de material sobre un determinado tema que colocamos en un expositor frente al mostrador de pr\u00e9stamo y que se expone durante un par de &hellip;<\/p>\n","protected":false},"author":1,"featured_media":0,"parent":0,"menu_order":0,"comment_status":"closed","ping_status":"closed","template":"","meta":{"ngg_post_thumbnail":0,"footnotes":""},"categories":[105],"tags":[],"class_list":["post-7020","page","type-page","status-publish","hentry","category-biblioteca"],"yoast_head":"<!-- This site is optimized with the Yoast SEO plugin v27.5 - https:\/\/yoast.com\/product\/yoast-seo-wordpress\/ -->\n<title>Biblioteca - Gu\u00edas de Lectura - MI Ayuntamiento de Caudete<\/title>\n<meta name=\"description\" content=\"P\u00e1gina Oficial del Ayuntamiento de Caudete (Albacete)\" \/>\n<meta name=\"robots\" content=\"index, follow, max-snippet:-1, max-image-preview:large, max-video-preview:-1\" \/>\n<link rel=\"canonical\" href=\"https:\/\/www.caudete.org\/ayuntamiento\/biblioteca-guias-de-lectura\/\" \/>\n<meta property=\"og:locale\" content=\"es_ES\" \/>\n<meta property=\"og:type\" content=\"article\" \/>\n<meta property=\"og:title\" content=\"Biblioteca - Gu\u00edas de Lectura - MI Ayuntamiento de Caudete\" \/>\n<meta property=\"og:description\" content=\"P\u00e1gina Oficial del Ayuntamiento de Caudete (Albacete)\" \/>\n<meta property=\"og:url\" content=\"https:\/\/www.caudete.org\/ayuntamiento\/biblioteca-guias-de-lectura\/\" \/>\n<meta property=\"og:site_name\" content=\"MI Ayuntamiento de Caudete\" \/>\n<meta property=\"article:publisher\" content=\"https:\/\/www.facebook.com\/ayuntamientocaudete\/\" \/>\n<meta property=\"article:modified_time\" content=\"2024-06-21T17:17:13+00:00\" \/>\n<meta name=\"twitter:card\" content=\"summary_large_image\" \/>\n<meta name=\"twitter:label1\" content=\"Tiempo de lectura\" \/>\n\t<meta name=\"twitter:data1\" content=\"2 minutos\" \/>\n<script type=\"application\/ld+json\" class=\"yoast-schema-graph\">{\"@context\":\"https:\\\/\\\/schema.org\",\"@graph\":[{\"@type\":\"WebPage\",\"@id\":\"https:\\\/\\\/www.caudete.org\\\/ayuntamiento\\\/biblioteca-guias-de-lectura\\\/\",\"url\":\"https:\\\/\\\/www.caudete.org\\\/ayuntamiento\\\/biblioteca-guias-de-lectura\\\/\",\"name\":\"Biblioteca - Gu\u00edas de Lectura - MI Ayuntamiento de Caudete\",\"isPartOf\":{\"@id\":\"https:\\\/\\\/www.caudete.org\\\/ayuntamiento\\\/#website\"},\"datePublished\":\"2020-12-06T13:38:19+00:00\",\"dateModified\":\"2024-06-21T17:17:13+00:00\",\"description\":\"P\u00e1gina Oficial del Ayuntamiento de Caudete (Albacete)\",\"breadcrumb\":{\"@id\":\"https:\\\/\\\/www.caudete.org\\\/ayuntamiento\\\/biblioteca-guias-de-lectura\\\/#breadcrumb\"},\"inLanguage\":\"es\",\"potentialAction\":[{\"@type\":\"ReadAction\",\"target\":[\"https:\\\/\\\/www.caudete.org\\\/ayuntamiento\\\/biblioteca-guias-de-lectura\\\/\"]}]},{\"@type\":\"BreadcrumbList\",\"@id\":\"https:\\\/\\\/www.caudete.org\\\/ayuntamiento\\\/biblioteca-guias-de-lectura\\\/#breadcrumb\",\"itemListElement\":[{\"@type\":\"ListItem\",\"position\":1,\"name\":\"Inicio\",\"item\":\"https:\\\/\\\/www.caudete.org\\\/ayuntamiento\\\/\"},{\"@type\":\"ListItem\",\"position\":2,\"name\":\"Biblioteca &#8211; Gu\u00edas de Lectura\"}]},{\"@type\":\"WebSite\",\"@id\":\"https:\\\/\\\/www.caudete.org\\\/ayuntamiento\\\/#website\",\"url\":\"https:\\\/\\\/www.caudete.org\\\/ayuntamiento\\\/\",\"name\":\"MI Ayuntamiento de Caudete\",\"description\":\"P\u00e1gina Oficial del MI Ayuntamiento de Caudete\",\"potentialAction\":[{\"@type\":\"SearchAction\",\"target\":{\"@type\":\"EntryPoint\",\"urlTemplate\":\"https:\\\/\\\/www.caudete.org\\\/ayuntamiento\\\/?s={search_term_string}\"},\"query-input\":{\"@type\":\"PropertyValueSpecification\",\"valueRequired\":true,\"valueName\":\"search_term_string\"}}],\"inLanguage\":\"es\"}]}<\/script>\n<!-- \/ Yoast SEO plugin. -->","yoast_head_json":{"title":"Biblioteca - Gu\u00edas de Lectura - MI Ayuntamiento de Caudete","description":"P\u00e1gina Oficial del Ayuntamiento de Caudete (Albacete)","robots":{"index":"index","follow":"follow","max-snippet":"max-snippet:-1","max-image-preview":"max-image-preview:large","max-video-preview":"max-video-preview:-1"},"canonical":"https:\/\/www.caudete.org\/ayuntamiento\/biblioteca-guias-de-lectura\/","og_locale":"es_ES","og_type":"article","og_title":"Biblioteca - Gu\u00edas de Lectura - MI Ayuntamiento de Caudete","og_description":"P\u00e1gina Oficial del Ayuntamiento de Caudete (Albacete)","og_url":"https:\/\/www.caudete.org\/ayuntamiento\/biblioteca-guias-de-lectura\/","og_site_name":"MI Ayuntamiento de Caudete","article_publisher":"https:\/\/www.facebook.com\/ayuntamientocaudete\/","article_modified_time":"2024-06-21T17:17:13+00:00","twitter_card":"summary_large_image","twitter_misc":{"Tiempo de lectura":"2 minutos"},"schema":{"@context":"https:\/\/schema.org","@graph":[{"@type":"WebPage","@id":"https:\/\/www.caudete.org\/ayuntamiento\/biblioteca-guias-de-lectura\/","url":"https:\/\/www.caudete.org\/ayuntamiento\/biblioteca-guias-de-lectura\/","name":"Biblioteca - Gu\u00edas de Lectura - MI Ayuntamiento de Caudete","isPartOf":{"@id":"https:\/\/www.caudete.org\/ayuntamiento\/#website"},"datePublished":"2020-12-06T13:38:19+00:00","dateModified":"2024-06-21T17:17:13+00:00","description":"P\u00e1gina Oficial del Ayuntamiento de Caudete (Albacete)","breadcrumb":{"@id":"https:\/\/www.caudete.org\/ayuntamiento\/biblioteca-guias-de-lectura\/#breadcrumb"},"inLanguage":"es","potentialAction":[{"@type":"ReadAction","target":["https:\/\/www.caudete.org\/ayuntamiento\/biblioteca-guias-de-lectura\/"]}]},{"@type":"BreadcrumbList","@id":"https:\/\/www.caudete.org\/ayuntamiento\/biblioteca-guias-de-lectura\/#breadcrumb","itemListElement":[{"@type":"ListItem","position":1,"name":"Inicio","item":"https:\/\/www.caudete.org\/ayuntamiento\/"},{"@type":"ListItem","position":2,"name":"Biblioteca &#8211; Gu\u00edas de Lectura"}]},{"@type":"WebSite","@id":"https:\/\/www.caudete.org\/ayuntamiento\/#website","url":"https:\/\/www.caudete.org\/ayuntamiento\/","name":"MI Ayuntamiento de Caudete","description":"P\u00e1gina Oficial del MI Ayuntamiento de Caudete","potentialAction":[{"@type":"SearchAction","target":{"@type":"EntryPoint","urlTemplate":"https:\/\/www.caudete.org\/ayuntamiento\/?s={search_term_string}"},"query-input":{"@type":"PropertyValueSpecification","valueRequired":true,"valueName":"search_term_string"}}],"inLanguage":"es"}]}},"_links":{"self":[{"href":"https:\/\/www.caudete.org\/ayuntamiento\/wp-json\/wp\/v2\/pages\/7020","targetHints":{"allow":["GET"]}}],"collection":[{"href":"https:\/\/www.caudete.org\/ayuntamiento\/wp-json\/wp\/v2\/pages"}],"about":[{"href":"https:\/\/www.caudete.org\/ayuntamiento\/wp-json\/wp\/v2\/types\/page"}],"author":[{"embeddable":true,"href":"https:\/\/www.caudete.org\/ayuntamiento\/wp-json\/wp\/v2\/users\/1"}],"replies":[{"embeddable":true,"href":"https:\/\/www.caudete.org\/ayuntamiento\/wp-json\/wp\/v2\/comments?post=7020"}],"version-history":[{"count":10,"href":"https:\/\/www.caudete.org\/ayuntamiento\/wp-json\/wp\/v2\/pages\/7020\/revisions"}],"predecessor-version":[{"id":7026,"href":"https:\/\/www.caudete.org\/ayuntamiento\/wp-json\/wp\/v2\/pages\/7020\/revisions\/7026"}],"wp:attachment":[{"href":"https:\/\/www.caudete.org\/ayuntamiento\/wp-json\/wp\/v2\/media?parent=7020"}],"wp:term":[{"taxonomy":"category","embeddable":true,"href":"https:\/\/www.caudete.org\/ayuntamiento\/wp-json\/wp\/v2\/categories?post=7020"},{"taxonomy":"post_tag","embeddable":true,"href":"https:\/\/www.caudete.org\/ayuntamiento\/wp-json\/wp\/v2\/tags?post=7020"}],"curies":[{"name":"wp","href":"https:\/\/api.w.org\/{rel}","templated":true}]}}