{"id":7199,"date":"2020-12-06T19:01:45","date_gmt":"2020-12-06T18:01:45","guid":{"rendered":"http:\/\/www.caudete.org\/ayuntamiento\/?page_id=7199"},"modified":"2024-06-21T19:15:42","modified_gmt":"2024-06-21T17:15:42","slug":"biblioteca-actividades-de-animacion-a-la-lectura-y-mas","status":"publish","type":"page","link":"https:\/\/www.caudete.org\/ayuntamiento\/biblioteca-actividades-de-animacion-a-la-lectura-y-mas\/","title":{"rendered":"Biblioteca &#8211; Actividades de animaci\u00f3n a la lectura y m\u00e1s&#8230;"},"content":{"rendered":"<p style=\"text-align: justify;\">Desde la <strong>Biblioteca P\u00fablica Municipal &#8220;Ana Mar\u00eda Matute&#8221;<\/strong> se organizan una serie de actividades siendo los objetivos principales acercar el libro y atraer a los lectores, consolidar los usuarios espor\u00e1dicos, satisfacer las necesidades de ocio, aprendizaje e informaci\u00f3n de todos ellos en general y fomentar el h\u00e1bito lector. Son actividades abiertas a todos y para todas las edades.<\/p>\n<p style=\"text-align: justify;\">La Biblioteca de Caudete es un referente a nivel provincial en el n\u00famero de <a href=\"http:\/\/www.caudete.telemaco.es\/noticia.asp?idnoticia=72600\" target=\"_blank\" rel=\"nofollow\">clubes de lectura<\/a>, su variedad y la calidad de su gesti\u00f3n. <b>Actualmente la Biblioteca cuenta con dieciocho clubes de lectura<\/b>, grupos de personas que se re\u00fanen semanalmente en torno a un libro, y que llevan funcionado varios a\u00f1os, constituyendo un foco de actividad cultural pionera en la provincia. Tenemos desde clubes de lectura para pre-lectores, hasta clubes con la Escuela de Adultos, club en ingl\u00e9s y club de lectura para padres y madres sobre literatura infantil.<br \/>\nParticipamos en un proyecto europeo de clubes de lectura virtuales. A trav\u00e9s del club de lectura <a href=\"http:\/\/lectibe.eu\" target=\"_blank\" rel=\"noopener noreferrer nofollow\">Lectibe con j\u00f3venes, llamado Lectores Ib\u00e9ricos<\/a><\/p>\n<p style=\"text-align: justify;\">Adem\u00e1s la Biblioteca realiz\u00f3 las siguientes actividades durante el a\u00f1o 2019:<\/p>\n<p style=\"text-align: justify;\">Clubes de lectura en curso 2018\/ 2019: 21, con 303 personas participando en los distintos clubes de lectura. Se han le\u00eddo 122 libros y se han realizado 564 actividades complementarias, en las que han participado un total de 3188 personas.<\/p>\n<p style=\"text-align: justify;\">Clubes de lectura en curso 2019\/ 2020: 17 clubes de lectura con 245 participantes. Hay cuatro clubes de lectura menos respecto al pasado curso.<\/p>\n<h2 style=\"text-align: justify;\">ACTIVIDADES INFANTILES<\/h2>\n<p style=\"text-align: justify;\">1. Tres clubes de lectura infantiles durante el curso 2019\/2020 tenemos los clubes Barrio S\u00e9samo, Nemo y Los Simpsons con 46 participantes, con reuniones semanales en la Biblioteca. Donde adem\u00e1s de lecturas se han realizado otras muchas actividades, como proyecciones, talleres de acuarela, dibujo, origami, disfraces, poes\u00eda, villancicos, fiesta de fin de curso con las familias, cuentacuentos, formaci\u00f3n de usuarios con Miguel \u00c1ngel Montilla\u2026<\/p>\n<p style=\"text-align: justify;\">2. Sesiones de cuentacuentos con La Hora del cuento (3), a cargo del club de lectura Olvidado Rey Gud\u00fa y Lectura F\u00e1cil; y sesi\u00f3n de Bebecuentos (1), en total con 645 participantes.<\/p>\n<p style=\"text-align: justify;\">3. Encuentros con escritores infantiles Ana Alonso y Pedro Ma\u00f1as (concertado con los cuatro centros educativos de primaria del municipio de toda primaria) con un total de 828 participantes.<\/p>\n<p style=\"text-align: justify;\">4. Concursos, mantenemos dos concursos: XXIII Certamen Literario Evaristo Ba\u00f1\u00f3n, con redacci\u00f3n de los escolares en la biblioteca, reuniones de jurado y acto de entrega de premios en el Auditorio Municipal, donde participan m\u00e1s de 360 personas y XIV Concurso de Tarjetas Navide\u00f1as, con entrega de tarjetas en la biblioteca, reuni\u00f3n de jurado y acto de entrega de premios con un total de 608. En total m\u00e1s casi 1000 personas participan en estos concursos.<\/p>\n<h2 style=\"text-align: justify;\"><b>ACTIVIDADES JUVENILES<\/b><\/h2>\n<p style=\"text-align: justify;\">1. 1 club de lectura juvenil durante este curso 2019\/2020, concertado con 3\u00ba de la ESO del Colegio Amor de Dios con un total de 17 participantes y reuniones quincenales. Este club de lectura est\u00e1 dentro del proyecto Lectibe (lectibe.eu) con el que adem\u00e1s realizamos otras actividades. Entre ellas, la asistencia al encuentro de clubes de lectura juveniles celebrado en Tarazona de la Mancha, con j\u00f3venes de 2\u00ba de la E.S.O. del I. E. S. Pintor Rafael Requena y Colegio Amor de Dios, con un total de 40 asistentes. Y un encuentro con la Booktube Andrea Izquierdo en el Auditorio Municipal, concertado con clases de 3\u00ba y 4\u00ba de la E.S.O. del Centro Educativo Amor de Dios e I.E.S. Pintor Rafael Requena, con 145 participantes. Adem\u00e1s de otras actividades como una sesi\u00f3n cuentacuentos y formaci\u00f3n de usuarios con Miguel \u00c1ngel Montilla.<\/p>\n<p style=\"text-align: justify;\">2. Encuentro con escritores juveniles, este a\u00f1o hemos tenido un encuentro con la escritora Ana Alonso, dentro del proyecto Encuentros con \u2026 de la Diputaci\u00f3n de Albacete, concertado con varios cursos entre 1\u00ba y 4\u00ba de la E.S.O .del I. E. S. Pintor Rafael Requena y Colegio Amor de Dios, con 140 participantes.<\/p>\n<p style=\"text-align: justify;\">3. Concursos, mantenemos dos concursos. Concurso de redacci\u00f3n XXIII Certamen Literario Evaristo Ba\u00f1\u00f3n, donde han presentado trabajos escolares de los cursos de 1\u00ba a 4\u00ba de la E.S.O. del I. E. S. Pintor Rafael Requena y Colegio Amor de Dios, con un total de 47 participantes. XXIV Concurso de tarjetas Navide\u00f1as, con entrega de tarjetas en la biblioteca, reuni\u00f3n de jurado y acto de entrega de premios en el Auditorio Municipal. De los cursos de 1\u00ba a 2\u00ba de la E.S.O. del I. E. S. Pintor Rafael Requena y Colegio Amor de Dios, solo se han presentado 3 participantes.<\/p>\n<h2 style=\"text-align: justify;\">ACTIVIDADES PARA ADULTOS<\/h2>\n<p style=\"text-align: justify;\">1. Clubes de lectura adultos durante este curso 2019\/2020 con un total de128 participantes. Donde adem\u00e1s de lecturas, se han realizado otras muchas actividades, como proyecciones, talleres de acuarela, dibujo, origami, disfraces, poes\u00eda, villancicos, fiesta de navidad, Carnaval, villancicos, cuentacuentos, formaci\u00f3n de usuarios con Miguel \u00c1ngel Montilla, \u2026Dentro de estas actividades, destacar varias importantes realizadas por el club de lectura 27 de Marzo, como la obra de teatro El enfermo imaginario, en la que asistieron m\u00e1s de 300 personas. Adem\u00e1s del Susurros en la Noche dentro del programa X LAS LUNAS y Fiesta de final de curso de los clubes de lectura y Universidad Popular.<\/p>\n<p style=\"text-align: justify;\">2. En cuanto a encuentros con autor tuvimos a la escritora albacete\u00f1a dentro del programa Encuentros con\u2026 Dionisia G\u00f3mez con su novela El peso del mundo. Sobre presentaciones literarias se realizaron un total de 4 de los autores T.C Ferri con su novela M\u00e1scaras y ratas , a Noel Odan\u00e9n con La Ingeniosa, a de Victoria Requena con su libro Quiero mi Mimi , a Juan Tecles con su novela Oximoron, participando en estas presentaciones un total de 332 participantes.<\/p>\n<p style=\"text-align: justify;\">3. En Abril y Mayo, tenemos la celebraci\u00f3n de la Semana del Libro, con Marat\u00f3n Literario, Entrega de Premios del Certamen Evaristo Ba\u00f1\u00f3n y Feria de Libro como actividades principales. Asistencia al Encuentro de Clubes de Lectura de la provincia.<\/p>\n<p style=\"text-align: justify;\">4. Realizamos apoyo y coordinaci\u00f3n con otros departamentos municipales como Servicios Sociales, Centro de la Mujer, Centro Joven, para actividades de animaci\u00f3n, como cuentacuentos para mayores, resolver incidencias con menores, apoyo y coordinaci\u00f3n con Centro de la Mujer para actividades de animaci\u00f3n, (p.e. Creaci\u00f3n del punto Violeta).<br \/>\n5. Consolidaci\u00f3n de actividad \u201cLa hora del Cuento\u201d.<\/p>\n<p style=\"text-align: justify;\">6. Apoyo en actividades de verano X LAS LUNAS con Recital po\u00e9tico X LAS LUNAS y Susurros en la noche.<\/p>\n<p style=\"text-align: justify;\">7. Participaci\u00f3n en el IV Encuentro de Clubes de Lectura de la Regi\u00f3n de Murcia.<\/p>\n<p style=\"text-align: justify;\">8. Creaci\u00f3n de la Biblioteca Francisco Dom\u00e9nech, con apertura de la misma a fecha de 23 de abril de 2019, compuesta por un fondo de libros, revistas y m\u00fasica, de los que 3527 ya est\u00e1n catalogados. Adem\u00e1s de la gesti\u00f3n de la II Beca de Investigaci\u00f3n Francisco Jos\u00e9 Dom\u00e9nech Mira y presentaci\u00f3n de los dos libros de la I Beca de Investigaci\u00f3n Hist\u00f3rica Francisco Jos\u00e9 Dom\u00e9nech Mira, Francisco Albalat Navajas, Conde de San Carlos, de Joaqu\u00edn Moll\u00e1 Franc\u00e9s; y El misterio del desaparecido retablo de la Virgen del Rosario de Caudete : Un viaje en el tiempo desde el Valle del Vinalop\u00f3 hasta el Valle del Rin, de Francisco Gaspar Marco Sastre.<\/p>\n<h2 style=\"text-align: justify;\">ACTIVIDADES PARA MAYORES<\/h2>\n<p style=\"text-align: justify;\">1. 2 club de lectura adultos durante este curso 2019\/2020 con un total de 30 participantes, ellos son el Club de lectura de Mujeres Santa B\u00e1rbara, y el club de lectura San Juan Evangelista en la Residencia.<\/p>\n<p style=\"text-align: justify;\">2. Apoyo y coordinaci\u00f3n con la Residencia San Juan Evangelista para actividades de animaci\u00f3n, como D\u00eda del libro infantil (con 150 participantes), cuentacuentos, y maleta viajera.<\/p>\n<p style=\"text-align: justify;\">3. Apoyo y coordinaci\u00f3n con asociaciones locales, como Mujeres de Santa B\u00e1rbara, Acaluca, Caudete se Mueve, para ofertar actividades para el D\u00eda de la Mujer, Carnaval, D\u00eda del Libro, presentaciones literarias, encuentros con autor, proyecciones, conferencias, cuentacuentos con Miguel \u00c1ngel Montilla &#8230;<\/p>\n<h2 style=\"text-align: justify;\">ACTIVIDADES PARA COLECTIVOS ESPEC\u00cdFICOS<\/h2>\n<p style=\"text-align: justify;\">1. 3 club de lectura adultos durante este curso 2019\/2020 con un total de 24 participantes, ellos son el Club de lectura ACAFEM, ASPRONA Y LECTURA F\u00c1CIL. Donde adem\u00e1s de lecturas se han realizado otras muchas actividades, como proyecciones, talleres de acuarela, dibujo, origami, disfraces, poes\u00eda, villancicos, fiesta de navidad, villancicos, cuentacuentos, formaci\u00f3n de usuarios con Miguel \u00c1ngel Montilla\u2026Destacar la participaci\u00f3n en la Feria del libro que ya lleva nueve ediciones y donde estos clubes de lectura participan junto a sus asociaciones realizando talleres concertados con los centros educativos. Tambi\u00e9n es muy interesante el proyecto de Mercadillo de Libros que realizamos con ACAFEM. Los viernes en el mercadillo, ACAFEM pone a la venta libros y la recaudaci\u00f3n est\u00e1 destinada a una parte para ACAFEM y otra para la biblioteca. Los usuarios de ACAFEM con parte de lo recaudado visitan las librer\u00edas locales y compran libros nuevos para la biblioteca<\/p>\n<h2 style=\"text-align: justify;\">SERVICIOS DE EXTENSI\u00d3N BIBLIOTECARIA<\/h2>\n<p style=\"text-align: justify;\">1. Servicios de pr\u00e9stamo de lotes colectivos colectivo, con pr\u00e9stamos de lotes colectivos a los cinco centros educativos. Lotes colectivos propios de la Biblioteca, prestados a los centros educativos de la localidad: 22 lotes con un total de 390 ejemplares. Se han pedido 19 lotes colectivos para nuestros centros educativos, desde la Red de Bibliotecas de CLM, con un total de 374 ejemplares. Esto supone apoyo y coordinaci\u00f3n con cada uno de los cinco centros educativos.<\/p>\n<p style=\"text-align: justify;\">2. La Biblioteca se Sale, servicio de pr\u00e9stamo de MALETAS VIAJERAS. Se han preparado maletas viajeras para los cinco centros educativos, adem\u00e1s de la Residencia San Juan Evangelista y el Centro de Estimulaci\u00f3n Cognitiva de Alzheimer.<\/p>\n<p style=\"text-align: justify;\">3. Servicio de pr\u00e9stamo a trav\u00e9s de Internet con E-Biblio. Ofrecemos este servicio desde <a href=\"https:\/\/castillalamancha.ebiblio.es\" target=\"_blank\" rel=\"noopener noreferrer nofollow\">https:\/\/castillalamancha.ebiblio.es<\/a><\/p>\n<h2 style=\"text-align: justify;\">&nbsp;<b>OTRAS ACTIVIDADES<\/b><\/h2>\n<p style=\"text-align: justify;\">1. Participaci\u00f3n junto con el \u00c1rea de Desarrollo Local de nuestro Ayuntamiento, en el programa de Erasmus + dentro del proyecto&nbsp;+Cultura +Inclusi\u00f3n&nbsp;, un proyecto Erasmus+ de movilidad con fines de formaci\u00f3n dirigido a personal que trabaja en la educaci\u00f3n de adultos. Actualmente est\u00e1 dentro de otro proyecto Erasmus + junto con la Casa de Cultura del Ayuntamiento de Caudete y la Agencia de Desarrollo Local de la entidad, este proyecto se llama&nbsp;\u201cCROSS-Creando Otros Entornos de Aprendizaje\u201d&nbsp;, es una asociaci\u00f3n estrat\u00e9gica para el intercambio de buenas pr\u00e1cticas, en la que participan un total de 7 instituciones (bibliotecas p\u00fablicas europeas y entidades p\u00fablicas y privadas activas en la educaci\u00f3n no formal de adultos).<\/p>\n<p style=\"text-align: justify;\">&nbsp;<\/p>\n<div id=\"enlaces\">\n<p style=\"text-align: justify;\"><strong>Enlaces relacionados<\/strong><\/p>\n<hr>\n<ul>\n<li style=\"text-align: justify;\"><a href=\"http:\/\/www.facebook.com\/pages\/Biblioteca-P%C3%BAblica-Municipal-Ana-Mar%C3%ADa-Matute\/256819264363250\" target=\"_blank\" rel=\"noopener noreferrer nofollow\">S\u00edguenos en facebook<\/a><\/li>\n<li style=\"text-align: justify;\"><a href=\"http:\/\/lectibe.eu\/\" target=\"_blank\" rel=\"noopener noreferrer nofollow\">Proyecto Lectibe<\/a><\/li>\n<\/ul>\n<hr>\n<p><strong>Ficheros adjuntos<\/strong><\/p>\n<p><a href=\"http:\/\/caudete.org\/ayuntamiento\/eniusimg\/enius146\/2011\/02\/adjuntos_fichero_128648_6c91601e46575ea4.pdf\" class=\"mtli_attachment mtli_pdf\" target=\"_blank\" rel=\"noopener noreferrer nofollow\">Impreso La BIblioteca se sale<\/a><\/p>\n<p><a href=\"http:\/\/caudete.org\/ayuntamiento\/eniusimg\/enius146\/2020\/09\/adjuntos_fichero_4bcba11b9e7c33b3.pdf\" class=\"mtli_attachment mtli_pdf\" target=\"_blank\" rel=\"noopener noreferrer nofollow\">MEMORIA WEB 2019<\/a><\/p>\n<\/div>\n<p>&nbsp;<\/p>\nngg_shortcode_0_placeholder\n","protected":false},"excerpt":{"rendered":"<p>Desde la Biblioteca P\u00fablica Municipal &#8220;Ana Mar\u00eda Matute&#8221; se organizan una serie de actividades siendo los objetivos principales acercar el libro y atraer a los lectores, consolidar los usuarios espor\u00e1dicos, satisfacer las necesidades de ocio, aprendizaje e informaci\u00f3n de todos ellos en general y fomentar el h\u00e1bito lector. Son actividades abiertas a todos y para &hellip;<\/p>\n","protected":false},"author":1,"featured_media":0,"parent":0,"menu_order":0,"comment_status":"closed","ping_status":"closed","template":"","meta":{"ngg_post_thumbnail":0,"footnotes":""},"categories":[105],"tags":[],"class_list":["post-7199","page","type-page","status-publish","hentry","category-biblioteca"],"yoast_head":"<!-- This site is optimized with the Yoast SEO plugin v27.5 - https:\/\/yoast.com\/product\/yoast-seo-wordpress\/ -->\n<title>Biblioteca - Actividades de animaci\u00f3n a la lectura y m\u00e1s... - MI Ayuntamiento de Caudete<\/title>\n<meta name=\"description\" content=\"P\u00e1gina Oficial del Ayuntamiento de Caudete (Albacete)\" \/>\n<meta name=\"robots\" content=\"index, follow, max-snippet:-1, max-image-preview:large, max-video-preview:-1\" \/>\n<link rel=\"canonical\" href=\"https:\/\/www.caudete.org\/ayuntamiento\/biblioteca-actividades-de-animacion-a-la-lectura-y-mas\/\" \/>\n<meta property=\"og:locale\" content=\"es_ES\" \/>\n<meta property=\"og:type\" content=\"article\" \/>\n<meta property=\"og:title\" content=\"Biblioteca - Actividades de animaci\u00f3n a la lectura y m\u00e1s... - MI Ayuntamiento de Caudete\" \/>\n<meta property=\"og:description\" content=\"P\u00e1gina Oficial del Ayuntamiento de Caudete (Albacete)\" \/>\n<meta property=\"og:url\" content=\"https:\/\/www.caudete.org\/ayuntamiento\/biblioteca-actividades-de-animacion-a-la-lectura-y-mas\/\" \/>\n<meta property=\"og:site_name\" content=\"MI Ayuntamiento de Caudete\" \/>\n<meta property=\"article:publisher\" content=\"https:\/\/www.facebook.com\/ayuntamientocaudete\/\" \/>\n<meta property=\"article:modified_time\" content=\"2024-06-21T17:15:42+00:00\" \/>\n<meta name=\"twitter:card\" content=\"summary_large_image\" \/>\n<meta name=\"twitter:label1\" content=\"Tiempo de lectura\" \/>\n\t<meta name=\"twitter:data1\" content=\"9 minutos\" \/>\n<script type=\"application\/ld+json\" class=\"yoast-schema-graph\">{\"@context\":\"https:\\\/\\\/schema.org\",\"@graph\":[{\"@type\":\"WebPage\",\"@id\":\"https:\\\/\\\/www.caudete.org\\\/ayuntamiento\\\/biblioteca-actividades-de-animacion-a-la-lectura-y-mas\\\/\",\"url\":\"https:\\\/\\\/www.caudete.org\\\/ayuntamiento\\\/biblioteca-actividades-de-animacion-a-la-lectura-y-mas\\\/\",\"name\":\"Biblioteca - Actividades de animaci\u00f3n a la lectura y m\u00e1s... - MI Ayuntamiento de Caudete\",\"isPartOf\":{\"@id\":\"https:\\\/\\\/www.caudete.org\\\/ayuntamiento\\\/#website\"},\"datePublished\":\"2020-12-06T18:01:45+00:00\",\"dateModified\":\"2024-06-21T17:15:42+00:00\",\"description\":\"P\u00e1gina Oficial del Ayuntamiento de Caudete (Albacete)\",\"breadcrumb\":{\"@id\":\"https:\\\/\\\/www.caudete.org\\\/ayuntamiento\\\/biblioteca-actividades-de-animacion-a-la-lectura-y-mas\\\/#breadcrumb\"},\"inLanguage\":\"es\",\"potentialAction\":[{\"@type\":\"ReadAction\",\"target\":[\"https:\\\/\\\/www.caudete.org\\\/ayuntamiento\\\/biblioteca-actividades-de-animacion-a-la-lectura-y-mas\\\/\"]}]},{\"@type\":\"BreadcrumbList\",\"@id\":\"https:\\\/\\\/www.caudete.org\\\/ayuntamiento\\\/biblioteca-actividades-de-animacion-a-la-lectura-y-mas\\\/#breadcrumb\",\"itemListElement\":[{\"@type\":\"ListItem\",\"position\":1,\"name\":\"Inicio\",\"item\":\"https:\\\/\\\/www.caudete.org\\\/ayuntamiento\\\/\"},{\"@type\":\"ListItem\",\"position\":2,\"name\":\"Biblioteca &#8211; Actividades de animaci\u00f3n a la lectura y m\u00e1s&#8230;\"}]},{\"@type\":\"WebSite\",\"@id\":\"https:\\\/\\\/www.caudete.org\\\/ayuntamiento\\\/#website\",\"url\":\"https:\\\/\\\/www.caudete.org\\\/ayuntamiento\\\/\",\"name\":\"MI Ayuntamiento de Caudete\",\"description\":\"P\u00e1gina Oficial del MI Ayuntamiento de Caudete\",\"potentialAction\":[{\"@type\":\"SearchAction\",\"target\":{\"@type\":\"EntryPoint\",\"urlTemplate\":\"https:\\\/\\\/www.caudete.org\\\/ayuntamiento\\\/?s={search_term_string}\"},\"query-input\":{\"@type\":\"PropertyValueSpecification\",\"valueRequired\":true,\"valueName\":\"search_term_string\"}}],\"inLanguage\":\"es\"}]}<\/script>\n<!-- \/ Yoast SEO plugin. -->","yoast_head_json":{"title":"Biblioteca - Actividades de animaci\u00f3n a la lectura y m\u00e1s... - MI Ayuntamiento de Caudete","description":"P\u00e1gina Oficial del Ayuntamiento de Caudete (Albacete)","robots":{"index":"index","follow":"follow","max-snippet":"max-snippet:-1","max-image-preview":"max-image-preview:large","max-video-preview":"max-video-preview:-1"},"canonical":"https:\/\/www.caudete.org\/ayuntamiento\/biblioteca-actividades-de-animacion-a-la-lectura-y-mas\/","og_locale":"es_ES","og_type":"article","og_title":"Biblioteca - Actividades de animaci\u00f3n a la lectura y m\u00e1s... - MI Ayuntamiento de Caudete","og_description":"P\u00e1gina Oficial del Ayuntamiento de Caudete (Albacete)","og_url":"https:\/\/www.caudete.org\/ayuntamiento\/biblioteca-actividades-de-animacion-a-la-lectura-y-mas\/","og_site_name":"MI Ayuntamiento de Caudete","article_publisher":"https:\/\/www.facebook.com\/ayuntamientocaudete\/","article_modified_time":"2024-06-21T17:15:42+00:00","twitter_card":"summary_large_image","twitter_misc":{"Tiempo de lectura":"9 minutos"},"schema":{"@context":"https:\/\/schema.org","@graph":[{"@type":"WebPage","@id":"https:\/\/www.caudete.org\/ayuntamiento\/biblioteca-actividades-de-animacion-a-la-lectura-y-mas\/","url":"https:\/\/www.caudete.org\/ayuntamiento\/biblioteca-actividades-de-animacion-a-la-lectura-y-mas\/","name":"Biblioteca - Actividades de animaci\u00f3n a la lectura y m\u00e1s... - MI Ayuntamiento de Caudete","isPartOf":{"@id":"https:\/\/www.caudete.org\/ayuntamiento\/#website"},"datePublished":"2020-12-06T18:01:45+00:00","dateModified":"2024-06-21T17:15:42+00:00","description":"P\u00e1gina Oficial del Ayuntamiento de Caudete (Albacete)","breadcrumb":{"@id":"https:\/\/www.caudete.org\/ayuntamiento\/biblioteca-actividades-de-animacion-a-la-lectura-y-mas\/#breadcrumb"},"inLanguage":"es","potentialAction":[{"@type":"ReadAction","target":["https:\/\/www.caudete.org\/ayuntamiento\/biblioteca-actividades-de-animacion-a-la-lectura-y-mas\/"]}]},{"@type":"BreadcrumbList","@id":"https:\/\/www.caudete.org\/ayuntamiento\/biblioteca-actividades-de-animacion-a-la-lectura-y-mas\/#breadcrumb","itemListElement":[{"@type":"ListItem","position":1,"name":"Inicio","item":"https:\/\/www.caudete.org\/ayuntamiento\/"},{"@type":"ListItem","position":2,"name":"Biblioteca &#8211; Actividades de animaci\u00f3n a la lectura y m\u00e1s&#8230;"}]},{"@type":"WebSite","@id":"https:\/\/www.caudete.org\/ayuntamiento\/#website","url":"https:\/\/www.caudete.org\/ayuntamiento\/","name":"MI Ayuntamiento de Caudete","description":"P\u00e1gina Oficial del MI Ayuntamiento de Caudete","potentialAction":[{"@type":"SearchAction","target":{"@type":"EntryPoint","urlTemplate":"https:\/\/www.caudete.org\/ayuntamiento\/?s={search_term_string}"},"query-input":{"@type":"PropertyValueSpecification","valueRequired":true,"valueName":"search_term_string"}}],"inLanguage":"es"}]}},"_links":{"self":[{"href":"https:\/\/www.caudete.org\/ayuntamiento\/wp-json\/wp\/v2\/pages\/7199","targetHints":{"allow":["GET"]}}],"collection":[{"href":"https:\/\/www.caudete.org\/ayuntamiento\/wp-json\/wp\/v2\/pages"}],"about":[{"href":"https:\/\/www.caudete.org\/ayuntamiento\/wp-json\/wp\/v2\/types\/page"}],"author":[{"embeddable":true,"href":"https:\/\/www.caudete.org\/ayuntamiento\/wp-json\/wp\/v2\/users\/1"}],"replies":[{"embeddable":true,"href":"https:\/\/www.caudete.org\/ayuntamiento\/wp-json\/wp\/v2\/comments?post=7199"}],"version-history":[{"count":4,"href":"https:\/\/www.caudete.org\/ayuntamiento\/wp-json\/wp\/v2\/pages\/7199\/revisions"}],"predecessor-version":[{"id":7211,"href":"https:\/\/www.caudete.org\/ayuntamiento\/wp-json\/wp\/v2\/pages\/7199\/revisions\/7211"}],"wp:attachment":[{"href":"https:\/\/www.caudete.org\/ayuntamiento\/wp-json\/wp\/v2\/media?parent=7199"}],"wp:term":[{"taxonomy":"category","embeddable":true,"href":"https:\/\/www.caudete.org\/ayuntamiento\/wp-json\/wp\/v2\/categories?post=7199"},{"taxonomy":"post_tag","embeddable":true,"href":"https:\/\/www.caudete.org\/ayuntamiento\/wp-json\/wp\/v2\/tags?post=7199"}],"curies":[{"name":"wp","href":"https:\/\/api.w.org\/{rel}","templated":true}]}}