{"id":7309,"date":"2020-12-06T20:04:59","date_gmt":"2020-12-06T19:04:59","guid":{"rendered":"http:\/\/www.caudete.org\/ayuntamiento\/?page_id=7309"},"modified":"2024-06-21T19:17:04","modified_gmt":"2024-06-21T17:17:04","slug":"biblioteca-f-j-domenech-mira","status":"publish","type":"page","link":"https:\/\/www.caudete.org\/ayuntamiento\/biblioteca-f-j-domenech-mira\/","title":{"rendered":"Biblioteca &#8211; F. J. Domenech Mira"},"content":{"rendered":"<p><img fetchpriority=\"high\" decoding=\"async\" class=\"aligncenter size-full wp-image-7330\" src=\"http:\/\/www.caudete.org\/ayuntamiento\/wp-content\/uploads\/2020\/12\/domenech.jpg\" alt=\"\" width=\"600\" height=\"350\" srcset=\"https:\/\/www.caudete.org\/ayuntamiento\/wp-content\/uploads\/2020\/12\/domenech.jpg 600w, https:\/\/www.caudete.org\/ayuntamiento\/wp-content\/uploads\/2020\/12\/domenech-300x175.jpg 300w\" sizes=\"(max-width: 600px) 100vw, 600px\" \/><\/p>\n<p>&nbsp;<\/p>\n<p style=\"text-align: justify;\">Ya est\u00e1 disponible en nuestra <strong>Biblioteca P\u00fablica Municipal Ana Mar\u00eda Matute<\/strong> de Caudete, parte de la <strong>Colecci\u00f3n Francisco Jos\u00e9 Dom\u00e9nech Mira<\/strong>, formada por la donaci\u00f3n realizada por Concepci\u00f3n Vinader, viuda de Francisco Jos\u00e9 Dom\u00e9nech Mira, de su biblioteca particular. Este fondo est\u00e1 disponible para su consulta en el Cat\u00e1logo Colectivo de la Red de Bibliotecas P\u00fablicas de Castilla La Mancha, disponible en internet a trav\u00e9s del enlace directo al<a href=\"http:\/\/reddebibliotecas.jccm.es\/cgi-bin\/abnetopac\/O7173\/ID5db801bf?ACC=161\" target=\"_blank\" rel=\"noopener noreferrer nofollow\"> OPAC Web<\/a><\/p>\n<p style=\"text-align: justify;\">Esta secci\u00f3n estar\u00e1 ubicada junto a la sala de estudio y est\u00e1 compuesta actualmente por unos 3262 ejemplares catalogados e inventariados, de los que 2018 son fondos bibliogr\u00e1ficos sobre novela espa\u00f1ola y universal; colecciones de poes\u00eda del siglo XIX y XX; teatro espa\u00f1ol, historia espa\u00f1ola y universal, arte y biograf\u00edas; filololog\u00eda espa\u00f1ola y en otras lenguas; 615 ejemplares de revistas de historia y car\u00e1cter local; 374 pel\u00edculas y documentales en DVD y 254 CD\u2019s de diversos estilos musicales. El total de ejemplares donados fue de alrededor de 5000 ejemplares, y al estar ya muy avanzados los trabajos de catalogaci\u00f3n y formada parte de esta secci\u00f3n, aprovechando la celebraci\u00f3n del D\u00eda del Libro, desde la Biblioteca se ha querido dar a conocer esa secci\u00f3n para consulta de todos los ciudadanos interesados y pr\u00e9stamo de documentos a todos aquellos que sean socios de la Biblioteca.<\/p>\n<p style=\"text-align: justify;\">Francisco Jos\u00e9 Dom\u00e9nech Mira, fallecido en 2013 a la edad de 53 a\u00f1os, era doctor en Filolog\u00eda Hisp\u00e1nica y licenciado en Historia. Profesor en el I.E.S. Pintor Rafael Requena y la Universidad Popular de Caudete, particip\u00f3 en un gran n\u00famero de estudios y publicaciones sobre la historia caudetana. Actualmente desde el Ayuntamiento de Caudete, organizada por la Biblioteca P\u00fablica Municipal Ana Mar\u00eda Matute y promovida por su viuda, Concepci\u00f3n Vinader, existe una Beca de Investigaci\u00f3n con el nombre de Beca de Investigaci\u00f3n Hist\u00f3rica \u201cFrancisco Jos\u00e9 Dom\u00e9nech Mira\u201d, de la que ya se han realizado dos ediciones. Cuenta con los patrocinadores de las empresas locales Crisnova Vidrio, Toldos Caudete, Generali Seguros y Servigrafic, adem\u00e1s de la colaboraci\u00f3n de la Asociaci\u00f3n Amigos de la Historia Caudetana, el Instituto de Estudios Albacetenses \u201cDon Juan Manuel\u201d y la Diputaci\u00f3n de Albacete, fruto de la cual se han realizado ya dos publicaciones.<\/p>\n<p><strong>Ficheros adjuntos<\/strong><\/p>\n<p><a href=\"http:\/\/www.caudete.telemaco.es\/eniusimg\/enius146\/2019\/04\/adjuntos_fichero_f5d7d7214efb4859.pdf\" class=\"mtli_attachment mtli_pdf\" target=\"_blank\" rel=\"noopener noreferrer nofollow\">COLECCI\u00d3N M\u00daSICA<\/a><\/p>\n<p>&nbsp;<\/p>\nngg_shortcode_0_placeholder\n","protected":false},"excerpt":{"rendered":"<p>&nbsp; Ya est\u00e1 disponible en nuestra Biblioteca P\u00fablica Municipal Ana Mar\u00eda Matute de Caudete, parte de la Colecci\u00f3n Francisco Jos\u00e9 Dom\u00e9nech Mira, formada por la donaci\u00f3n realizada por Concepci\u00f3n Vinader, viuda de Francisco Jos\u00e9 Dom\u00e9nech Mira, de su biblioteca particular. Este fondo est\u00e1 disponible para su consulta en el Cat\u00e1logo Colectivo de la Red de &hellip;<\/p>\n","protected":false},"author":1,"featured_media":0,"parent":0,"menu_order":0,"comment_status":"closed","ping_status":"closed","template":"","meta":{"ngg_post_thumbnail":0,"footnotes":""},"categories":[105],"tags":[],"class_list":["post-7309","page","type-page","status-publish","hentry","category-biblioteca"],"yoast_head":"<!-- This site is optimized with the Yoast SEO plugin v27.5 - https:\/\/yoast.com\/product\/yoast-seo-wordpress\/ -->\n<title>Biblioteca - F. J. Domenech Mira - MI Ayuntamiento de Caudete<\/title>\n<meta name=\"description\" content=\"P\u00e1gina Oficial del Ayuntamiento de Caudete (Albacete)\" \/>\n<meta name=\"robots\" content=\"index, follow, max-snippet:-1, max-image-preview:large, max-video-preview:-1\" \/>\n<link rel=\"canonical\" href=\"https:\/\/www.caudete.org\/ayuntamiento\/biblioteca-f-j-domenech-mira\/\" \/>\n<meta property=\"og:locale\" content=\"es_ES\" \/>\n<meta property=\"og:type\" content=\"article\" \/>\n<meta property=\"og:title\" content=\"Biblioteca - F. J. Domenech Mira - MI Ayuntamiento de Caudete\" \/>\n<meta property=\"og:description\" content=\"P\u00e1gina Oficial del Ayuntamiento de Caudete (Albacete)\" \/>\n<meta property=\"og:url\" content=\"https:\/\/www.caudete.org\/ayuntamiento\/biblioteca-f-j-domenech-mira\/\" \/>\n<meta property=\"og:site_name\" content=\"MI Ayuntamiento de Caudete\" \/>\n<meta property=\"article:publisher\" content=\"https:\/\/www.facebook.com\/ayuntamientocaudete\/\" \/>\n<meta property=\"article:modified_time\" content=\"2024-06-21T17:17:04+00:00\" \/>\n<meta property=\"og:image\" content=\"http:\/\/www.caudete.org\/ayuntamiento\/wp-content\/uploads\/2020\/12\/domenech.jpg\" \/>\n<meta name=\"twitter:card\" content=\"summary_large_image\" \/>\n<meta name=\"twitter:label1\" content=\"Tiempo de lectura\" \/>\n\t<meta name=\"twitter:data1\" content=\"2 minutos\" \/>\n<script type=\"application\/ld+json\" class=\"yoast-schema-graph\">{\"@context\":\"https:\\\/\\\/schema.org\",\"@graph\":[{\"@type\":\"WebPage\",\"@id\":\"https:\\\/\\\/www.caudete.org\\\/ayuntamiento\\\/biblioteca-f-j-domenech-mira\\\/\",\"url\":\"https:\\\/\\\/www.caudete.org\\\/ayuntamiento\\\/biblioteca-f-j-domenech-mira\\\/\",\"name\":\"Biblioteca - F. J. Domenech Mira - MI Ayuntamiento de Caudete\",\"isPartOf\":{\"@id\":\"https:\\\/\\\/www.caudete.org\\\/ayuntamiento\\\/#website\"},\"primaryImageOfPage\":{\"@id\":\"https:\\\/\\\/www.caudete.org\\\/ayuntamiento\\\/biblioteca-f-j-domenech-mira\\\/#primaryimage\"},\"image\":{\"@id\":\"https:\\\/\\\/www.caudete.org\\\/ayuntamiento\\\/biblioteca-f-j-domenech-mira\\\/#primaryimage\"},\"thumbnailUrl\":\"http:\\\/\\\/www.caudete.org\\\/ayuntamiento\\\/wp-content\\\/uploads\\\/2020\\\/12\\\/domenech.jpg\",\"datePublished\":\"2020-12-06T19:04:59+00:00\",\"dateModified\":\"2024-06-21T17:17:04+00:00\",\"description\":\"P\u00e1gina Oficial del Ayuntamiento de Caudete (Albacete)\",\"breadcrumb\":{\"@id\":\"https:\\\/\\\/www.caudete.org\\\/ayuntamiento\\\/biblioteca-f-j-domenech-mira\\\/#breadcrumb\"},\"inLanguage\":\"es\",\"potentialAction\":[{\"@type\":\"ReadAction\",\"target\":[\"https:\\\/\\\/www.caudete.org\\\/ayuntamiento\\\/biblioteca-f-j-domenech-mira\\\/\"]}]},{\"@type\":\"ImageObject\",\"inLanguage\":\"es\",\"@id\":\"https:\\\/\\\/www.caudete.org\\\/ayuntamiento\\\/biblioteca-f-j-domenech-mira\\\/#primaryimage\",\"url\":\"https:\\\/\\\/www.caudete.org\\\/ayuntamiento\\\/wp-content\\\/uploads\\\/2020\\\/12\\\/domenech.jpg\",\"contentUrl\":\"https:\\\/\\\/www.caudete.org\\\/ayuntamiento\\\/wp-content\\\/uploads\\\/2020\\\/12\\\/domenech.jpg\",\"width\":600,\"height\":350},{\"@type\":\"BreadcrumbList\",\"@id\":\"https:\\\/\\\/www.caudete.org\\\/ayuntamiento\\\/biblioteca-f-j-domenech-mira\\\/#breadcrumb\",\"itemListElement\":[{\"@type\":\"ListItem\",\"position\":1,\"name\":\"Inicio\",\"item\":\"https:\\\/\\\/www.caudete.org\\\/ayuntamiento\\\/\"},{\"@type\":\"ListItem\",\"position\":2,\"name\":\"Biblioteca &#8211; F. J. Domenech Mira\"}]},{\"@type\":\"WebSite\",\"@id\":\"https:\\\/\\\/www.caudete.org\\\/ayuntamiento\\\/#website\",\"url\":\"https:\\\/\\\/www.caudete.org\\\/ayuntamiento\\\/\",\"name\":\"MI Ayuntamiento de Caudete\",\"description\":\"P\u00e1gina Oficial del MI Ayuntamiento de Caudete\",\"potentialAction\":[{\"@type\":\"SearchAction\",\"target\":{\"@type\":\"EntryPoint\",\"urlTemplate\":\"https:\\\/\\\/www.caudete.org\\\/ayuntamiento\\\/?s={search_term_string}\"},\"query-input\":{\"@type\":\"PropertyValueSpecification\",\"valueRequired\":true,\"valueName\":\"search_term_string\"}}],\"inLanguage\":\"es\"}]}<\/script>\n<!-- \/ Yoast SEO plugin. -->","yoast_head_json":{"title":"Biblioteca - F. J. Domenech Mira - MI Ayuntamiento de Caudete","description":"P\u00e1gina Oficial del Ayuntamiento de Caudete (Albacete)","robots":{"index":"index","follow":"follow","max-snippet":"max-snippet:-1","max-image-preview":"max-image-preview:large","max-video-preview":"max-video-preview:-1"},"canonical":"https:\/\/www.caudete.org\/ayuntamiento\/biblioteca-f-j-domenech-mira\/","og_locale":"es_ES","og_type":"article","og_title":"Biblioteca - F. J. Domenech Mira - MI Ayuntamiento de Caudete","og_description":"P\u00e1gina Oficial del Ayuntamiento de Caudete (Albacete)","og_url":"https:\/\/www.caudete.org\/ayuntamiento\/biblioteca-f-j-domenech-mira\/","og_site_name":"MI Ayuntamiento de Caudete","article_publisher":"https:\/\/www.facebook.com\/ayuntamientocaudete\/","article_modified_time":"2024-06-21T17:17:04+00:00","og_image":[{"url":"http:\/\/www.caudete.org\/ayuntamiento\/wp-content\/uploads\/2020\/12\/domenech.jpg","type":"","width":"","height":""}],"twitter_card":"summary_large_image","twitter_misc":{"Tiempo de lectura":"2 minutos"},"schema":{"@context":"https:\/\/schema.org","@graph":[{"@type":"WebPage","@id":"https:\/\/www.caudete.org\/ayuntamiento\/biblioteca-f-j-domenech-mira\/","url":"https:\/\/www.caudete.org\/ayuntamiento\/biblioteca-f-j-domenech-mira\/","name":"Biblioteca - F. J. Domenech Mira - MI Ayuntamiento de Caudete","isPartOf":{"@id":"https:\/\/www.caudete.org\/ayuntamiento\/#website"},"primaryImageOfPage":{"@id":"https:\/\/www.caudete.org\/ayuntamiento\/biblioteca-f-j-domenech-mira\/#primaryimage"},"image":{"@id":"https:\/\/www.caudete.org\/ayuntamiento\/biblioteca-f-j-domenech-mira\/#primaryimage"},"thumbnailUrl":"http:\/\/www.caudete.org\/ayuntamiento\/wp-content\/uploads\/2020\/12\/domenech.jpg","datePublished":"2020-12-06T19:04:59+00:00","dateModified":"2024-06-21T17:17:04+00:00","description":"P\u00e1gina Oficial del Ayuntamiento de Caudete (Albacete)","breadcrumb":{"@id":"https:\/\/www.caudete.org\/ayuntamiento\/biblioteca-f-j-domenech-mira\/#breadcrumb"},"inLanguage":"es","potentialAction":[{"@type":"ReadAction","target":["https:\/\/www.caudete.org\/ayuntamiento\/biblioteca-f-j-domenech-mira\/"]}]},{"@type":"ImageObject","inLanguage":"es","@id":"https:\/\/www.caudete.org\/ayuntamiento\/biblioteca-f-j-domenech-mira\/#primaryimage","url":"https:\/\/www.caudete.org\/ayuntamiento\/wp-content\/uploads\/2020\/12\/domenech.jpg","contentUrl":"https:\/\/www.caudete.org\/ayuntamiento\/wp-content\/uploads\/2020\/12\/domenech.jpg","width":600,"height":350},{"@type":"BreadcrumbList","@id":"https:\/\/www.caudete.org\/ayuntamiento\/biblioteca-f-j-domenech-mira\/#breadcrumb","itemListElement":[{"@type":"ListItem","position":1,"name":"Inicio","item":"https:\/\/www.caudete.org\/ayuntamiento\/"},{"@type":"ListItem","position":2,"name":"Biblioteca &#8211; F. J. Domenech Mira"}]},{"@type":"WebSite","@id":"https:\/\/www.caudete.org\/ayuntamiento\/#website","url":"https:\/\/www.caudete.org\/ayuntamiento\/","name":"MI Ayuntamiento de Caudete","description":"P\u00e1gina Oficial del MI Ayuntamiento de Caudete","potentialAction":[{"@type":"SearchAction","target":{"@type":"EntryPoint","urlTemplate":"https:\/\/www.caudete.org\/ayuntamiento\/?s={search_term_string}"},"query-input":{"@type":"PropertyValueSpecification","valueRequired":true,"valueName":"search_term_string"}}],"inLanguage":"es"}]}},"_links":{"self":[{"href":"https:\/\/www.caudete.org\/ayuntamiento\/wp-json\/wp\/v2\/pages\/7309","targetHints":{"allow":["GET"]}}],"collection":[{"href":"https:\/\/www.caudete.org\/ayuntamiento\/wp-json\/wp\/v2\/pages"}],"about":[{"href":"https:\/\/www.caudete.org\/ayuntamiento\/wp-json\/wp\/v2\/types\/page"}],"author":[{"embeddable":true,"href":"https:\/\/www.caudete.org\/ayuntamiento\/wp-json\/wp\/v2\/users\/1"}],"replies":[{"embeddable":true,"href":"https:\/\/www.caudete.org\/ayuntamiento\/wp-json\/wp\/v2\/comments?post=7309"}],"version-history":[{"count":3,"href":"https:\/\/www.caudete.org\/ayuntamiento\/wp-json\/wp\/v2\/pages\/7309\/revisions"}],"predecessor-version":[{"id":7331,"href":"https:\/\/www.caudete.org\/ayuntamiento\/wp-json\/wp\/v2\/pages\/7309\/revisions\/7331"}],"wp:attachment":[{"href":"https:\/\/www.caudete.org\/ayuntamiento\/wp-json\/wp\/v2\/media?parent=7309"}],"wp:term":[{"taxonomy":"category","embeddable":true,"href":"https:\/\/www.caudete.org\/ayuntamiento\/wp-json\/wp\/v2\/categories?post=7309"},{"taxonomy":"post_tag","embeddable":true,"href":"https:\/\/www.caudete.org\/ayuntamiento\/wp-json\/wp\/v2\/tags?post=7309"}],"curies":[{"name":"wp","href":"https:\/\/api.w.org\/{rel}","templated":true}]}}

<p><img fetchpriority="high" decoding="async" class="aligncenter size-full wp-image-7330" src="http://www.caudete.org/ayuntamiento/wp-content/uploads/2020/12/domenech.jpg" alt="" width="600" height="350" srcset="https://www.caudete.org/ayuntamiento/wp-content/uploads/2020/12/domenech.jpg 600w, https://www.caudete.org/ayuntamiento/wp-content/uploads/2020/12/domenech-300x175.jpg 300w" sizes="(max-width: 600px) 100vw, 600px" /></p>
<p>&nbsp;</p>
<p style="text-align: justify;">Ya está disponible en nuestra <strong>Biblioteca Pública Municipal Ana María Matute</strong> de Caudete, parte de la <strong>Colección Francisco José Doménech Mira</strong>, formada por la donación realizada por Concepción Vinader, viuda de Francisco José Doménech Mira, de su biblioteca particular. Este fondo está disponible para su consulta en el Catálogo Colectivo de la Red de Bibliotecas Públicas de Castilla La Mancha, disponible en internet a través del enlace directo al<a href="http://reddebibliotecas.jccm.es/cgi-bin/abnetopac/O7173/ID5db801bf?ACC=161" target="_blank" rel="noopener noreferrer nofollow"> OPAC Web</a></p>
<p style="text-align: justify;">Esta sección estará ubicada junto a la sala de estudio y está compuesta actualmente por unos 3262 ejemplares catalogados e inventariados, de los que 2018 son fondos bibliográficos sobre novela española y universal; colecciones de poesía del siglo XIX y XX; teatro español, historia española y universal, arte y biografías; filolología española y en otras lenguas; 615 ejemplares de revistas de historia y carácter local; 374 películas y documentales en DVD y 254 CD’s de diversos estilos musicales. El total de ejemplares donados fue de alrededor de 5000 ejemplares, y al estar ya muy avanzados los trabajos de catalogación y formada parte de esta sección, aprovechando la celebración del Día del Libro, desde la Biblioteca se ha querido dar a conocer esa sección para consulta de todos los ciudadanos interesados y préstamo de documentos a todos aquellos que sean socios de la Biblioteca.</p>
<p style="text-align: justify;">Francisco José Doménech Mira, fallecido en 2013 a la edad de 53 años, era doctor en Filología Hispánica y licenciado en Historia. Profesor en el I.E.S. Pintor Rafael Requena y la Universidad Popular de Caudete, participó en un gran número de estudios y publicaciones sobre la historia caudetana. Actualmente desde el Ayuntamiento de Caudete, organizada por la Biblioteca Pública Municipal Ana María Matute y promovida por su viuda, Concepción Vinader, existe una Beca de Investigación con el nombre de Beca de Investigación Histórica “Francisco José Doménech Mira”, de la que ya se han realizado dos ediciones. Cuenta con los patrocinadores de las empresas locales Crisnova Vidrio, Toldos Caudete, Generali Seguros y Servigrafic, además de la colaboración de la Asociación Amigos de la Historia Caudetana, el Instituto de Estudios Albacetenses “Don Juan Manuel” y la Diputación de Albacete, fruto de la cual se han realizado ya dos publicaciones.</p>
<p><strong>Ficheros adjuntos</strong></p>
<p><a href="http://www.caudete.telemaco.es/eniusimg/enius146/2019/04/adjuntos_fichero_f5d7d7214efb4859.pdf" class="mtli_attachment mtli_pdf" target="_blank" rel="noopener noreferrer nofollow">COLECCIÓN MÚSICA</a></p>
<p>&nbsp;</p>
ngg_shortcode_0_placeholder

<p>&nbsp; Ya está disponible en nuestra Biblioteca Pública Municipal Ana María Matute de Caudete, parte de la Colección Francisco José Doménech Mira, formada por la donación realizada por Concepción Vinader, viuda de Francisco José Doménech Mira, de su biblioteca particular. Este fondo está disponible para su consulta en el Catálogo Colectivo de la Red de &hellip;</p>

<!-- This site is optimized with the Yoast SEO plugin v27.5 - https://yoast.com/product/yoast-seo-wordpress/ -->
<title>Biblioteca - F. J. Domenech Mira - MI Ayuntamiento de Caudete</title>
<meta name="description" content="Página Oficial del Ayuntamiento de Caudete (Albacete)" />
<meta name="robots" content="index, follow, max-snippet:-1, max-image-preview:large, max-video-preview:-1" />
<link rel="canonical" href="https://www.caudete.org/ayuntamiento/biblioteca-f-j-domenech-mira/" />
<meta property="og:locale" content="es_ES" />
<meta property="og:type" content="article" />
<meta property="og:title" content="Biblioteca - F. J. Domenech Mira - MI Ayuntamiento de Caudete" />
<meta property="og:description" content="Página Oficial del Ayuntamiento de Caudete (Albacete)" />
<meta property="og:url" content="https://www.caudete.org/ayuntamiento/biblioteca-f-j-domenech-mira/" />
<meta property="og:site_name" content="MI Ayuntamiento de Caudete" />
<meta property="article:publisher" content="https://www.facebook.com/ayuntamientocaudete/" />
<meta property="article:modified_time" content="2024-06-21T17:17:04+00:00" />
<meta property="og:image" content="http://www.caudete.org/ayuntamiento/wp-content/uploads/2020/12/domenech.jpg" />
<meta name="twitter:card" content="summary_large_image" />
<meta name="twitter:label1" content="Tiempo de lectura" />
	<meta name="twitter:data1" content="2 minutos" />
<script type="application/ld+json" class="yoast-schema-graph">{"@context":"https:\/\/schema.org","@graph":[{"@type":"WebPage","@id":"https:\/\/www.caudete.org\/ayuntamiento\/biblioteca-f-j-domenech-mira\/","url":"https:\/\/www.caudete.org\/ayuntamiento\/biblioteca-f-j-domenech-mira\/","name":"Biblioteca - F. J. Domenech Mira - MI Ayuntamiento de Caudete","isPartOf":{"@id":"https:\/\/www.caudete.org\/ayuntamiento\/#website"},"primaryImageOfPage":{"@id":"https:\/\/www.caudete.org\/ayuntamiento\/biblioteca-f-j-domenech-mira\/#primaryimage"},"image":{"@id":"https:\/\/www.caudete.org\/ayuntamiento\/biblioteca-f-j-domenech-mira\/#primaryimage"},"thumbnailUrl":"http:\/\/www.caudete.org\/ayuntamiento\/wp-content\/uploads\/2020\/12\/domenech.jpg","datePublished":"2020-12-06T19:04:59+00:00","dateModified":"2024-06-21T17:17:04+00:00","description":"Página Oficial del Ayuntamiento de Caudete (Albacete)","breadcrumb":{"@id":"https:\/\/www.caudete.org\/ayuntamiento\/biblioteca-f-j-domenech-mira\/#breadcrumb"},"inLanguage":"es","potentialAction":[{"@type":"ReadAction","target":["https:\/\/www.caudete.org\/ayuntamiento\/biblioteca-f-j-domenech-mira\/"]}]},{"@type":"ImageObject","inLanguage":"es","@id":"https:\/\/www.caudete.org\/ayuntamiento\/biblioteca-f-j-domenech-mira\/#primaryimage","url":"https:\/\/www.caudete.org\/ayuntamiento\/wp-content\/uploads\/2020\/12\/domenech.jpg","contentUrl":"https:\/\/www.caudete.org\/ayuntamiento\/wp-content\/uploads\/2020\/12\/domenech.jpg","width":600,"height":350},{"@type":"BreadcrumbList","@id":"https:\/\/www.caudete.org\/ayuntamiento\/biblioteca-f-j-domenech-mira\/#breadcrumb","itemListElement":[{"@type":"ListItem","position":1,"name":"Inicio","item":"https:\/\/www.caudete.org\/ayuntamiento\/"},{"@type":"ListItem","position":2,"name":"Biblioteca &#8211; F. J. Domenech Mira"}]},{"@type":"WebSite","@id":"https:\/\/www.caudete.org\/ayuntamiento\/#website","url":"https:\/\/www.caudete.org\/ayuntamiento\/","name":"MI Ayuntamiento de Caudete","description":"Página Oficial del MI Ayuntamiento de Caudete","potentialAction":[{"@type":"SearchAction","target":{"@type":"EntryPoint","urlTemplate":"https:\/\/www.caudete.org\/ayuntamiento\/?s={search_term_string}"},"query-input":{"@type":"PropertyValueSpecification","valueRequired":true,"valueName":"search_term_string"}}],"inLanguage":"es"}]}</script>
<!-- / Yoast SEO plugin. -->

Página Oficial del Ayuntamiento de Caudete (Albacete)

Página Oficial del MI Ayuntamiento de Caudete
