{"id":7830,"date":"2020-12-08T13:28:18","date_gmt":"2020-12-08T12:28:18","guid":{"rendered":"http:\/\/www.caudete.org\/ayuntamiento\/?page_id=7830"},"modified":"2024-06-21T19:20:02","modified_gmt":"2024-06-21T17:20:02","slug":"biblioteca-redes-sociales","status":"publish","type":"page","link":"https:\/\/www.caudete.org\/ayuntamiento\/biblioteca-redes-sociales\/","title":{"rendered":"Biblioteca &#8211; Redes Sociales"},"content":{"rendered":"<p>La <strong>Biblioteca P\u00fablica Municipal &#8220;Ana Mar\u00eda Matute&#8221;<\/strong> est\u00e1 en las siguientes redes sociales:<\/p>\n<p>Facebook | <a href=\"https:\/\/www.facebook.com\/Biblioteca-Caudete-256819264363250\/\" target=\"_blank\" rel=\"noopener noreferrer nofollow\">Biblioteca de Caudete<\/a><\/p>\n<p>Twitter | <a href=\"https:\/\/twitter.com\/caudetebiblio\" target=\"_blank\" rel=\"noopener noreferrer nofollow\">@caudetebiblio<\/a><\/p>\n<p>Youtube | <a href=\"http:\/\/www.youtube.es\/caudetebiblioteca\" target=\"_blank\" rel=\"noopener noreferrer nofollow\">http:\/\/www.youtube.es\/caudetebiblioteca<\/a><\/p>\n<p>Instagram | <a href=\"https:\/\/www.instagram.com\/caudetebiblio\/?hl=es\" target=\"_blank\" rel=\"noopener noreferrer nofollow\">Caudete Biblio<\/a><\/p>\n<p>Pinterest | <a href=\"https:\/\/es.pinterest.com\/caudetebiblio\/\" target=\"_blank\" rel=\"noopener noreferrer nofollow\">Caudete Biblio<\/a><\/p>\n<p><a href=\"https:\/\/paper.li\/caudetebiblio\/1383927811\" target=\"_blank\" rel=\"noopener noreferrer nofollow\">Noticiario Caudetano<\/a><\/p>\n<p><a href=\"https:\/\/paper.li\/caudetebiblio\/1383927401\" target=\"_blank\" rel=\"noopener noreferrer nofollow\">Diario Cultural de Caudete Biblio<\/a><\/p>\n","protected":false},"excerpt":{"rendered":"<p>La Biblioteca P\u00fablica Municipal &#8220;Ana Mar\u00eda Matute&#8221; est\u00e1 en las siguientes redes sociales: Facebook | Biblioteca de Caudete Twitter | @caudetebiblio Youtube | http:\/\/www.youtube.es\/caudetebiblioteca Instagram | Caudete Biblio Pinterest | Caudete Biblio Noticiario Caudetano Diario Cultural de Caudete Biblio<\/p>\n","protected":false},"author":1,"featured_media":0,"parent":0,"menu_order":0,"comment_status":"closed","ping_status":"closed","template":"","meta":{"ngg_post_thumbnail":0,"footnotes":""},"categories":[105],"tags":[],"class_list":["post-7830","page","type-page","status-publish","hentry","category-biblioteca"],"yoast_head":"<!-- This site is optimized with the Yoast SEO plugin v27.5 - https:\/\/yoast.com\/product\/yoast-seo-wordpress\/ -->\n<title>Biblioteca - Redes Sociales - MI Ayuntamiento de Caudete<\/title>\n<meta name=\"description\" content=\"P\u00e1gina Oficial del Ayuntamiento de Caudete (Albacete)\" \/>\n<meta name=\"robots\" content=\"index, follow, max-snippet:-1, max-image-preview:large, max-video-preview:-1\" \/>\n<link rel=\"canonical\" href=\"https:\/\/www.caudete.org\/ayuntamiento\/biblioteca-redes-sociales\/\" \/>\n<meta property=\"og:locale\" content=\"es_ES\" \/>\n<meta property=\"og:type\" content=\"article\" \/>\n<meta property=\"og:title\" content=\"Biblioteca - Redes Sociales - MI Ayuntamiento de Caudete\" \/>\n<meta property=\"og:description\" content=\"P\u00e1gina Oficial del Ayuntamiento de Caudete (Albacete)\" \/>\n<meta property=\"og:url\" content=\"https:\/\/www.caudete.org\/ayuntamiento\/biblioteca-redes-sociales\/\" \/>\n<meta property=\"og:site_name\" content=\"MI Ayuntamiento de Caudete\" \/>\n<meta property=\"article:publisher\" content=\"https:\/\/www.facebook.com\/ayuntamientocaudete\/\" \/>\n<meta property=\"article:modified_time\" content=\"2024-06-21T17:20:02+00:00\" \/>\n<meta name=\"twitter:card\" content=\"summary_large_image\" \/>\n<script type=\"application\/ld+json\" class=\"yoast-schema-graph\">{\"@context\":\"https:\\\/\\\/schema.org\",\"@graph\":[{\"@type\":\"WebPage\",\"@id\":\"https:\\\/\\\/www.caudete.org\\\/ayuntamiento\\\/biblioteca-redes-sociales\\\/\",\"url\":\"https:\\\/\\\/www.caudete.org\\\/ayuntamiento\\\/biblioteca-redes-sociales\\\/\",\"name\":\"Biblioteca - Redes Sociales - MI Ayuntamiento de Caudete\",\"isPartOf\":{\"@id\":\"https:\\\/\\\/www.caudete.org\\\/ayuntamiento\\\/#website\"},\"datePublished\":\"2020-12-08T12:28:18+00:00\",\"dateModified\":\"2024-06-21T17:20:02+00:00\",\"description\":\"P\u00e1gina Oficial del Ayuntamiento de Caudete (Albacete)\",\"breadcrumb\":{\"@id\":\"https:\\\/\\\/www.caudete.org\\\/ayuntamiento\\\/biblioteca-redes-sociales\\\/#breadcrumb\"},\"inLanguage\":\"es\",\"potentialAction\":[{\"@type\":\"ReadAction\",\"target\":[\"https:\\\/\\\/www.caudete.org\\\/ayuntamiento\\\/biblioteca-redes-sociales\\\/\"]}]},{\"@type\":\"BreadcrumbList\",\"@id\":\"https:\\\/\\\/www.caudete.org\\\/ayuntamiento\\\/biblioteca-redes-sociales\\\/#breadcrumb\",\"itemListElement\":[{\"@type\":\"ListItem\",\"position\":1,\"name\":\"Inicio\",\"item\":\"https:\\\/\\\/www.caudete.org\\\/ayuntamiento\\\/\"},{\"@type\":\"ListItem\",\"position\":2,\"name\":\"Biblioteca &#8211; Redes Sociales\"}]},{\"@type\":\"WebSite\",\"@id\":\"https:\\\/\\\/www.caudete.org\\\/ayuntamiento\\\/#website\",\"url\":\"https:\\\/\\\/www.caudete.org\\\/ayuntamiento\\\/\",\"name\":\"MI Ayuntamiento de Caudete\",\"description\":\"P\u00e1gina Oficial del MI Ayuntamiento de Caudete\",\"potentialAction\":[{\"@type\":\"SearchAction\",\"target\":{\"@type\":\"EntryPoint\",\"urlTemplate\":\"https:\\\/\\\/www.caudete.org\\\/ayuntamiento\\\/?s={search_term_string}\"},\"query-input\":{\"@type\":\"PropertyValueSpecification\",\"valueRequired\":true,\"valueName\":\"search_term_string\"}}],\"inLanguage\":\"es\"}]}<\/script>\n<!-- \/ Yoast SEO plugin. -->","yoast_head_json":{"title":"Biblioteca - Redes Sociales - MI Ayuntamiento de Caudete","description":"P\u00e1gina Oficial del Ayuntamiento de Caudete (Albacete)","robots":{"index":"index","follow":"follow","max-snippet":"max-snippet:-1","max-image-preview":"max-image-preview:large","max-video-preview":"max-video-preview:-1"},"canonical":"https:\/\/www.caudete.org\/ayuntamiento\/biblioteca-redes-sociales\/","og_locale":"es_ES","og_type":"article","og_title":"Biblioteca - Redes Sociales - MI Ayuntamiento de Caudete","og_description":"P\u00e1gina Oficial del Ayuntamiento de Caudete (Albacete)","og_url":"https:\/\/www.caudete.org\/ayuntamiento\/biblioteca-redes-sociales\/","og_site_name":"MI Ayuntamiento de Caudete","article_publisher":"https:\/\/www.facebook.com\/ayuntamientocaudete\/","article_modified_time":"2024-06-21T17:20:02+00:00","twitter_card":"summary_large_image","schema":{"@context":"https:\/\/schema.org","@graph":[{"@type":"WebPage","@id":"https:\/\/www.caudete.org\/ayuntamiento\/biblioteca-redes-sociales\/","url":"https:\/\/www.caudete.org\/ayuntamiento\/biblioteca-redes-sociales\/","name":"Biblioteca - Redes Sociales - MI Ayuntamiento de Caudete","isPartOf":{"@id":"https:\/\/www.caudete.org\/ayuntamiento\/#website"},"datePublished":"2020-12-08T12:28:18+00:00","dateModified":"2024-06-21T17:20:02+00:00","description":"P\u00e1gina Oficial del Ayuntamiento de Caudete (Albacete)","breadcrumb":{"@id":"https:\/\/www.caudete.org\/ayuntamiento\/biblioteca-redes-sociales\/#breadcrumb"},"inLanguage":"es","potentialAction":[{"@type":"ReadAction","target":["https:\/\/www.caudete.org\/ayuntamiento\/biblioteca-redes-sociales\/"]}]},{"@type":"BreadcrumbList","@id":"https:\/\/www.caudete.org\/ayuntamiento\/biblioteca-redes-sociales\/#breadcrumb","itemListElement":[{"@type":"ListItem","position":1,"name":"Inicio","item":"https:\/\/www.caudete.org\/ayuntamiento\/"},{"@type":"ListItem","position":2,"name":"Biblioteca &#8211; Redes Sociales"}]},{"@type":"WebSite","@id":"https:\/\/www.caudete.org\/ayuntamiento\/#website","url":"https:\/\/www.caudete.org\/ayuntamiento\/","name":"MI Ayuntamiento de Caudete","description":"P\u00e1gina Oficial del MI Ayuntamiento de Caudete","potentialAction":[{"@type":"SearchAction","target":{"@type":"EntryPoint","urlTemplate":"https:\/\/www.caudete.org\/ayuntamiento\/?s={search_term_string}"},"query-input":{"@type":"PropertyValueSpecification","valueRequired":true,"valueName":"search_term_string"}}],"inLanguage":"es"}]}},"_links":{"self":[{"href":"https:\/\/www.caudete.org\/ayuntamiento\/wp-json\/wp\/v2\/pages\/7830","targetHints":{"allow":["GET"]}}],"collection":[{"href":"https:\/\/www.caudete.org\/ayuntamiento\/wp-json\/wp\/v2\/pages"}],"about":[{"href":"https:\/\/www.caudete.org\/ayuntamiento\/wp-json\/wp\/v2\/types\/page"}],"author":[{"embeddable":true,"href":"https:\/\/www.caudete.org\/ayuntamiento\/wp-json\/wp\/v2\/users\/1"}],"replies":[{"embeddable":true,"href":"https:\/\/www.caudete.org\/ayuntamiento\/wp-json\/wp\/v2\/comments?post=7830"}],"version-history":[{"count":4,"href":"https:\/\/www.caudete.org\/ayuntamiento\/wp-json\/wp\/v2\/pages\/7830\/revisions"}],"predecessor-version":[{"id":7833,"href":"https:\/\/www.caudete.org\/ayuntamiento\/wp-json\/wp\/v2\/pages\/7830\/revisions\/7833"}],"wp:attachment":[{"href":"https:\/\/www.caudete.org\/ayuntamiento\/wp-json\/wp\/v2\/media?parent=7830"}],"wp:term":[{"taxonomy":"category","embeddable":true,"href":"https:\/\/www.caudete.org\/ayuntamiento\/wp-json\/wp\/v2\/categories?post=7830"},{"taxonomy":"post_tag","embeddable":true,"href":"https:\/\/www.caudete.org\/ayuntamiento\/wp-json\/wp\/v2\/tags?post=7830"}],"curies":[{"name":"wp","href":"https:\/\/api.w.org\/{rel}","templated":true}]}}

<p>La <strong>Biblioteca Pública Municipal &#8220;Ana María Matute&#8221;</strong> está en las siguientes redes sociales:</p>
<p>Facebook | <a href="https://www.facebook.com/Biblioteca-Caudete-256819264363250/" target="_blank" rel="noopener noreferrer nofollow">Biblioteca de Caudete</a></p>
<p>Twitter | <a href="https://twitter.com/caudetebiblio" target="_blank" rel="noopener noreferrer nofollow">@caudetebiblio</a></p>
<p>Youtube | <a href="http://www.youtube.es/caudetebiblioteca" target="_blank" rel="noopener noreferrer nofollow">http://www.youtube.es/caudetebiblioteca</a></p>
<p>Instagram | <a href="https://www.instagram.com/caudetebiblio/?hl=es" target="_blank" rel="noopener noreferrer nofollow">Caudete Biblio</a></p>
<p>Pinterest | <a href="https://es.pinterest.com/caudetebiblio/" target="_blank" rel="noopener noreferrer nofollow">Caudete Biblio</a></p>
<p><a href="https://paper.li/caudetebiblio/1383927811" target="_blank" rel="noopener noreferrer nofollow">Noticiario Caudetano</a></p>
<p><a href="https://paper.li/caudetebiblio/1383927401" target="_blank" rel="noopener noreferrer nofollow">Diario Cultural de Caudete Biblio</a></p>

<p>La Biblioteca Pública Municipal &#8220;Ana María Matute&#8221; está en las siguientes redes sociales: Facebook | Biblioteca de Caudete Twitter | @caudetebiblio Youtube | http://www.youtube.es/caudetebiblioteca Instagram | Caudete Biblio Pinterest | Caudete Biblio Noticiario Caudetano Diario Cultural de Caudete Biblio</p>

<!-- This site is optimized with the Yoast SEO plugin v27.5 - https://yoast.com/product/yoast-seo-wordpress/ -->
<title>Biblioteca - Redes Sociales - MI Ayuntamiento de Caudete</title>
<meta name="description" content="Página Oficial del Ayuntamiento de Caudete (Albacete)" />
<meta name="robots" content="index, follow, max-snippet:-1, max-image-preview:large, max-video-preview:-1" />
<link rel="canonical" href="https://www.caudete.org/ayuntamiento/biblioteca-redes-sociales/" />
<meta property="og:locale" content="es_ES" />
<meta property="og:type" content="article" />
<meta property="og:title" content="Biblioteca - Redes Sociales - MI Ayuntamiento de Caudete" />
<meta property="og:description" content="Página Oficial del Ayuntamiento de Caudete (Albacete)" />
<meta property="og:url" content="https://www.caudete.org/ayuntamiento/biblioteca-redes-sociales/" />
<meta property="og:site_name" content="MI Ayuntamiento de Caudete" />
<meta property="article:publisher" content="https://www.facebook.com/ayuntamientocaudete/" />
<meta property="article:modified_time" content="2024-06-21T17:20:02+00:00" />
<meta name="twitter:card" content="summary_large_image" />
<script type="application/ld+json" class="yoast-schema-graph">{"@context":"https:\/\/schema.org","@graph":[{"@type":"WebPage","@id":"https:\/\/www.caudete.org\/ayuntamiento\/biblioteca-redes-sociales\/","url":"https:\/\/www.caudete.org\/ayuntamiento\/biblioteca-redes-sociales\/","name":"Biblioteca - Redes Sociales - MI Ayuntamiento de Caudete","isPartOf":{"@id":"https:\/\/www.caudete.org\/ayuntamiento\/#website"},"datePublished":"2020-12-08T12:28:18+00:00","dateModified":"2024-06-21T17:20:02+00:00","description":"Página Oficial del Ayuntamiento de Caudete (Albacete)","breadcrumb":{"@id":"https:\/\/www.caudete.org\/ayuntamiento\/biblioteca-redes-sociales\/#breadcrumb"},"inLanguage":"es","potentialAction":[{"@type":"ReadAction","target":["https:\/\/www.caudete.org\/ayuntamiento\/biblioteca-redes-sociales\/"]}]},{"@type":"BreadcrumbList","@id":"https:\/\/www.caudete.org\/ayuntamiento\/biblioteca-redes-sociales\/#breadcrumb","itemListElement":[{"@type":"ListItem","position":1,"name":"Inicio","item":"https:\/\/www.caudete.org\/ayuntamiento\/"},{"@type":"ListItem","position":2,"name":"Biblioteca &#8211; Redes Sociales"}]},{"@type":"WebSite","@id":"https:\/\/www.caudete.org\/ayuntamiento\/#website","url":"https:\/\/www.caudete.org\/ayuntamiento\/","name":"MI Ayuntamiento de Caudete","description":"Página Oficial del MI Ayuntamiento de Caudete","potentialAction":[{"@type":"SearchAction","target":{"@type":"EntryPoint","urlTemplate":"https:\/\/www.caudete.org\/ayuntamiento\/?s={search_term_string}"},"query-input":{"@type":"PropertyValueSpecification","valueRequired":true,"valueName":"search_term_string"}}],"inLanguage":"es"}]}</script>
<!-- / Yoast SEO plugin. -->

Página Oficial del Ayuntamiento de Caudete (Albacete)

Página Oficial del MI Ayuntamiento de Caudete
