{"id":7856,"date":"2020-12-08T14:35:48","date_gmt":"2020-12-08T13:35:48","guid":{"rendered":"http:\/\/www.caudete.org\/ayuntamiento\/?page_id=7856"},"modified":"2024-06-21T19:17:49","modified_gmt":"2024-06-21T17:17:49","slug":"biblioteca-lo-de-la-biblio","status":"publish","type":"page","link":"https:\/\/www.caudete.org\/ayuntamiento\/biblioteca-lo-de-la-biblio\/","title":{"rendered":"Biblioteca &#8211; Lo + de la Biblio"},"content":{"rendered":"<p style=\"text-align: justify;\">A continuaci\u00f3n, ofrecemos un listado de lo m\u00e1s prestado del a\u00f1o 2011 en la Biblioteca.<\/p>\n<p style=\"text-align: justify;\"><b>LISTADO DE LOS M\u00c1S PRESTADOS en Narrativa de adultos:<\/b><\/p>\n<p>1.Los ojos amarillos de los cocodrilos de Katherine Pancol. N PAN ojo<br \/>\n2.Angelology:el libro de las generaciones de Danielle Trussoni. N TRU ang<br \/>\n3.La escriba de Antonio Garrido. N GAR esc<br \/>\n4.La ca\u00edda de los gigantes de Ken Follett. N FOL cai<br \/>\n5.El alma de las piedras de Paloma S\u00e1nchez Garnica. N SAN alm<br \/>\n6.Ri\u00f1a de gatos: Madrid 1936 de Eduardo Mendoza. N MEN ri\u00f1<br \/>\n7.La mano de F\u00e1tima de Ildefonso Falcones. N FAL man<br \/>\n8.El veneno perfecto de Amanda Quick. N QUI ven<br \/>\n9.La biblioteca de los muertos de Glenn Cooper. N COO bib<br \/>\n10.Historia del rey transparente de Rosa Montero. N MON his<\/p>\n<p><b>LISTADO DE LOS M\u00c1S PRESTADOS en Materias de adultos:<\/b><\/p>\n<p>1.Memorias de un preso de Mario Conde. B CON mem<br \/>\n2.El secreto de Rondha Byrne. 17 BYR sec<br \/>\n3.Enciclopedia de los alimentos y su poder curativo de Jorge D. Pamplona. 613 PAM enc<br \/>\n4.El poder de Rhonda Byrne. 159 BYR pod<br \/>\n5.Mar\u00eda la Brava: la madre del rey de Pilar Eyre. B BOR eyr<br \/>\n6.Un regalo para toda la vida: gu\u00eda de la lactancia materna de Carlos Gonz\u00e1lez. 613 GON un<br \/>\n7.Divas rebeldes de Cristina Morato. B MOR div<br \/>\n8.Los d\u00edas de gloria de Mario Conde. B CON dia<br \/>\n9.El embarazo semana a semana: desde la concepci\u00f3n hasta el nacimiento de Lesley Regan.618 REG emb<br \/>\n10.El gran libro de los sue\u00f1os de Emilio Salas.159 SAL gra<\/p>\n<p><b>LISTADO DE LOS M\u00c1S PRESTADOS en Temas Locales:<\/b><\/p>\n<p>1.Un siglo de escuela:los legados de la tierra CM 913 CAU cau<br \/>\n2.Caudete y su gente:los legados de la tierra. CM 913 CAU cau<br \/>\n3.La huella de la mirada: fotograf\u00eda y sociedad en Castilla La Mancha de Publio L\u00f3pez. CM 913 CAS<br \/>\n4.El camino de Anibal de \u00c1ngel \u00d1acle. CM 904 \u00d1AC cam<br \/>\n5.I Reuni\u00f3n de Estudios Regionales de Castilla La Mancha. CM 911 REU pri<br \/>\n6.Gu\u00eda de las plantas medicinales de Castilla La Mancha. CM 633 GUI<br \/>\n7.Pedro Torres Cotarelo: una vida de pintor. CM 75 PED<br \/>\n8.Museo de la Acuarela Rafael Requena: Caudete-Albacete. CM 75 MUS &#8212;<br \/>\n9.100 setas de la provincia de Albacete de Domingo Blanco. CM 582 CIE<br \/>\n10.La arquitectura modernista de la provincia de Albacete de Ricardo Mu\u00f1oz. CM 72.0 MU\u00d1 arq<\/p>\n<p><b>LISTADO DE LOS M\u00c1S PRESTADOS en COMIC ADULTOS:<\/b><\/p>\n<p>1.Breed de Jim Starlin. C STA bre<br \/>\n2.El arte de volar de Antonio Altarriba y Kim. C ALT art<br \/>\n3.Tamara Drewe de Posy Simmonds. C SIM tam<br \/>\n4.Maus: relato de un superviviente de Art Spiegelman. C SPI mau<br \/>\n5.La enciclopedia Marvel de Tom Defalco. C ENC<br \/>\n6.La torre oscura:el nacimiento de un pistolero de Stephen King. C KIN tor<br \/>\n7.El reto de los super freaks de H\u00e9ctor Ca\u00f1o. C CA\u00d1 ret<br \/>\n8.Vals con Bashir de Ari Folman. C FOL val<br \/>\n9.Una vida errante de Yoshihiro Tatsumi. C TAT vid<br \/>\n10.Santuario de X Dorison. C DOR san<\/p>\n<p><b>LISTADO DE LOS M\u00c1S PRESTADOS en COMIC INFANTIL:<\/b><\/p>\n<p>1.Naruto: el camino a seguir de Masashi Kishimoto. C KIS nar 7<br \/>\n2.Las Witch descubren sus poderes. C WIT 1<br \/>\n3.Butterfly in the air de Pocket Chocolate. C POC but<br \/>\n4.Los cuatro dragones. C WIT 5<br \/>\n5.Las rosas negras de Meridian. C WIT 4<br \/>\n6.Esp\u00edritus rebeldes. C WIT 20<br \/>\n7.La \u00faltima prueba. C WIT 32<br \/>\n8.Witch: no cierres los ojos. C WIT 10<br \/>\n9.Nunca m\u00e1s solas. C WIT 25<br \/>\n10.La otra dimensi\u00f3n. C WIT 2<\/p>\n<p><b>LISTADO DE LOS M\u00c1S PRESTADOS en Narrativa juvenil: <\/b><\/p>\n<p>1.La biblioteca secreta de Ralf Isau. N ISA bib<br \/>\n2.La evoluci\u00f3n de Calpurnia Tate de Jacqueline Kelly. N KEL evo<br \/>\n3.Cazadores de sombras: ciudad de hueso de Cassandra Clare. N CAS caz<br \/>\n4.Despertar de L.J. Smith. N SMI des<br \/>\n5.Conflicto de L.J. Smith. N SMI con<br \/>\n6.La hija de la noche de Laura Garc\u00eda Gallego. N GAR hij<br \/>\n7.Crep\u00fasculo de Stephenie Meyer. N MEY cre<br \/>\n8.Canciones para Paula de Blue Jeans. N BLU can<br \/>\n9.Amanecer de Stephenie Meyer. N MEY ama<br \/>\n10.La segunda vida de Bree tanner de Stephenie Meyer. N MEY seg<\/p>\n<p><b>LISTADO DE LOS M\u00c1S PRESTADOS en Narrativa Infantil:<\/b><\/p>\n<p>1.En el reino de la fantas\u00eda de Geronimo Stilton. N STI ene<br \/>\n2.El jorobado de Notre Dame de Disney. N DIS jor &#8212;<br \/>\n3.La ilusi\u00f3n de la oruga de Katie Hewat. I ILU<br \/>\n4.La pitufina de Peyo. N PIT PEY pit<br \/>\n5.El lobo y los siete cabritillos de los Hermanos Grimm. N SOP GRI lob<br \/>\n6.\u00cbrase una vez \u2013 el cuerpo humano. 611 ERA &#8212;<br \/>\n7.Regreso al reino de la fantas\u00eda de Geronimo Stilton. N STI reg<br \/>\n8.La granja de Carmen Busquets. I BUS gra<br \/>\n9.Juega con el gran arca de No\u00e9 de Allia Zobel. I ZOB jue<br \/>\n10.Lola va a la selva de Merc\u00e9 Ar\u00e1nega. I ARA lol<\/p>\n<p><b>LISTADO DE LOS M\u00c1S PRESTADOS en Recursos Electr\u00f3nicos:<\/b><\/p>\n<p>1.Easy English: Interactive English Course.<br \/>\n2.Global English Academy.<br \/>\n3.Caillou: memoria,secuencias y parejas<br \/>\n4.Mickey,un d\u00eda a tope: aventura en 3D<br \/>\n5.Pato Donald cuac attack Juego de acci\u00f3n<br \/>\n6.Prep\u00e1rate para el cole con Mickey: segundo ciclo<br \/>\n7.Integra 2.0 (para aprender y aprobar)<br \/>\n8.Disney Princesas: un viaje encantado<br \/>\n9.Toy Story 2: juego de acci\u00f3n para PC<br \/>\n10.Tarzan de Disney: juego para PC<\/p>\n<p><b>LISTADO DE LOS M\u00c1S PRESTADOS en Videos: ADULTOS<\/b><\/p>\n<p>1.Que se mueran los feos<br \/>\n2.Holocausto<br \/>\n3.Hermanos de sangre<br \/>\n4.Exposados<br \/>\n5.En tierra hostil: the hurt locker<br \/>\n6.Memoria de Espa\u00f1a<br \/>\n7.Agora<br \/>\n8.La II Guerra Mundial<br \/>\n9.Fuga de cerebros \u00a1Todos a Oxford por amor!<br \/>\n10.Una pareja de tres<\/p>\n<p><b>LISTADO DE LOS M\u00c1S PRESTADOS en Videos: INFANTIL<\/b><\/p>\n<p>1.Disney&#8217;s Magic English<br \/>\n2.\u00c9rase una vez el cuerpo humano<br \/>\n3.Bakugan: Battle Brawlers<br \/>\n4.Campanilla<br \/>\n5.Madagascar<br \/>\n6.Barrio S\u00e9samo<br \/>\n7.Hello Kitty y sus amigos Blancanieves y los siete enanitos<br \/>\n8.Cuentos de hadas<br \/>\n9.Ice Age 3: el origen de los dinosaurios<br \/>\n10.Transformes: la serie original<\/p>\n<p><b>LISTADO DE LOS M\u00c1S PRESTADOS en M\u00fasica:<\/b><\/p>\n<p>1.Los Chichos:oro edici\u00f3n especial 35 aniversario de Los Chichos<br \/>\n2.M\u00e9xico-Madrid en directo y sin escalas de Alejandro Fern\u00e1ndez<br \/>\n3.Mis boleros favoritos de Luis Miguel<br \/>\n4.Il Divo en Barcelona de Il Divo<br \/>\n5.El alma al aire de Alejandro Sanz<br \/>\n6.Sale el sol de Shakira<br \/>\n7.Canciones de oro<br \/>\n8.De mi pu\u00f1o y letra de Carlos Baute<br \/>\n9.Dolce vita de Soraya<br \/>\n10.Con los pies en la tierra de Andy &amp; Lucas<\/p>\n<p><b>LISTADO DE LOS M\u00c1S PRESTADOS en Revistas:<\/b><\/p>\n<p>1.MOTOCICLISMO<br \/>\n2.INTEGRAL<br \/>\n3.SABER VIVIR: MUY SALUDABLE<br \/>\n4.ENIGMAS DEL HOMBRE Y EL UNIVERSO<br \/>\n5.FEDER PESCA: LA REVISTA LIDER DE LA PESCA<br \/>\n6.BURDA<br \/>\n7.RUNNER&#8217;S WORLD<br \/>\n8.SER PADRES: LA REVISTA DEL BEB\u00c9 Y LA FAMILIA<br \/>\n9.SPORT LIFE<br \/>\n10.HISTORIA NATIONAL GEOGRAPHIC<\/p>\n<p>&nbsp;<\/p>\nngg_shortcode_0_placeholder\n","protected":false},"excerpt":{"rendered":"<p>A continuaci\u00f3n, ofrecemos un listado de lo m\u00e1s prestado del a\u00f1o 2011 en la Biblioteca. LISTADO DE LOS M\u00c1S PRESTADOS en Narrativa de adultos: 1.Los ojos amarillos de los cocodrilos de Katherine Pancol. N PAN ojo 2.Angelology:el libro de las generaciones de Danielle Trussoni. N TRU ang 3.La escriba de Antonio Garrido. N GAR esc &hellip;<\/p>\n","protected":false},"author":1,"featured_media":0,"parent":0,"menu_order":0,"comment_status":"closed","ping_status":"closed","template":"","meta":{"ngg_post_thumbnail":0,"footnotes":""},"categories":[105],"tags":[],"class_list":["post-7856","page","type-page","status-publish","hentry","category-biblioteca"],"yoast_head":"<!-- This site is optimized with the Yoast SEO plugin v27.5 - https:\/\/yoast.com\/product\/yoast-seo-wordpress\/ -->\n<title>Biblioteca - Lo + de la Biblio - MI Ayuntamiento de Caudete<\/title>\n<meta name=\"description\" content=\"P\u00e1gina Oficial del Ayuntamiento de Caudete (Albacete)\" \/>\n<meta name=\"robots\" content=\"index, follow, max-snippet:-1, max-image-preview:large, max-video-preview:-1\" \/>\n<link rel=\"canonical\" href=\"https:\/\/www.caudete.org\/ayuntamiento\/biblioteca-lo-de-la-biblio\/\" \/>\n<meta property=\"og:locale\" content=\"es_ES\" \/>\n<meta property=\"og:type\" content=\"article\" \/>\n<meta property=\"og:title\" content=\"Biblioteca - Lo + de la Biblio - MI Ayuntamiento de Caudete\" \/>\n<meta property=\"og:description\" content=\"P\u00e1gina Oficial del Ayuntamiento de Caudete (Albacete)\" \/>\n<meta property=\"og:url\" content=\"https:\/\/www.caudete.org\/ayuntamiento\/biblioteca-lo-de-la-biblio\/\" \/>\n<meta property=\"og:site_name\" content=\"MI Ayuntamiento de Caudete\" \/>\n<meta property=\"article:publisher\" content=\"https:\/\/www.facebook.com\/ayuntamientocaudete\/\" \/>\n<meta property=\"article:modified_time\" content=\"2024-06-21T17:17:49+00:00\" \/>\n<meta name=\"twitter:card\" content=\"summary_large_image\" \/>\n<meta name=\"twitter:label1\" content=\"Tiempo de lectura\" \/>\n\t<meta name=\"twitter:data1\" content=\"6 minutos\" \/>\n<script type=\"application\/ld+json\" class=\"yoast-schema-graph\">{\"@context\":\"https:\\\/\\\/schema.org\",\"@graph\":[{\"@type\":\"WebPage\",\"@id\":\"https:\\\/\\\/www.caudete.org\\\/ayuntamiento\\\/biblioteca-lo-de-la-biblio\\\/\",\"url\":\"https:\\\/\\\/www.caudete.org\\\/ayuntamiento\\\/biblioteca-lo-de-la-biblio\\\/\",\"name\":\"Biblioteca - Lo + de la Biblio - MI Ayuntamiento de Caudete\",\"isPartOf\":{\"@id\":\"https:\\\/\\\/www.caudete.org\\\/ayuntamiento\\\/#website\"},\"datePublished\":\"2020-12-08T13:35:48+00:00\",\"dateModified\":\"2024-06-21T17:17:49+00:00\",\"description\":\"P\u00e1gina Oficial del Ayuntamiento de Caudete (Albacete)\",\"breadcrumb\":{\"@id\":\"https:\\\/\\\/www.caudete.org\\\/ayuntamiento\\\/biblioteca-lo-de-la-biblio\\\/#breadcrumb\"},\"inLanguage\":\"es\",\"potentialAction\":[{\"@type\":\"ReadAction\",\"target\":[\"https:\\\/\\\/www.caudete.org\\\/ayuntamiento\\\/biblioteca-lo-de-la-biblio\\\/\"]}]},{\"@type\":\"BreadcrumbList\",\"@id\":\"https:\\\/\\\/www.caudete.org\\\/ayuntamiento\\\/biblioteca-lo-de-la-biblio\\\/#breadcrumb\",\"itemListElement\":[{\"@type\":\"ListItem\",\"position\":1,\"name\":\"Inicio\",\"item\":\"https:\\\/\\\/www.caudete.org\\\/ayuntamiento\\\/\"},{\"@type\":\"ListItem\",\"position\":2,\"name\":\"Biblioteca &#8211; Lo + de la Biblio\"}]},{\"@type\":\"WebSite\",\"@id\":\"https:\\\/\\\/www.caudete.org\\\/ayuntamiento\\\/#website\",\"url\":\"https:\\\/\\\/www.caudete.org\\\/ayuntamiento\\\/\",\"name\":\"MI Ayuntamiento de Caudete\",\"description\":\"P\u00e1gina Oficial del MI Ayuntamiento de Caudete\",\"potentialAction\":[{\"@type\":\"SearchAction\",\"target\":{\"@type\":\"EntryPoint\",\"urlTemplate\":\"https:\\\/\\\/www.caudete.org\\\/ayuntamiento\\\/?s={search_term_string}\"},\"query-input\":{\"@type\":\"PropertyValueSpecification\",\"valueRequired\":true,\"valueName\":\"search_term_string\"}}],\"inLanguage\":\"es\"}]}<\/script>\n<!-- \/ Yoast SEO plugin. -->","yoast_head_json":{"title":"Biblioteca - Lo + de la Biblio - MI Ayuntamiento de Caudete","description":"P\u00e1gina Oficial del Ayuntamiento de Caudete (Albacete)","robots":{"index":"index","follow":"follow","max-snippet":"max-snippet:-1","max-image-preview":"max-image-preview:large","max-video-preview":"max-video-preview:-1"},"canonical":"https:\/\/www.caudete.org\/ayuntamiento\/biblioteca-lo-de-la-biblio\/","og_locale":"es_ES","og_type":"article","og_title":"Biblioteca - Lo + de la Biblio - MI Ayuntamiento de Caudete","og_description":"P\u00e1gina Oficial del Ayuntamiento de Caudete (Albacete)","og_url":"https:\/\/www.caudete.org\/ayuntamiento\/biblioteca-lo-de-la-biblio\/","og_site_name":"MI Ayuntamiento de Caudete","article_publisher":"https:\/\/www.facebook.com\/ayuntamientocaudete\/","article_modified_time":"2024-06-21T17:17:49+00:00","twitter_card":"summary_large_image","twitter_misc":{"Tiempo de lectura":"6 minutos"},"schema":{"@context":"https:\/\/schema.org","@graph":[{"@type":"WebPage","@id":"https:\/\/www.caudete.org\/ayuntamiento\/biblioteca-lo-de-la-biblio\/","url":"https:\/\/www.caudete.org\/ayuntamiento\/biblioteca-lo-de-la-biblio\/","name":"Biblioteca - Lo + de la Biblio - MI Ayuntamiento de Caudete","isPartOf":{"@id":"https:\/\/www.caudete.org\/ayuntamiento\/#website"},"datePublished":"2020-12-08T13:35:48+00:00","dateModified":"2024-06-21T17:17:49+00:00","description":"P\u00e1gina Oficial del Ayuntamiento de Caudete (Albacete)","breadcrumb":{"@id":"https:\/\/www.caudete.org\/ayuntamiento\/biblioteca-lo-de-la-biblio\/#breadcrumb"},"inLanguage":"es","potentialAction":[{"@type":"ReadAction","target":["https:\/\/www.caudete.org\/ayuntamiento\/biblioteca-lo-de-la-biblio\/"]}]},{"@type":"BreadcrumbList","@id":"https:\/\/www.caudete.org\/ayuntamiento\/biblioteca-lo-de-la-biblio\/#breadcrumb","itemListElement":[{"@type":"ListItem","position":1,"name":"Inicio","item":"https:\/\/www.caudete.org\/ayuntamiento\/"},{"@type":"ListItem","position":2,"name":"Biblioteca &#8211; Lo + de la Biblio"}]},{"@type":"WebSite","@id":"https:\/\/www.caudete.org\/ayuntamiento\/#website","url":"https:\/\/www.caudete.org\/ayuntamiento\/","name":"MI Ayuntamiento de Caudete","description":"P\u00e1gina Oficial del MI Ayuntamiento de Caudete","potentialAction":[{"@type":"SearchAction","target":{"@type":"EntryPoint","urlTemplate":"https:\/\/www.caudete.org\/ayuntamiento\/?s={search_term_string}"},"query-input":{"@type":"PropertyValueSpecification","valueRequired":true,"valueName":"search_term_string"}}],"inLanguage":"es"}]}},"_links":{"self":[{"href":"https:\/\/www.caudete.org\/ayuntamiento\/wp-json\/wp\/v2\/pages\/7856","targetHints":{"allow":["GET"]}}],"collection":[{"href":"https:\/\/www.caudete.org\/ayuntamiento\/wp-json\/wp\/v2\/pages"}],"about":[{"href":"https:\/\/www.caudete.org\/ayuntamiento\/wp-json\/wp\/v2\/types\/page"}],"author":[{"embeddable":true,"href":"https:\/\/www.caudete.org\/ayuntamiento\/wp-json\/wp\/v2\/users\/1"}],"replies":[{"embeddable":true,"href":"https:\/\/www.caudete.org\/ayuntamiento\/wp-json\/wp\/v2\/comments?post=7856"}],"version-history":[{"count":3,"href":"https:\/\/www.caudete.org\/ayuntamiento\/wp-json\/wp\/v2\/pages\/7856\/revisions"}],"predecessor-version":[{"id":7875,"href":"https:\/\/www.caudete.org\/ayuntamiento\/wp-json\/wp\/v2\/pages\/7856\/revisions\/7875"}],"wp:attachment":[{"href":"https:\/\/www.caudete.org\/ayuntamiento\/wp-json\/wp\/v2\/media?parent=7856"}],"wp:term":[{"taxonomy":"category","embeddable":true,"href":"https:\/\/www.caudete.org\/ayuntamiento\/wp-json\/wp\/v2\/categories?post=7856"},{"taxonomy":"post_tag","embeddable":true,"href":"https:\/\/www.caudete.org\/ayuntamiento\/wp-json\/wp\/v2\/tags?post=7856"}],"curies":[{"name":"wp","href":"https:\/\/api.w.org\/{rel}","templated":true}]}}