{"id":7955,"date":"2020-12-09T15:32:58","date_gmt":"2020-12-09T14:32:58","guid":{"rendered":"http:\/\/www.caudete.org\/ayuntamiento\/?page_id=7955"},"modified":"2024-09-26T13:34:30","modified_gmt":"2024-09-26T11:34:30","slug":"medio-ambiente-ecoparque","status":"publish","type":"page","link":"https:\/\/www.caudete.org\/ayuntamiento\/medio-ambiente-ecoparque\/","title":{"rendered":"Medio Ambiente &#8211; Ecoparque"},"content":{"rendered":"<h2 style=\"text-align: justify;\">Ecoparque<\/h2>\n<p style=\"text-align: justify;\"><strong>\u00bfQu\u00e9 es el Ecoparque?<\/strong><\/p>\n<p style=\"text-align: justify;\">Es una instalaci\u00f3n donde los vecinos de Caudete podemos depositar, los residuos domiciliarios DE FORMA ORDENADA EN CONTENEDORES ESPECIFICOS, DURANTE UN HORARIO ESTABLECIDO.<\/p>\n<p style=\"text-align: justify;\"><strong>\u00bfPara qu\u00e9 el Ecoparque?<\/strong><\/p>\n<ul style=\"text-align: justify;\">\n<li>Para evitar los vertederos incontrolados en nuestro entorno.<\/li>\n<li>Para favorecer la gesti\u00f3n de los residuos depositados, priorizando la reutilizacion, recuperaci\u00f3n y el reciclaje.<\/li>\n<li>Para ahorrar recursos naturales y energ\u00eda.<\/li>\n<\/ul>\n<div style=\"text-align: justify;\"><strong>\u00bfQu\u00e9 no se debe llevar al ecoparque?<\/strong><\/div>\n<p style=\"text-align: justify;\">No ser\u00e1n admitidos:<\/p>\n<ul>\n<li style=\"text-align: justify;\">Restos de comida<\/li>\n<li style=\"text-align: justify;\">Residuos industriales<\/li>\n<li style=\"text-align: justify;\">Residuos generados al por mayor<\/li>\n<\/ul>\n<h2>HORARIO<\/h2>\n<div><\/div>\n<table border=\"0\" cellspacing=\"2\" cellpadding=\"4\">\n<tbody>\n<tr>\n<td>D\u00eda<\/td>\n<td><\/td>\n<td>Ma\u00f1ana<\/td>\n<td><\/td>\n<td>Tarde<\/td>\n<\/tr>\n<tr>\n<td>LUNES<\/td>\n<td><\/td>\n<td>Cerrado<\/td>\n<td><\/td>\n<td>Cerrado<\/td>\n<\/tr>\n<tr>\n<td>MARTES<\/td>\n<td><\/td>\n<td>10:00\/13:30<\/td>\n<td><\/td>\n<td>17:00\/19:30<\/td>\n<\/tr>\n<tr>\n<td>MIERCOLES<\/td>\n<td><\/td>\n<td>10:00\/13:30<\/td>\n<td><\/td>\n<td>17:00\/19:30<\/td>\n<\/tr>\n<tr>\n<td>JUEVES<\/td>\n<td><\/td>\n<td>10:00\/13:30<\/td>\n<td><\/td>\n<td>17:00\/19:30<\/td>\n<\/tr>\n<tr>\n<td>VIERNES<\/td>\n<td><\/td>\n<td>10:00\/13:30<\/td>\n<td><\/td>\n<td>17:00\/19:30<\/td>\n<\/tr>\n<tr>\n<td>SABADO<\/td>\n<td><\/td>\n<td>10:00\/14:00<\/td>\n<td><\/td>\n<td>Cerrado<\/td>\n<\/tr>\n<tr>\n<td>DOMINGO<\/td>\n<td><\/td>\n<td>Cerrado<\/td>\n<td><\/td>\n<td>Cerrado<\/td>\n<\/tr>\n<\/tbody>\n<\/table>\n<hr \/>\n<p>&nbsp;<\/p>\n<div><strong>Tipolog\u00eda de los residuos y cantidades aproximadas admitidas<\/strong><\/div>\n<p>&nbsp;<\/p>\n<table border=\"0\" cellspacing=\"2\" cellpadding=\"2\">\n<tbody>\n<tr>\n<td>TIPO<br \/>\nDE RESIDUO<\/td>\n<td>CANTIDAD<\/td>\n<td>ORIGEN<\/td>\n<\/tr>\n<tr>\n<td>Aceite de motor<\/td>\n<td>10 litros<\/td>\n<td>Procedente de veh\u00edculos de uso particular<\/td>\n<\/tr>\n<tr>\n<td>Aceite vegetal<\/td>\n<td>10 litros<\/td>\n<td>Pl\u00e1stico<\/td>\n<\/tr>\n<tr>\n<td>Bater\u00edas<\/td>\n<td>2 unidades<\/td>\n<td>Procedente de veh\u00edculos de uso particular<\/td>\n<\/tr>\n<tr>\n<td>Escombros<\/td>\n<td>60 kilos<\/td>\n<td>Procedente de obras domiciliarias<\/td>\n<\/tr>\n<tr>\n<td>Electrodom\u00e9sticos<\/td>\n<td>3 unidades<\/td>\n<td>De origen dom\u00e9stico<\/td>\n<\/tr>\n<tr>\n<td>Tubos fluorescentes<\/td>\n<td>3 unidades<\/td>\n<td>De procedencia dom\u00e9stica<\/td>\n<\/tr>\n<tr>\n<td>Medicamentos<\/td>\n<td>3 unidades<\/td>\n<td>De procedencia dom\u00e9stica<\/td>\n<\/tr>\n<tr>\n<td>Chatarra<\/td>\n<td>3 unidades<\/td>\n<td>De origen dom\u00e9stico<\/td>\n<\/tr>\n<tr>\n<td>Papel Cart\u00f3n<\/td>\n<td>5 unidades<\/td>\n<td>De origen dom\u00e9stico<\/td>\n<\/tr>\n<tr>\n<td>Pl\u00e1stico<\/td>\n<td>5 unidades<\/td>\n<td>De origen dom\u00e9stico<\/td>\n<\/tr>\n<tr>\n<td>Pilas<\/td>\n<td>5 unidades<\/td>\n<td>De origen dom\u00e9stico<\/td>\n<\/tr>\n<tr>\n<td>Envases Contaminantes<\/td>\n<td>5 unidades<\/td>\n<td>De origen dom\u00e9stico<\/td>\n<\/tr>\n<tr>\n<td>Radiograf\u00edas<\/td>\n<td>5 unidades<\/td>\n<td>De origen dom\u00e9stico<\/td>\n<\/tr>\n<tr>\n<td>Vidrio<\/td>\n<td>5 unidades<\/td>\n<td>De origen dom\u00e9stico<\/td>\n<\/tr>\n<tr>\n<td>Textil<\/td>\n<td>5 unidades<\/td>\n<td>De origen dom\u00e9stico<\/td>\n<\/tr>\n<tr>\n<td>Vidrio plano<\/td>\n<td>5 unidades<\/td>\n<td>De origen dom\u00e9stico.<\/td>\n<\/tr>\n<\/tbody>\n<\/table>\n<hr \/>\n<p style=\"text-align: justify;\">En el Ecoparque se pueden depositar cualquiera de los residuos que se indican, entendiendo por cantidades aproximadas aquellas que se puedan depositar por la misma persona en el mismo d\u00eda.<\/p>\n","protected":false},"excerpt":{"rendered":"<p>Ecoparque \u00bfQu\u00e9 es el Ecoparque? Es una instalaci\u00f3n donde los vecinos de Caudete podemos depositar, los residuos domiciliarios DE FORMA ORDENADA EN CONTENEDORES ESPECIFICOS, DURANTE UN HORARIO ESTABLECIDO. \u00bfPara qu\u00e9 el Ecoparque? Para evitar los vertederos incontrolados en nuestro entorno. Para favorecer la gesti\u00f3n de los residuos depositados, priorizando la reutilizacion, recuperaci\u00f3n y el reciclaje. &hellip;<\/p>\n","protected":false},"author":1,"featured_media":0,"parent":0,"menu_order":0,"comment_status":"closed","ping_status":"closed","template":"","meta":{"ngg_post_thumbnail":0,"footnotes":""},"categories":[129],"tags":[],"class_list":["post-7955","page","type-page","status-publish","hentry","category-medio-ambiente-2"],"yoast_head":"<!-- This site is optimized with the Yoast SEO plugin v27.5 - https:\/\/yoast.com\/product\/yoast-seo-wordpress\/ -->\n<title>Medio Ambiente - Ecoparque - MI Ayuntamiento de Caudete<\/title>\n<meta name=\"description\" content=\"P\u00e1gina Oficial del Ayuntamiento de Caudete (Albacete)\" \/>\n<meta name=\"robots\" content=\"index, follow, max-snippet:-1, max-image-preview:large, max-video-preview:-1\" \/>\n<link rel=\"canonical\" href=\"https:\/\/www.caudete.org\/ayuntamiento\/medio-ambiente-ecoparque\/\" \/>\n<meta property=\"og:locale\" content=\"es_ES\" \/>\n<meta property=\"og:type\" content=\"article\" \/>\n<meta property=\"og:title\" content=\"Medio Ambiente - Ecoparque - MI Ayuntamiento de Caudete\" \/>\n<meta property=\"og:description\" content=\"P\u00e1gina Oficial del Ayuntamiento de Caudete (Albacete)\" \/>\n<meta property=\"og:url\" content=\"https:\/\/www.caudete.org\/ayuntamiento\/medio-ambiente-ecoparque\/\" \/>\n<meta property=\"og:site_name\" content=\"MI Ayuntamiento de Caudete\" \/>\n<meta property=\"article:publisher\" content=\"https:\/\/www.facebook.com\/ayuntamientocaudete\/\" \/>\n<meta property=\"article:modified_time\" content=\"2024-09-26T11:34:30+00:00\" \/>\n<meta name=\"twitter:card\" content=\"summary_large_image\" \/>\n<meta name=\"twitter:label1\" content=\"Tiempo de lectura\" \/>\n\t<meta name=\"twitter:data1\" content=\"2 minutos\" \/>\n<script type=\"application\/ld+json\" class=\"yoast-schema-graph\">{\"@context\":\"https:\\\/\\\/schema.org\",\"@graph\":[{\"@type\":\"WebPage\",\"@id\":\"https:\\\/\\\/www.caudete.org\\\/ayuntamiento\\\/medio-ambiente-ecoparque\\\/\",\"url\":\"https:\\\/\\\/www.caudete.org\\\/ayuntamiento\\\/medio-ambiente-ecoparque\\\/\",\"name\":\"Medio Ambiente - Ecoparque - MI Ayuntamiento de Caudete\",\"isPartOf\":{\"@id\":\"https:\\\/\\\/www.caudete.org\\\/ayuntamiento\\\/#website\"},\"datePublished\":\"2020-12-09T14:32:58+00:00\",\"dateModified\":\"2024-09-26T11:34:30+00:00\",\"description\":\"P\u00e1gina Oficial del Ayuntamiento de Caudete (Albacete)\",\"breadcrumb\":{\"@id\":\"https:\\\/\\\/www.caudete.org\\\/ayuntamiento\\\/medio-ambiente-ecoparque\\\/#breadcrumb\"},\"inLanguage\":\"es\",\"potentialAction\":[{\"@type\":\"ReadAction\",\"target\":[\"https:\\\/\\\/www.caudete.org\\\/ayuntamiento\\\/medio-ambiente-ecoparque\\\/\"]}]},{\"@type\":\"BreadcrumbList\",\"@id\":\"https:\\\/\\\/www.caudete.org\\\/ayuntamiento\\\/medio-ambiente-ecoparque\\\/#breadcrumb\",\"itemListElement\":[{\"@type\":\"ListItem\",\"position\":1,\"name\":\"Inicio\",\"item\":\"https:\\\/\\\/www.caudete.org\\\/ayuntamiento\\\/\"},{\"@type\":\"ListItem\",\"position\":2,\"name\":\"Medio Ambiente &#8211; Ecoparque\"}]},{\"@type\":\"WebSite\",\"@id\":\"https:\\\/\\\/www.caudete.org\\\/ayuntamiento\\\/#website\",\"url\":\"https:\\\/\\\/www.caudete.org\\\/ayuntamiento\\\/\",\"name\":\"MI Ayuntamiento de Caudete\",\"description\":\"P\u00e1gina Oficial del MI Ayuntamiento de Caudete\",\"potentialAction\":[{\"@type\":\"SearchAction\",\"target\":{\"@type\":\"EntryPoint\",\"urlTemplate\":\"https:\\\/\\\/www.caudete.org\\\/ayuntamiento\\\/?s={search_term_string}\"},\"query-input\":{\"@type\":\"PropertyValueSpecification\",\"valueRequired\":true,\"valueName\":\"search_term_string\"}}],\"inLanguage\":\"es\"}]}<\/script>\n<!-- \/ Yoast SEO plugin. -->","yoast_head_json":{"title":"Medio Ambiente - Ecoparque - MI Ayuntamiento de Caudete","description":"P\u00e1gina Oficial del Ayuntamiento de Caudete (Albacete)","robots":{"index":"index","follow":"follow","max-snippet":"max-snippet:-1","max-image-preview":"max-image-preview:large","max-video-preview":"max-video-preview:-1"},"canonical":"https:\/\/www.caudete.org\/ayuntamiento\/medio-ambiente-ecoparque\/","og_locale":"es_ES","og_type":"article","og_title":"Medio Ambiente - Ecoparque - MI Ayuntamiento de Caudete","og_description":"P\u00e1gina Oficial del Ayuntamiento de Caudete (Albacete)","og_url":"https:\/\/www.caudete.org\/ayuntamiento\/medio-ambiente-ecoparque\/","og_site_name":"MI Ayuntamiento de Caudete","article_publisher":"https:\/\/www.facebook.com\/ayuntamientocaudete\/","article_modified_time":"2024-09-26T11:34:30+00:00","twitter_card":"summary_large_image","twitter_misc":{"Tiempo de lectura":"2 minutos"},"schema":{"@context":"https:\/\/schema.org","@graph":[{"@type":"WebPage","@id":"https:\/\/www.caudete.org\/ayuntamiento\/medio-ambiente-ecoparque\/","url":"https:\/\/www.caudete.org\/ayuntamiento\/medio-ambiente-ecoparque\/","name":"Medio Ambiente - Ecoparque - MI Ayuntamiento de Caudete","isPartOf":{"@id":"https:\/\/www.caudete.org\/ayuntamiento\/#website"},"datePublished":"2020-12-09T14:32:58+00:00","dateModified":"2024-09-26T11:34:30+00:00","description":"P\u00e1gina Oficial del Ayuntamiento de Caudete (Albacete)","breadcrumb":{"@id":"https:\/\/www.caudete.org\/ayuntamiento\/medio-ambiente-ecoparque\/#breadcrumb"},"inLanguage":"es","potentialAction":[{"@type":"ReadAction","target":["https:\/\/www.caudete.org\/ayuntamiento\/medio-ambiente-ecoparque\/"]}]},{"@type":"BreadcrumbList","@id":"https:\/\/www.caudete.org\/ayuntamiento\/medio-ambiente-ecoparque\/#breadcrumb","itemListElement":[{"@type":"ListItem","position":1,"name":"Inicio","item":"https:\/\/www.caudete.org\/ayuntamiento\/"},{"@type":"ListItem","position":2,"name":"Medio Ambiente &#8211; Ecoparque"}]},{"@type":"WebSite","@id":"https:\/\/www.caudete.org\/ayuntamiento\/#website","url":"https:\/\/www.caudete.org\/ayuntamiento\/","name":"MI Ayuntamiento de Caudete","description":"P\u00e1gina Oficial del MI Ayuntamiento de Caudete","potentialAction":[{"@type":"SearchAction","target":{"@type":"EntryPoint","urlTemplate":"https:\/\/www.caudete.org\/ayuntamiento\/?s={search_term_string}"},"query-input":{"@type":"PropertyValueSpecification","valueRequired":true,"valueName":"search_term_string"}}],"inLanguage":"es"}]}},"_links":{"self":[{"href":"https:\/\/www.caudete.org\/ayuntamiento\/wp-json\/wp\/v2\/pages\/7955","targetHints":{"allow":["GET"]}}],"collection":[{"href":"https:\/\/www.caudete.org\/ayuntamiento\/wp-json\/wp\/v2\/pages"}],"about":[{"href":"https:\/\/www.caudete.org\/ayuntamiento\/wp-json\/wp\/v2\/types\/page"}],"author":[{"embeddable":true,"href":"https:\/\/www.caudete.org\/ayuntamiento\/wp-json\/wp\/v2\/users\/1"}],"replies":[{"embeddable":true,"href":"https:\/\/www.caudete.org\/ayuntamiento\/wp-json\/wp\/v2\/comments?post=7955"}],"version-history":[{"count":7,"href":"https:\/\/www.caudete.org\/ayuntamiento\/wp-json\/wp\/v2\/pages\/7955\/revisions"}],"predecessor-version":[{"id":26131,"href":"https:\/\/www.caudete.org\/ayuntamiento\/wp-json\/wp\/v2\/pages\/7955\/revisions\/26131"}],"wp:attachment":[{"href":"https:\/\/www.caudete.org\/ayuntamiento\/wp-json\/wp\/v2\/media?parent=7955"}],"wp:term":[{"taxonomy":"category","embeddable":true,"href":"https:\/\/www.caudete.org\/ayuntamiento\/wp-json\/wp\/v2\/categories?post=7955"},{"taxonomy":"post_tag","embeddable":true,"href":"https:\/\/www.caudete.org\/ayuntamiento\/wp-json\/wp\/v2\/tags?post=7955"}],"curies":[{"name":"wp","href":"https:\/\/api.w.org\/{rel}","templated":true}]}}

<h2 style="text-align: justify;">Ecoparque</h2>
<p style="text-align: justify;"><strong>¿Qué es el Ecoparque?</strong></p>
<p style="text-align: justify;">Es una instalación donde los vecinos de Caudete podemos depositar, los residuos domiciliarios DE FORMA ORDENADA EN CONTENEDORES ESPECIFICOS, DURANTE UN HORARIO ESTABLECIDO.</p>
<p style="text-align: justify;"><strong>¿Para qué el Ecoparque?</strong></p>
<ul style="text-align: justify;">
<li>Para evitar los vertederos incontrolados en nuestro entorno.</li>
<li>Para favorecer la gestión de los residuos depositados, priorizando la reutilizacion, recuperación y el reciclaje.</li>
<li>Para ahorrar recursos naturales y energía.</li>
</ul>
<div style="text-align: justify;"><strong>¿Qué no se debe llevar al ecoparque?</strong></div>
<p style="text-align: justify;">No serán admitidos:</p>
<ul>
<li style="text-align: justify;">Restos de comida</li>
<li style="text-align: justify;">Residuos industriales</li>
<li style="text-align: justify;">Residuos generados al por mayor</li>
</ul>
<h2>HORARIO</h2>
<div></div>
<table border="0" cellspacing="2" cellpadding="4">
<tbody>
<tr>
<td>Día</td>
<td></td>
<td>Mañana</td>
<td></td>
<td>Tarde</td>
</tr>
<tr>
<td>LUNES</td>
<td></td>
<td>Cerrado</td>
<td></td>
<td>Cerrado</td>
</tr>
<tr>
<td>MARTES</td>
<td></td>
<td>10:00/13:30</td>
<td></td>
<td>17:00/19:30</td>
</tr>
<tr>
<td>MIERCOLES</td>
<td></td>
<td>10:00/13:30</td>
<td></td>
<td>17:00/19:30</td>
</tr>
<tr>
<td>JUEVES</td>
<td></td>
<td>10:00/13:30</td>
<td></td>
<td>17:00/19:30</td>
</tr>
<tr>
<td>VIERNES</td>
<td></td>
<td>10:00/13:30</td>
<td></td>
<td>17:00/19:30</td>
</tr>
<tr>
<td>SABADO</td>
<td></td>
<td>10:00/14:00</td>
<td></td>
<td>Cerrado</td>
</tr>
<tr>
<td>DOMINGO</td>
<td></td>
<td>Cerrado</td>
<td></td>
<td>Cerrado</td>
</tr>
</tbody>
</table>
<hr />
<p>&nbsp;</p>
<div><strong>Tipología de los residuos y cantidades aproximadas admitidas</strong></div>
<p>&nbsp;</p>
<table border="0" cellspacing="2" cellpadding="2">
<tbody>
<tr>
<td>TIPO<br />
DE RESIDUO</td>
<td>CANTIDAD</td>
<td>ORIGEN</td>
</tr>
<tr>
<td>Aceite de motor</td>
<td>10 litros</td>
<td>Procedente de vehículos de uso particular</td>
</tr>
<tr>
<td>Aceite vegetal</td>
<td>10 litros</td>
<td>Plástico</td>
</tr>
<tr>
<td>Baterías</td>
<td>2 unidades</td>
<td>Procedente de vehículos de uso particular</td>
</tr>
<tr>
<td>Escombros</td>
<td>60 kilos</td>
<td>Procedente de obras domiciliarias</td>
</tr>
<tr>
<td>Electrodomésticos</td>
<td>3 unidades</td>
<td>De origen doméstico</td>
</tr>
<tr>
<td>Tubos fluorescentes</td>
<td>3 unidades</td>
<td>De procedencia doméstica</td>
</tr>
<tr>
<td>Medicamentos</td>
<td>3 unidades</td>
<td>De procedencia doméstica</td>
</tr>
<tr>
<td>Chatarra</td>
<td>3 unidades</td>
<td>De origen doméstico</td>
</tr>
<tr>
<td>Papel Cartón</td>
<td>5 unidades</td>
<td>De origen doméstico</td>
</tr>
<tr>
<td>Plástico</td>
<td>5 unidades</td>
<td>De origen doméstico</td>
</tr>
<tr>
<td>Pilas</td>
<td>5 unidades</td>
<td>De origen doméstico</td>
</tr>
<tr>
<td>Envases Contaminantes</td>
<td>5 unidades</td>
<td>De origen doméstico</td>
</tr>
<tr>
<td>Radiografías</td>
<td>5 unidades</td>
<td>De origen doméstico</td>
</tr>
<tr>
<td>Vidrio</td>
<td>5 unidades</td>
<td>De origen doméstico</td>
</tr>
<tr>
<td>Textil</td>
<td>5 unidades</td>
<td>De origen doméstico</td>
</tr>
<tr>
<td>Vidrio plano</td>
<td>5 unidades</td>
<td>De origen doméstico.</td>
</tr>
</tbody>
</table>
<hr />
<p style="text-align: justify;">En el Ecoparque se pueden depositar cualquiera de los residuos que se indican, entendiendo por cantidades aproximadas aquellas que se puedan depositar por la misma persona en el mismo día.</p>

<p>Ecoparque ¿Qué es el Ecoparque? Es una instalación donde los vecinos de Caudete podemos depositar, los residuos domiciliarios DE FORMA ORDENADA EN CONTENEDORES ESPECIFICOS, DURANTE UN HORARIO ESTABLECIDO. ¿Para qué el Ecoparque? Para evitar los vertederos incontrolados en nuestro entorno. Para favorecer la gestión de los residuos depositados, priorizando la reutilizacion, recuperación y el reciclaje. &hellip;</p>

<!-- This site is optimized with the Yoast SEO plugin v27.5 - https://yoast.com/product/yoast-seo-wordpress/ -->
<title>Medio Ambiente - Ecoparque - MI Ayuntamiento de Caudete</title>
<meta name="description" content="Página Oficial del Ayuntamiento de Caudete (Albacete)" />
<meta name="robots" content="index, follow, max-snippet:-1, max-image-preview:large, max-video-preview:-1" />
<link rel="canonical" href="https://www.caudete.org/ayuntamiento/medio-ambiente-ecoparque/" />
<meta property="og:locale" content="es_ES" />
<meta property="og:type" content="article" />
<meta property="og:title" content="Medio Ambiente - Ecoparque - MI Ayuntamiento de Caudete" />
<meta property="og:description" content="Página Oficial del Ayuntamiento de Caudete (Albacete)" />
<meta property="og:url" content="https://www.caudete.org/ayuntamiento/medio-ambiente-ecoparque/" />
<meta property="og:site_name" content="MI Ayuntamiento de Caudete" />
<meta property="article:publisher" content="https://www.facebook.com/ayuntamientocaudete/" />
<meta property="article:modified_time" content="2024-09-26T11:34:30+00:00" />
<meta name="twitter:card" content="summary_large_image" />
<meta name="twitter:label1" content="Tiempo de lectura" />
	<meta name="twitter:data1" content="2 minutos" />
<script type="application/ld+json" class="yoast-schema-graph">{"@context":"https:\/\/schema.org","@graph":[{"@type":"WebPage","@id":"https:\/\/www.caudete.org\/ayuntamiento\/medio-ambiente-ecoparque\/","url":"https:\/\/www.caudete.org\/ayuntamiento\/medio-ambiente-ecoparque\/","name":"Medio Ambiente - Ecoparque - MI Ayuntamiento de Caudete","isPartOf":{"@id":"https:\/\/www.caudete.org\/ayuntamiento\/#website"},"datePublished":"2020-12-09T14:32:58+00:00","dateModified":"2024-09-26T11:34:30+00:00","description":"Página Oficial del Ayuntamiento de Caudete (Albacete)","breadcrumb":{"@id":"https:\/\/www.caudete.org\/ayuntamiento\/medio-ambiente-ecoparque\/#breadcrumb"},"inLanguage":"es","potentialAction":[{"@type":"ReadAction","target":["https:\/\/www.caudete.org\/ayuntamiento\/medio-ambiente-ecoparque\/"]}]},{"@type":"BreadcrumbList","@id":"https:\/\/www.caudete.org\/ayuntamiento\/medio-ambiente-ecoparque\/#breadcrumb","itemListElement":[{"@type":"ListItem","position":1,"name":"Inicio","item":"https:\/\/www.caudete.org\/ayuntamiento\/"},{"@type":"ListItem","position":2,"name":"Medio Ambiente &#8211; Ecoparque"}]},{"@type":"WebSite","@id":"https:\/\/www.caudete.org\/ayuntamiento\/#website","url":"https:\/\/www.caudete.org\/ayuntamiento\/","name":"MI Ayuntamiento de Caudete","description":"Página Oficial del MI Ayuntamiento de Caudete","potentialAction":[{"@type":"SearchAction","target":{"@type":"EntryPoint","urlTemplate":"https:\/\/www.caudete.org\/ayuntamiento\/?s={search_term_string}"},"query-input":{"@type":"PropertyValueSpecification","valueRequired":true,"valueName":"search_term_string"}}],"inLanguage":"es"}]}</script>
<!-- / Yoast SEO plugin. -->

Página Oficial del Ayuntamiento de Caudete (Albacete)

Página Oficial del MI Ayuntamiento de Caudete
