{"id":8018,"date":"2020-12-09T17:28:49","date_gmt":"2020-12-09T16:28:49","guid":{"rendered":"http:\/\/www.caudete.org\/ayuntamiento\/?page_id=8018"},"modified":"2020-12-16T13:06:13","modified_gmt":"2020-12-16T12:06:13","slug":"oficina-de-turismo","status":"publish","type":"page","link":"https:\/\/www.caudete.org\/ayuntamiento\/oficina-de-turismo\/","title":{"rendered":"Turismo &#8211; Presentaci\u00f3n"},"content":{"rendered":"<p><img fetchpriority=\"high\" decoding=\"async\" class=\"aligncenter size-full wp-image-9926\" src=\"http:\/\/www.caudete.org\/ayuntamiento\/wp-content\/uploads\/2020\/12\/oficina_turismo.jpg\" alt=\"\" width=\"796\" height=\"453\" srcset=\"https:\/\/www.caudete.org\/ayuntamiento\/wp-content\/uploads\/2020\/12\/oficina_turismo.jpg 796w, https:\/\/www.caudete.org\/ayuntamiento\/wp-content\/uploads\/2020\/12\/oficina_turismo-300x171.jpg 300w, https:\/\/www.caudete.org\/ayuntamiento\/wp-content\/uploads\/2020\/12\/oficina_turismo-768x437.jpg 768w\" sizes=\"(max-width: 796px) 100vw, 796px\" \/><\/p>\n<p><small><em>Tel\u00e9fono \/ Fax: 96 582 81 34 &#8211; Fax; 96 582 81 35<\/em><br \/>\n<em>Plaza del Carmen, 7&nbsp; Bajo &#8211; Caudete<\/em><br \/>\n<\/small><\/p>\n<hr>\n<p style=\"text-align: justify;\">Situada en la Plaza del Carmen (edificio de Servicios T\u00e9cnicos del Ayuntamiento), la <strong>Oficina de Turismo<\/strong> le orientar\u00e1 sobre cualquier aspecto, tur\u00edstico o de informaci\u00f3n general, que tenga relaci\u00f3n con Caudete. Tambi\u00e9n disponemos de amplia informaci\u00f3n sobre destino tur\u00edsticos en Castilla-La Mancha.<\/p>\n<p>Nuestro horario de atenci\u00f3n al p\u00fablico es: de lunes a viernes, de 9\u00b430 a 13\u00b415 horas.<\/p>\n<p><b>Rutas recomendadas por el Caudete hist\u00f3rico y monumental: <\/b><br \/>\n&#8211; La Villa Medieval y Castillo<br \/>\n&#8211; El Caudete Barroco<br \/>\n&#8211; Conjunto Monumental del Barrio de San Francisco<\/p>\n<p><b>Museos locales:<\/b><br \/>\n&#8211; Museo de la Acuarela Rafael Requena 96-582-81-30<br \/>\n&#8211; Centro de Interpretaci\u00f3n del Patrimonio Cultural 96-582-81-34<br \/>\n&#8211; Museo Sala de Mantos de Ntra. Sra. de Gracia 96-582-81-34<\/p>\n<p><b>Quien lo desee, tambi\u00e9n puede visitar los siguientes negocios, llamando directamente a sus tel\u00e9fonos:<\/b><br \/>\n&#8211; <b>Bodega Sta. Margarita<\/b><br \/>\n&#8211; <b>Bodega Casa Corredor<\/b><br \/>\n&#8211; <b>Cooperativa del vino y Almazara San Isidro<\/b><br \/>\n&#8211; <b>Almazara Agull\u00f3 <\/b><br \/>\n&#8211; Empresa local de artesan\u00eda <b>Trabucos El Rojo, <\/b><br \/>\n&#8211; Empresa de Reciclado del Vidrio <b>Camacho Recycling<\/b><\/p>\n<p>Si est\u00e1 interesado en recibir folletos promocionales, env\u00ede un correo electr\u00f3nico a <a href=\"mailto:turismo@caudete.org. Texto: Oficina Municipal de Turismo de\" target=\"_blank\" rel=\"nofollow\">turismo@caudete.org. <\/a><\/p>\n<p><a href=\"http:\/\/caudete.org\/ayuntamiento\/eniusimg\/enius146\/2017\/03\/adjuntos_fichero_36bc1ac0f85a5c97.pdf\" class=\"mtli_attachment mtli_pdf\" target=\"_blank\" rel=\"noopener noreferrer nofollow\">Folleto de turismo Caudete <\/a><\/p>\nngg_shortcode_0_placeholder\n","protected":false},"excerpt":{"rendered":"<p>Tel\u00e9fono \/ Fax: 96 582 81 34 &#8211; Fax; 96 582 81 35 Plaza del Carmen, 7&nbsp; Bajo &#8211; Caudete Situada en la Plaza del Carmen (edificio de Servicios T\u00e9cnicos del Ayuntamiento), la Oficina de Turismo le orientar\u00e1 sobre cualquier aspecto, tur\u00edstico o de informaci\u00f3n general, que tenga relaci\u00f3n con Caudete. Tambi\u00e9n disponemos de amplia &hellip;<\/p>\n","protected":false},"author":1,"featured_media":0,"parent":0,"menu_order":0,"comment_status":"closed","ping_status":"closed","template":"","meta":{"ngg_post_thumbnail":0,"footnotes":""},"categories":[135],"tags":[],"class_list":["post-8018","page","type-page","status-publish","hentry","category-turismo-2"],"yoast_head":"<!-- This site is optimized with the Yoast SEO plugin v27.5 - https:\/\/yoast.com\/product\/yoast-seo-wordpress\/ -->\n<title>Turismo - Presentaci\u00f3n - MI Ayuntamiento de Caudete<\/title>\n<meta name=\"description\" content=\"P\u00e1gina Oficial del Ayuntamiento de Caudete (Albacete)\" \/>\n<meta name=\"robots\" content=\"index, follow, max-snippet:-1, max-image-preview:large, max-video-preview:-1\" \/>\n<link rel=\"canonical\" href=\"https:\/\/www.caudete.org\/ayuntamiento\/oficina-de-turismo\/\" \/>\n<meta property=\"og:locale\" content=\"es_ES\" \/>\n<meta property=\"og:type\" content=\"article\" \/>\n<meta property=\"og:title\" content=\"Turismo - Presentaci\u00f3n - MI Ayuntamiento de Caudete\" \/>\n<meta property=\"og:description\" content=\"P\u00e1gina Oficial del Ayuntamiento de Caudete (Albacete)\" \/>\n<meta property=\"og:url\" content=\"https:\/\/www.caudete.org\/ayuntamiento\/oficina-de-turismo\/\" \/>\n<meta property=\"og:site_name\" content=\"MI Ayuntamiento de Caudete\" \/>\n<meta property=\"article:publisher\" content=\"https:\/\/www.facebook.com\/ayuntamientocaudete\/\" \/>\n<meta property=\"article:modified_time\" content=\"2020-12-16T12:06:13+00:00\" \/>\n<meta property=\"og:image\" content=\"http:\/\/www.caudete.org\/ayuntamiento\/wp-content\/uploads\/2020\/12\/oficina_turismo.jpg\" \/>\n<meta name=\"twitter:card\" content=\"summary_large_image\" \/>\n<meta name=\"twitter:label1\" content=\"Tiempo de lectura\" \/>\n\t<meta name=\"twitter:data1\" content=\"1 minuto\" \/>\n<script type=\"application\/ld+json\" class=\"yoast-schema-graph\">{\"@context\":\"https:\\\/\\\/schema.org\",\"@graph\":[{\"@type\":\"WebPage\",\"@id\":\"https:\\\/\\\/www.caudete.org\\\/ayuntamiento\\\/oficina-de-turismo\\\/\",\"url\":\"https:\\\/\\\/www.caudete.org\\\/ayuntamiento\\\/oficina-de-turismo\\\/\",\"name\":\"Turismo - Presentaci\u00f3n - MI Ayuntamiento de Caudete\",\"isPartOf\":{\"@id\":\"https:\\\/\\\/www.caudete.org\\\/ayuntamiento\\\/#website\"},\"primaryImageOfPage\":{\"@id\":\"https:\\\/\\\/www.caudete.org\\\/ayuntamiento\\\/oficina-de-turismo\\\/#primaryimage\"},\"image\":{\"@id\":\"https:\\\/\\\/www.caudete.org\\\/ayuntamiento\\\/oficina-de-turismo\\\/#primaryimage\"},\"thumbnailUrl\":\"http:\\\/\\\/www.caudete.org\\\/ayuntamiento\\\/wp-content\\\/uploads\\\/2020\\\/12\\\/oficina_turismo.jpg\",\"datePublished\":\"2020-12-09T16:28:49+00:00\",\"dateModified\":\"2020-12-16T12:06:13+00:00\",\"description\":\"P\u00e1gina Oficial del Ayuntamiento de Caudete (Albacete)\",\"breadcrumb\":{\"@id\":\"https:\\\/\\\/www.caudete.org\\\/ayuntamiento\\\/oficina-de-turismo\\\/#breadcrumb\"},\"inLanguage\":\"es\",\"potentialAction\":[{\"@type\":\"ReadAction\",\"target\":[\"https:\\\/\\\/www.caudete.org\\\/ayuntamiento\\\/oficina-de-turismo\\\/\"]}]},{\"@type\":\"ImageObject\",\"inLanguage\":\"es\",\"@id\":\"https:\\\/\\\/www.caudete.org\\\/ayuntamiento\\\/oficina-de-turismo\\\/#primaryimage\",\"url\":\"https:\\\/\\\/www.caudete.org\\\/ayuntamiento\\\/wp-content\\\/uploads\\\/2020\\\/12\\\/oficina_turismo.jpg\",\"contentUrl\":\"https:\\\/\\\/www.caudete.org\\\/ayuntamiento\\\/wp-content\\\/uploads\\\/2020\\\/12\\\/oficina_turismo.jpg\",\"width\":796,\"height\":453},{\"@type\":\"BreadcrumbList\",\"@id\":\"https:\\\/\\\/www.caudete.org\\\/ayuntamiento\\\/oficina-de-turismo\\\/#breadcrumb\",\"itemListElement\":[{\"@type\":\"ListItem\",\"position\":1,\"name\":\"Inicio\",\"item\":\"https:\\\/\\\/www.caudete.org\\\/ayuntamiento\\\/\"},{\"@type\":\"ListItem\",\"position\":2,\"name\":\"Turismo &#8211; Presentaci\u00f3n\"}]},{\"@type\":\"WebSite\",\"@id\":\"https:\\\/\\\/www.caudete.org\\\/ayuntamiento\\\/#website\",\"url\":\"https:\\\/\\\/www.caudete.org\\\/ayuntamiento\\\/\",\"name\":\"MI Ayuntamiento de Caudete\",\"description\":\"P\u00e1gina Oficial del MI Ayuntamiento de Caudete\",\"potentialAction\":[{\"@type\":\"SearchAction\",\"target\":{\"@type\":\"EntryPoint\",\"urlTemplate\":\"https:\\\/\\\/www.caudete.org\\\/ayuntamiento\\\/?s={search_term_string}\"},\"query-input\":{\"@type\":\"PropertyValueSpecification\",\"valueRequired\":true,\"valueName\":\"search_term_string\"}}],\"inLanguage\":\"es\"}]}<\/script>\n<!-- \/ Yoast SEO plugin. -->","yoast_head_json":{"title":"Turismo - Presentaci\u00f3n - MI Ayuntamiento de Caudete","description":"P\u00e1gina Oficial del Ayuntamiento de Caudete (Albacete)","robots":{"index":"index","follow":"follow","max-snippet":"max-snippet:-1","max-image-preview":"max-image-preview:large","max-video-preview":"max-video-preview:-1"},"canonical":"https:\/\/www.caudete.org\/ayuntamiento\/oficina-de-turismo\/","og_locale":"es_ES","og_type":"article","og_title":"Turismo - Presentaci\u00f3n - MI Ayuntamiento de Caudete","og_description":"P\u00e1gina Oficial del Ayuntamiento de Caudete (Albacete)","og_url":"https:\/\/www.caudete.org\/ayuntamiento\/oficina-de-turismo\/","og_site_name":"MI Ayuntamiento de Caudete","article_publisher":"https:\/\/www.facebook.com\/ayuntamientocaudete\/","article_modified_time":"2020-12-16T12:06:13+00:00","og_image":[{"url":"http:\/\/www.caudete.org\/ayuntamiento\/wp-content\/uploads\/2020\/12\/oficina_turismo.jpg","type":"","width":"","height":""}],"twitter_card":"summary_large_image","twitter_misc":{"Tiempo de lectura":"1 minuto"},"schema":{"@context":"https:\/\/schema.org","@graph":[{"@type":"WebPage","@id":"https:\/\/www.caudete.org\/ayuntamiento\/oficina-de-turismo\/","url":"https:\/\/www.caudete.org\/ayuntamiento\/oficina-de-turismo\/","name":"Turismo - Presentaci\u00f3n - MI Ayuntamiento de Caudete","isPartOf":{"@id":"https:\/\/www.caudete.org\/ayuntamiento\/#website"},"primaryImageOfPage":{"@id":"https:\/\/www.caudete.org\/ayuntamiento\/oficina-de-turismo\/#primaryimage"},"image":{"@id":"https:\/\/www.caudete.org\/ayuntamiento\/oficina-de-turismo\/#primaryimage"},"thumbnailUrl":"http:\/\/www.caudete.org\/ayuntamiento\/wp-content\/uploads\/2020\/12\/oficina_turismo.jpg","datePublished":"2020-12-09T16:28:49+00:00","dateModified":"2020-12-16T12:06:13+00:00","description":"P\u00e1gina Oficial del Ayuntamiento de Caudete (Albacete)","breadcrumb":{"@id":"https:\/\/www.caudete.org\/ayuntamiento\/oficina-de-turismo\/#breadcrumb"},"inLanguage":"es","potentialAction":[{"@type":"ReadAction","target":["https:\/\/www.caudete.org\/ayuntamiento\/oficina-de-turismo\/"]}]},{"@type":"ImageObject","inLanguage":"es","@id":"https:\/\/www.caudete.org\/ayuntamiento\/oficina-de-turismo\/#primaryimage","url":"https:\/\/www.caudete.org\/ayuntamiento\/wp-content\/uploads\/2020\/12\/oficina_turismo.jpg","contentUrl":"https:\/\/www.caudete.org\/ayuntamiento\/wp-content\/uploads\/2020\/12\/oficina_turismo.jpg","width":796,"height":453},{"@type":"BreadcrumbList","@id":"https:\/\/www.caudete.org\/ayuntamiento\/oficina-de-turismo\/#breadcrumb","itemListElement":[{"@type":"ListItem","position":1,"name":"Inicio","item":"https:\/\/www.caudete.org\/ayuntamiento\/"},{"@type":"ListItem","position":2,"name":"Turismo &#8211; Presentaci\u00f3n"}]},{"@type":"WebSite","@id":"https:\/\/www.caudete.org\/ayuntamiento\/#website","url":"https:\/\/www.caudete.org\/ayuntamiento\/","name":"MI Ayuntamiento de Caudete","description":"P\u00e1gina Oficial del MI Ayuntamiento de Caudete","potentialAction":[{"@type":"SearchAction","target":{"@type":"EntryPoint","urlTemplate":"https:\/\/www.caudete.org\/ayuntamiento\/?s={search_term_string}"},"query-input":{"@type":"PropertyValueSpecification","valueRequired":true,"valueName":"search_term_string"}}],"inLanguage":"es"}]}},"_links":{"self":[{"href":"https:\/\/www.caudete.org\/ayuntamiento\/wp-json\/wp\/v2\/pages\/8018","targetHints":{"allow":["GET"]}}],"collection":[{"href":"https:\/\/www.caudete.org\/ayuntamiento\/wp-json\/wp\/v2\/pages"}],"about":[{"href":"https:\/\/www.caudete.org\/ayuntamiento\/wp-json\/wp\/v2\/types\/page"}],"author":[{"embeddable":true,"href":"https:\/\/www.caudete.org\/ayuntamiento\/wp-json\/wp\/v2\/users\/1"}],"replies":[{"embeddable":true,"href":"https:\/\/www.caudete.org\/ayuntamiento\/wp-json\/wp\/v2\/comments?post=8018"}],"version-history":[{"count":7,"href":"https:\/\/www.caudete.org\/ayuntamiento\/wp-json\/wp\/v2\/pages\/8018\/revisions"}],"predecessor-version":[{"id":9927,"href":"https:\/\/www.caudete.org\/ayuntamiento\/wp-json\/wp\/v2\/pages\/8018\/revisions\/9927"}],"wp:attachment":[{"href":"https:\/\/www.caudete.org\/ayuntamiento\/wp-json\/wp\/v2\/media?parent=8018"}],"wp:term":[{"taxonomy":"category","embeddable":true,"href":"https:\/\/www.caudete.org\/ayuntamiento\/wp-json\/wp\/v2\/categories?post=8018"},{"taxonomy":"post_tag","embeddable":true,"href":"https:\/\/www.caudete.org\/ayuntamiento\/wp-json\/wp\/v2\/tags?post=8018"}],"curies":[{"name":"wp","href":"https:\/\/api.w.org\/{rel}","templated":true}]}}