{"id":8588,"date":"2020-12-12T18:53:25","date_gmt":"2020-12-12T17:53:25","guid":{"rendered":"http:\/\/www.caudete.org\/ayuntamiento\/?page_id=8588"},"modified":"2020-12-29T18:35:44","modified_gmt":"2020-12-29T17:35:44","slug":"juventud-arte-urbano","status":"publish","type":"page","link":"https:\/\/www.caudete.org\/ayuntamiento\/juventud-arte-urbano\/","title":{"rendered":"Juventud &#8211; Arte Urbano"},"content":{"rendered":"<p><img fetchpriority=\"high\" decoding=\"async\" class=\"aligncenter size-full wp-image-8592\" src=\"http:\/\/www.caudete.org\/ayuntamiento\/wp-content\/uploads\/2020\/12\/arte_urbano.jpg\" alt=\"\" width=\"800\" height=\"309\" srcset=\"https:\/\/www.caudete.org\/ayuntamiento\/wp-content\/uploads\/2020\/12\/arte_urbano.jpg 800w, https:\/\/www.caudete.org\/ayuntamiento\/wp-content\/uploads\/2020\/12\/arte_urbano-300x116.jpg 300w, https:\/\/www.caudete.org\/ayuntamiento\/wp-content\/uploads\/2020\/12\/arte_urbano-768x297.jpg 768w\" sizes=\"(max-width: 800px) 100vw, 800px\" \/><\/p>\n<p style=\"text-align: justify;\">En esta secci\u00f3n podemos encontrar una relaci\u00f3n de las obras realizadas durante la celebraci\u00f3n de las dos ediciones del Festival de Arte Urbano &#8220;EA FEST&#8221;, que tuvieron lugar en los a\u00f1os 2017 y 2018.<\/p>\n<p style=\"text-align: justify;\">Un festival de pintura mural al aire libre en el que varios muros de los Barrios de Santa Ana, San Francisco y diferentes centros educativos se llenaron de intervenciones art\u00edsticas con la intenci\u00f3n de promover la cultura y el arte urbano.<\/p>\n<p style=\"text-align: justify;\">Se buscaba pontenciar y promover h\u00e1bitos saludables entre la poblaci\u00f3n juvenil, visibilizar y acercar el arte urbano a la poblaci\u00f3n de Caudete, sacando el arte de los museos a las calles y embellecer algunos lugares que hab\u00edan perdido su esencia, fomentando as\u00ed una cultura m\u00e1s abierta.<\/p>\n<p style=\"text-align: justify;\">Organizado por la Concejal\u00eda de Juventud, con la colaboraci\u00f3n de las Concejal\u00edas de Cultura y Educaci\u00f3n, y el patrocinio de Carn\u00e9 Joven Castilla-La Mancha, Juventudclm, Liberbank, Bankia, Cultural Albacete y Aridj CLM.<\/p>\n<p style=\"text-align: justify;\">Estas obras de arte hoy en d\u00eda foman parte de la vida diaria de los vecinos y pueden ser disfrutadas por todos. Recorre los barrios de Santa Ana, San Francisco y centros educativos, alza la vista y sorpr\u00e9ndete.<\/p>\n","protected":false},"excerpt":{"rendered":"<p>En esta secci\u00f3n podemos encontrar una relaci\u00f3n de las obras realizadas durante la celebraci\u00f3n de las dos ediciones del Festival de Arte Urbano &#8220;EA FEST&#8221;, que tuvieron lugar en los a\u00f1os 2017 y 2018. Un festival de pintura mural al aire libre en el que varios muros de los Barrios de Santa Ana, San Francisco &hellip;<\/p>\n","protected":false},"author":1,"featured_media":0,"parent":0,"menu_order":0,"comment_status":"closed","ping_status":"closed","template":"","meta":{"ngg_post_thumbnail":0,"footnotes":""},"categories":[22],"tags":[],"class_list":["post-8588","page","type-page","status-publish","hentry","category-juventud"],"yoast_head":"<!-- This site is optimized with the Yoast SEO plugin v27.5 - https:\/\/yoast.com\/product\/yoast-seo-wordpress\/ -->\n<title>Juventud - Arte Urbano - MI Ayuntamiento de Caudete<\/title>\n<meta name=\"description\" content=\"P\u00e1gina Oficial del Ayuntamiento de Caudete (Albacete)\" \/>\n<meta name=\"robots\" content=\"index, follow, max-snippet:-1, max-image-preview:large, max-video-preview:-1\" \/>\n<link rel=\"canonical\" href=\"https:\/\/www.caudete.org\/ayuntamiento\/juventud-arte-urbano\/\" \/>\n<meta property=\"og:locale\" content=\"es_ES\" \/>\n<meta property=\"og:type\" content=\"article\" \/>\n<meta property=\"og:title\" content=\"Juventud - Arte Urbano - MI Ayuntamiento de Caudete\" \/>\n<meta property=\"og:description\" content=\"P\u00e1gina Oficial del Ayuntamiento de Caudete (Albacete)\" \/>\n<meta property=\"og:url\" content=\"https:\/\/www.caudete.org\/ayuntamiento\/juventud-arte-urbano\/\" \/>\n<meta property=\"og:site_name\" content=\"MI Ayuntamiento de Caudete\" \/>\n<meta property=\"article:publisher\" content=\"https:\/\/www.facebook.com\/ayuntamientocaudete\/\" \/>\n<meta property=\"article:modified_time\" content=\"2020-12-29T17:35:44+00:00\" \/>\n<meta property=\"og:image\" content=\"http:\/\/www.caudete.org\/ayuntamiento\/wp-content\/uploads\/2020\/12\/arte_urbano.jpg\" \/>\n<meta name=\"twitter:card\" content=\"summary_large_image\" \/>\n<meta name=\"twitter:label1\" content=\"Tiempo de lectura\" \/>\n\t<meta name=\"twitter:data1\" content=\"1 minuto\" \/>\n<script type=\"application\/ld+json\" class=\"yoast-schema-graph\">{\"@context\":\"https:\\\/\\\/schema.org\",\"@graph\":[{\"@type\":\"WebPage\",\"@id\":\"https:\\\/\\\/www.caudete.org\\\/ayuntamiento\\\/juventud-arte-urbano\\\/\",\"url\":\"https:\\\/\\\/www.caudete.org\\\/ayuntamiento\\\/juventud-arte-urbano\\\/\",\"name\":\"Juventud - Arte Urbano - MI Ayuntamiento de Caudete\",\"isPartOf\":{\"@id\":\"https:\\\/\\\/www.caudete.org\\\/ayuntamiento\\\/#website\"},\"primaryImageOfPage\":{\"@id\":\"https:\\\/\\\/www.caudete.org\\\/ayuntamiento\\\/juventud-arte-urbano\\\/#primaryimage\"},\"image\":{\"@id\":\"https:\\\/\\\/www.caudete.org\\\/ayuntamiento\\\/juventud-arte-urbano\\\/#primaryimage\"},\"thumbnailUrl\":\"http:\\\/\\\/www.caudete.org\\\/ayuntamiento\\\/wp-content\\\/uploads\\\/2020\\\/12\\\/arte_urbano.jpg\",\"datePublished\":\"2020-12-12T17:53:25+00:00\",\"dateModified\":\"2020-12-29T17:35:44+00:00\",\"description\":\"P\u00e1gina Oficial del Ayuntamiento de Caudete (Albacete)\",\"breadcrumb\":{\"@id\":\"https:\\\/\\\/www.caudete.org\\\/ayuntamiento\\\/juventud-arte-urbano\\\/#breadcrumb\"},\"inLanguage\":\"es\",\"potentialAction\":[{\"@type\":\"ReadAction\",\"target\":[\"https:\\\/\\\/www.caudete.org\\\/ayuntamiento\\\/juventud-arte-urbano\\\/\"]}]},{\"@type\":\"ImageObject\",\"inLanguage\":\"es\",\"@id\":\"https:\\\/\\\/www.caudete.org\\\/ayuntamiento\\\/juventud-arte-urbano\\\/#primaryimage\",\"url\":\"https:\\\/\\\/www.caudete.org\\\/ayuntamiento\\\/wp-content\\\/uploads\\\/2020\\\/12\\\/arte_urbano.jpg\",\"contentUrl\":\"https:\\\/\\\/www.caudete.org\\\/ayuntamiento\\\/wp-content\\\/uploads\\\/2020\\\/12\\\/arte_urbano.jpg\",\"width\":800,\"height\":309},{\"@type\":\"BreadcrumbList\",\"@id\":\"https:\\\/\\\/www.caudete.org\\\/ayuntamiento\\\/juventud-arte-urbano\\\/#breadcrumb\",\"itemListElement\":[{\"@type\":\"ListItem\",\"position\":1,\"name\":\"Inicio\",\"item\":\"https:\\\/\\\/www.caudete.org\\\/ayuntamiento\\\/\"},{\"@type\":\"ListItem\",\"position\":2,\"name\":\"Juventud &#8211; Arte Urbano\"}]},{\"@type\":\"WebSite\",\"@id\":\"https:\\\/\\\/www.caudete.org\\\/ayuntamiento\\\/#website\",\"url\":\"https:\\\/\\\/www.caudete.org\\\/ayuntamiento\\\/\",\"name\":\"MI Ayuntamiento de Caudete\",\"description\":\"P\u00e1gina Oficial del MI Ayuntamiento de Caudete\",\"potentialAction\":[{\"@type\":\"SearchAction\",\"target\":{\"@type\":\"EntryPoint\",\"urlTemplate\":\"https:\\\/\\\/www.caudete.org\\\/ayuntamiento\\\/?s={search_term_string}\"},\"query-input\":{\"@type\":\"PropertyValueSpecification\",\"valueRequired\":true,\"valueName\":\"search_term_string\"}}],\"inLanguage\":\"es\"}]}<\/script>\n<!-- \/ Yoast SEO plugin. -->","yoast_head_json":{"title":"Juventud - Arte Urbano - MI Ayuntamiento de Caudete","description":"P\u00e1gina Oficial del Ayuntamiento de Caudete (Albacete)","robots":{"index":"index","follow":"follow","max-snippet":"max-snippet:-1","max-image-preview":"max-image-preview:large","max-video-preview":"max-video-preview:-1"},"canonical":"https:\/\/www.caudete.org\/ayuntamiento\/juventud-arte-urbano\/","og_locale":"es_ES","og_type":"article","og_title":"Juventud - Arte Urbano - MI Ayuntamiento de Caudete","og_description":"P\u00e1gina Oficial del Ayuntamiento de Caudete (Albacete)","og_url":"https:\/\/www.caudete.org\/ayuntamiento\/juventud-arte-urbano\/","og_site_name":"MI Ayuntamiento de Caudete","article_publisher":"https:\/\/www.facebook.com\/ayuntamientocaudete\/","article_modified_time":"2020-12-29T17:35:44+00:00","og_image":[{"url":"http:\/\/www.caudete.org\/ayuntamiento\/wp-content\/uploads\/2020\/12\/arte_urbano.jpg","type":"","width":"","height":""}],"twitter_card":"summary_large_image","twitter_misc":{"Tiempo de lectura":"1 minuto"},"schema":{"@context":"https:\/\/schema.org","@graph":[{"@type":"WebPage","@id":"https:\/\/www.caudete.org\/ayuntamiento\/juventud-arte-urbano\/","url":"https:\/\/www.caudete.org\/ayuntamiento\/juventud-arte-urbano\/","name":"Juventud - Arte Urbano - MI Ayuntamiento de Caudete","isPartOf":{"@id":"https:\/\/www.caudete.org\/ayuntamiento\/#website"},"primaryImageOfPage":{"@id":"https:\/\/www.caudete.org\/ayuntamiento\/juventud-arte-urbano\/#primaryimage"},"image":{"@id":"https:\/\/www.caudete.org\/ayuntamiento\/juventud-arte-urbano\/#primaryimage"},"thumbnailUrl":"http:\/\/www.caudete.org\/ayuntamiento\/wp-content\/uploads\/2020\/12\/arte_urbano.jpg","datePublished":"2020-12-12T17:53:25+00:00","dateModified":"2020-12-29T17:35:44+00:00","description":"P\u00e1gina Oficial del Ayuntamiento de Caudete (Albacete)","breadcrumb":{"@id":"https:\/\/www.caudete.org\/ayuntamiento\/juventud-arte-urbano\/#breadcrumb"},"inLanguage":"es","potentialAction":[{"@type":"ReadAction","target":["https:\/\/www.caudete.org\/ayuntamiento\/juventud-arte-urbano\/"]}]},{"@type":"ImageObject","inLanguage":"es","@id":"https:\/\/www.caudete.org\/ayuntamiento\/juventud-arte-urbano\/#primaryimage","url":"https:\/\/www.caudete.org\/ayuntamiento\/wp-content\/uploads\/2020\/12\/arte_urbano.jpg","contentUrl":"https:\/\/www.caudete.org\/ayuntamiento\/wp-content\/uploads\/2020\/12\/arte_urbano.jpg","width":800,"height":309},{"@type":"BreadcrumbList","@id":"https:\/\/www.caudete.org\/ayuntamiento\/juventud-arte-urbano\/#breadcrumb","itemListElement":[{"@type":"ListItem","position":1,"name":"Inicio","item":"https:\/\/www.caudete.org\/ayuntamiento\/"},{"@type":"ListItem","position":2,"name":"Juventud &#8211; Arte Urbano"}]},{"@type":"WebSite","@id":"https:\/\/www.caudete.org\/ayuntamiento\/#website","url":"https:\/\/www.caudete.org\/ayuntamiento\/","name":"MI Ayuntamiento de Caudete","description":"P\u00e1gina Oficial del MI Ayuntamiento de Caudete","potentialAction":[{"@type":"SearchAction","target":{"@type":"EntryPoint","urlTemplate":"https:\/\/www.caudete.org\/ayuntamiento\/?s={search_term_string}"},"query-input":{"@type":"PropertyValueSpecification","valueRequired":true,"valueName":"search_term_string"}}],"inLanguage":"es"}]}},"_links":{"self":[{"href":"https:\/\/www.caudete.org\/ayuntamiento\/wp-json\/wp\/v2\/pages\/8588","targetHints":{"allow":["GET"]}}],"collection":[{"href":"https:\/\/www.caudete.org\/ayuntamiento\/wp-json\/wp\/v2\/pages"}],"about":[{"href":"https:\/\/www.caudete.org\/ayuntamiento\/wp-json\/wp\/v2\/types\/page"}],"author":[{"embeddable":true,"href":"https:\/\/www.caudete.org\/ayuntamiento\/wp-json\/wp\/v2\/users\/1"}],"replies":[{"embeddable":true,"href":"https:\/\/www.caudete.org\/ayuntamiento\/wp-json\/wp\/v2\/comments?post=8588"}],"version-history":[{"count":5,"href":"https:\/\/www.caudete.org\/ayuntamiento\/wp-json\/wp\/v2\/pages\/8588\/revisions"}],"predecessor-version":[{"id":11333,"href":"https:\/\/www.caudete.org\/ayuntamiento\/wp-json\/wp\/v2\/pages\/8588\/revisions\/11333"}],"wp:attachment":[{"href":"https:\/\/www.caudete.org\/ayuntamiento\/wp-json\/wp\/v2\/media?parent=8588"}],"wp:term":[{"taxonomy":"category","embeddable":true,"href":"https:\/\/www.caudete.org\/ayuntamiento\/wp-json\/wp\/v2\/categories?post=8588"},{"taxonomy":"post_tag","embeddable":true,"href":"https:\/\/www.caudete.org\/ayuntamiento\/wp-json\/wp\/v2\/tags?post=8588"}],"curies":[{"name":"wp","href":"https:\/\/api.w.org\/{rel}","templated":true}]}}

<p><img fetchpriority="high" decoding="async" class="aligncenter size-full wp-image-8592" src="http://www.caudete.org/ayuntamiento/wp-content/uploads/2020/12/arte_urbano.jpg" alt="" width="800" height="309" srcset="https://www.caudete.org/ayuntamiento/wp-content/uploads/2020/12/arte_urbano.jpg 800w, https://www.caudete.org/ayuntamiento/wp-content/uploads/2020/12/arte_urbano-300x116.jpg 300w, https://www.caudete.org/ayuntamiento/wp-content/uploads/2020/12/arte_urbano-768x297.jpg 768w" sizes="(max-width: 800px) 100vw, 800px" /></p>
<p style="text-align: justify;">En esta sección podemos encontrar una relación de las obras realizadas durante la celebración de las dos ediciones del Festival de Arte Urbano &#8220;EA FEST&#8221;, que tuvieron lugar en los años 2017 y 2018.</p>
<p style="text-align: justify;">Un festival de pintura mural al aire libre en el que varios muros de los Barrios de Santa Ana, San Francisco y diferentes centros educativos se llenaron de intervenciones artísticas con la intención de promover la cultura y el arte urbano.</p>
<p style="text-align: justify;">Se buscaba pontenciar y promover hábitos saludables entre la población juvenil, visibilizar y acercar el arte urbano a la población de Caudete, sacando el arte de los museos a las calles y embellecer algunos lugares que habían perdido su esencia, fomentando así una cultura más abierta.</p>
<p style="text-align: justify;">Organizado por la Concejalía de Juventud, con la colaboración de las Concejalías de Cultura y Educación, y el patrocinio de Carné Joven Castilla-La Mancha, Juventudclm, Liberbank, Bankia, Cultural Albacete y Aridj CLM.</p>
<p style="text-align: justify;">Estas obras de arte hoy en día foman parte de la vida diaria de los vecinos y pueden ser disfrutadas por todos. Recorre los barrios de Santa Ana, San Francisco y centros educativos, alza la vista y sorpréndete.</p>

<p>En esta sección podemos encontrar una relación de las obras realizadas durante la celebración de las dos ediciones del Festival de Arte Urbano &#8220;EA FEST&#8221;, que tuvieron lugar en los años 2017 y 2018. Un festival de pintura mural al aire libre en el que varios muros de los Barrios de Santa Ana, San Francisco &hellip;</p>

<!-- This site is optimized with the Yoast SEO plugin v27.5 - https://yoast.com/product/yoast-seo-wordpress/ -->
<title>Juventud - Arte Urbano - MI Ayuntamiento de Caudete</title>
<meta name="description" content="Página Oficial del Ayuntamiento de Caudete (Albacete)" />
<meta name="robots" content="index, follow, max-snippet:-1, max-image-preview:large, max-video-preview:-1" />
<link rel="canonical" href="https://www.caudete.org/ayuntamiento/juventud-arte-urbano/" />
<meta property="og:locale" content="es_ES" />
<meta property="og:type" content="article" />
<meta property="og:title" content="Juventud - Arte Urbano - MI Ayuntamiento de Caudete" />
<meta property="og:description" content="Página Oficial del Ayuntamiento de Caudete (Albacete)" />
<meta property="og:url" content="https://www.caudete.org/ayuntamiento/juventud-arte-urbano/" />
<meta property="og:site_name" content="MI Ayuntamiento de Caudete" />
<meta property="article:publisher" content="https://www.facebook.com/ayuntamientocaudete/" />
<meta property="article:modified_time" content="2020-12-29T17:35:44+00:00" />
<meta property="og:image" content="http://www.caudete.org/ayuntamiento/wp-content/uploads/2020/12/arte_urbano.jpg" />
<meta name="twitter:card" content="summary_large_image" />
<meta name="twitter:label1" content="Tiempo de lectura" />
	<meta name="twitter:data1" content="1 minuto" />
<script type="application/ld+json" class="yoast-schema-graph">{"@context":"https:\/\/schema.org","@graph":[{"@type":"WebPage","@id":"https:\/\/www.caudete.org\/ayuntamiento\/juventud-arte-urbano\/","url":"https:\/\/www.caudete.org\/ayuntamiento\/juventud-arte-urbano\/","name":"Juventud - Arte Urbano - MI Ayuntamiento de Caudete","isPartOf":{"@id":"https:\/\/www.caudete.org\/ayuntamiento\/#website"},"primaryImageOfPage":{"@id":"https:\/\/www.caudete.org\/ayuntamiento\/juventud-arte-urbano\/#primaryimage"},"image":{"@id":"https:\/\/www.caudete.org\/ayuntamiento\/juventud-arte-urbano\/#primaryimage"},"thumbnailUrl":"http:\/\/www.caudete.org\/ayuntamiento\/wp-content\/uploads\/2020\/12\/arte_urbano.jpg","datePublished":"2020-12-12T17:53:25+00:00","dateModified":"2020-12-29T17:35:44+00:00","description":"Página Oficial del Ayuntamiento de Caudete (Albacete)","breadcrumb":{"@id":"https:\/\/www.caudete.org\/ayuntamiento\/juventud-arte-urbano\/#breadcrumb"},"inLanguage":"es","potentialAction":[{"@type":"ReadAction","target":["https:\/\/www.caudete.org\/ayuntamiento\/juventud-arte-urbano\/"]}]},{"@type":"ImageObject","inLanguage":"es","@id":"https:\/\/www.caudete.org\/ayuntamiento\/juventud-arte-urbano\/#primaryimage","url":"https:\/\/www.caudete.org\/ayuntamiento\/wp-content\/uploads\/2020\/12\/arte_urbano.jpg","contentUrl":"https:\/\/www.caudete.org\/ayuntamiento\/wp-content\/uploads\/2020\/12\/arte_urbano.jpg","width":800,"height":309},{"@type":"BreadcrumbList","@id":"https:\/\/www.caudete.org\/ayuntamiento\/juventud-arte-urbano\/#breadcrumb","itemListElement":[{"@type":"ListItem","position":1,"name":"Inicio","item":"https:\/\/www.caudete.org\/ayuntamiento\/"},{"@type":"ListItem","position":2,"name":"Juventud &#8211; Arte Urbano"}]},{"@type":"WebSite","@id":"https:\/\/www.caudete.org\/ayuntamiento\/#website","url":"https:\/\/www.caudete.org\/ayuntamiento\/","name":"MI Ayuntamiento de Caudete","description":"Página Oficial del MI Ayuntamiento de Caudete","potentialAction":[{"@type":"SearchAction","target":{"@type":"EntryPoint","urlTemplate":"https:\/\/www.caudete.org\/ayuntamiento\/?s={search_term_string}"},"query-input":{"@type":"PropertyValueSpecification","valueRequired":true,"valueName":"search_term_string"}}],"inLanguage":"es"}]}</script>
<!-- / Yoast SEO plugin. -->

Página Oficial del Ayuntamiento de Caudete (Albacete)

Página Oficial del MI Ayuntamiento de Caudete
