{"id":9901,"date":"2020-12-16T12:16:59","date_gmt":"2020-12-16T11:16:59","guid":{"rendered":"http:\/\/www.caudete.org\/ayuntamiento\/?page_id=9901"},"modified":"2020-12-16T12:45:48","modified_gmt":"2020-12-16T11:45:48","slug":"turismo-caudete-monumental","status":"publish","type":"page","link":"https:\/\/www.caudete.org\/ayuntamiento\/turismo-caudete-monumental\/","title":{"rendered":"Turismo &#8211; Historia de Caudete"},"content":{"rendered":"<p><img fetchpriority=\"high\" decoding=\"async\" class=\"aligncenter size-full wp-image-9904\" src=\"http:\/\/www.caudete.org\/ayuntamiento\/wp-content\/uploads\/2020\/12\/cierva-1.jpg\" alt=\"\" width=\"697\" height=\"491\" srcset=\"https:\/\/www.caudete.org\/ayuntamiento\/wp-content\/uploads\/2020\/12\/cierva-1.jpg 697w, https:\/\/www.caudete.org\/ayuntamiento\/wp-content\/uploads\/2020\/12\/cierva-1-300x211.jpg 300w\" sizes=\"(max-width: 697px) 100vw, 697px\" \/><\/p>\n<p>&nbsp;<\/p>\n<p style=\"text-align: justify;\">Tradicionalmente se ha dicho que el nombre de \u201cCaudete\u201d derivaba de CAPDETUM, contracci\u00f3n que debieron hacer los romanos de Caput Deitanorum o Cabeza de los Deitanos, tribu ib\u00e9rica del sudeste peninsular. Aunque m\u00e1s podr\u00eda tener su origen en el t\u00e9rmino \u201ccaput aquae\u201d (cabeza del agua), y que hac\u00eda referencia a la condici\u00f3n del municipio de cabeza de cuenca hidrogr\u00e1fica del r\u00edo Vinalop\u00f3.<\/p>\n<p style=\"text-align: justify;\">Caudete fue nudo de comunicaciones e importante asentamiento en \u00e9poca \u00edbera. Por aqu\u00ed discurr\u00edan el m\u00edtico <b>Camino de An\u00edbal<\/b>, tambi\u00e9n llamado v\u00eda Castulo-Saetabi, posiblemente la m\u00e1s antigua v\u00eda de comunicaci\u00f3n del sur de la pen\u00ednsula. Tambi\u00e9n por el t\u00e9rmino de Caudete discurri\u00f3 la <b>V\u00eda Augusta<\/b>, que desde Ad-Turres (Fuente la Higuera), cruzaba el valle de Caudete-Villena para dirigirse a Ad-Ello (Elda).<\/p>\n<p style=\"text-align: justify;\">De entre todas las culturas que poblaron estas tierras, destaca la \u00edbera. Dos destacada muestras \u00edberas son la <b>\u201cCabeza de Toro\u201d<\/b>y la <b>\u201cCierva de Caudete\u201d<\/b>(s. V a.C.). Representan a animales ensalzados a la categor\u00eda de divinidad que ejerc\u00edan de esp\u00edritus protectores de enterramientos \u00edberos. Ambas esculturas pertenecen a la necr\u00f3polis del paraje de Capuchinos y est\u00e1n expuestas actualmente en el Museo Arqueol\u00f3gico de Albacete.<\/p>\n<p style=\"text-align: justify;\">La <b>\u201cDama de Caudete\u201d<\/b>, representaci\u00f3n en forma humana de una divinidad o sacerdotisa \u00edbera, es otra de las esculturas que se conserva de este periodo, actualmente alojada en el Museo Arqueol\u00f3gico de Villena.<\/p>\n<p style=\"text-align: justify;\">El hallazgo m\u00e1s reciente ha sido el <b>\u201cPilar Estela\u201d<\/b>, parte integrante de una estructura funeraria \u00edbera del s. IV a.C. y curiosamente aparecido entre los muros del castillo de Caudete.<\/p>\n<p style=\"text-align: justify;\">Caudete fue, m\u00e1s tarde, asentamiento romano, del que todav\u00eda quedan vestigios. Restos de villas romanas han sido encontrados en los parajes de El Real y Los Santos.<br \/>\nDe origen musulm\u00e1n son el primigenio emplazamiento de la villa de Caudete y el poblado o alquer\u00eda de Bogarra, situado al sudeste del t\u00e9rmino y del que s\u00f3lo se conserva la base de su torre defensiva, una construcci\u00f3n de planta hexagonal con muros de tapial y argamasa de cal.<\/p>\n<p style=\"text-align: justify;\">Conquistada por las tropas cristianas de Jaime I de Arag\u00f3n en 1240, Caudete pasa en 1244 a depender de Castilla en virtud del Tratado de Almizra, otorg\u00e1ndole el entonces infante Alfonso X el Sabio a Sancho S\u00e1nchez de Mazuelo la posesi\u00f3n del castillo y la plaza de Caudete. En 1256 Mazuelo vende dicha posesi\u00f3n a Gregorio Garc\u00eda, habl\u00e1ndose entonces de que Caudete era un poblado habitado mayoritariamente por mud\u00e9jares.<\/p>\n<p style=\"text-align: justify;\">Caudete estuvo entre los siglos XIII y XV en medio de las disputas territoriales que enfrentaron a los reinos de Arag\u00f3n y Castilla, hecho que determin\u00f3 su importancia estrat\u00e9gica durante todo este periodo. En 1304, y tras la Sentencia de Torrellas, la localidad se integra en la Corona de Arag\u00f3n y el Reino de Valencia, circunstancia que defini\u00f3 la singularidad hist\u00f3rica de este municipio, ya que perteneci\u00f3 al Reino de Valencia hasta principios del s. XVIII.<\/p>\n<p style=\"text-align: justify;\">En 1425 el rey Alfonso V de Arag\u00f3n agreg\u00f3 la villa y castillo de Caudete al Patrimonio Real, con perpetua prohibici\u00f3n de enajenarla. Este hecho permiti\u00f3 a nuestro municipio gozar de los privilegios otorgados al selecto grupo de villas reales.<\/p>\n<p style=\"text-align: justify;\">M\u00e1s tarde, Juan II de Arag\u00f3n, en 1470, integr\u00f3 a Caudete entre las 29 poblaciones del Reino de Valencia con voto en Cortes.<br \/>\nLa poblaci\u00f3n de Caudete ostenta los t\u00edtulos de Real, Muy Noble, Muy Leal y Fidel\u00edsima Villa, concedidos todos ellos por el rey Pedro IV el Ceremonioso de Arag\u00f3n, salvo el t\u00edtulo de Real, que fue otorgado por el rey Alfonso V el Magn\u00e1nimo de Arag\u00f3n.<\/p>\n<p style=\"text-align: justify;\">Con motivo de la Guerra de Sucesi\u00f3n en 1707, la localidad fue ocupada por las tropas inglesas que apoyaban al pretendiente a la Corona Archiduque Carlos de Austria. Con el triunfo del Borb\u00f3n Felipe de Anjou, nuestra villa pierde sus fueros y privilegios y pasa a formar parte de Villena en calidad de aldea por la Real Provisi\u00f3n de septiembre de 1707. Las tierras de Caudete fueron una de las compensaciones que Villena pidi\u00f3 al nuevo rey por haberle apoyado en la guerra.<\/p>\n<p style=\"text-align: justify;\">Recobra nuestra villa su independencia en 1738, gracias a las gestiones del sacerdote Don Luis Golf. En esta fecha queda incorporada al Reino de Murcia. Desde 1833, con la nueva distribuci\u00f3n territorial de Javier de Burgos, forma parte de la provincia de Albacete. Hoy es el quinto municipio de la provincia en peso poblacional.<\/p>\n<p>&nbsp;<\/p>\nngg_shortcode_0_placeholder\n","protected":false},"excerpt":{"rendered":"<p>&nbsp; Tradicionalmente se ha dicho que el nombre de \u201cCaudete\u201d derivaba de CAPDETUM, contracci\u00f3n que debieron hacer los romanos de Caput Deitanorum o Cabeza de los Deitanos, tribu ib\u00e9rica del sudeste peninsular. Aunque m\u00e1s podr\u00eda tener su origen en el t\u00e9rmino \u201ccaput aquae\u201d (cabeza del agua), y que hac\u00eda referencia a la condici\u00f3n del municipio &hellip;<\/p>\n","protected":false},"author":1,"featured_media":0,"parent":0,"menu_order":0,"comment_status":"closed","ping_status":"closed","template":"","meta":{"ngg_post_thumbnail":0,"footnotes":""},"categories":[135],"tags":[],"class_list":["post-9901","page","type-page","status-publish","hentry","category-turismo-2"],"yoast_head":"<!-- This site is optimized with the Yoast SEO plugin v27.5 - https:\/\/yoast.com\/product\/yoast-seo-wordpress\/ -->\n<title>Turismo - Historia de Caudete - MI Ayuntamiento de Caudete<\/title>\n<meta name=\"description\" content=\"P\u00e1gina Oficial del Ayuntamiento de Caudete (Albacete)\" \/>\n<meta name=\"robots\" content=\"index, follow, max-snippet:-1, max-image-preview:large, max-video-preview:-1\" \/>\n<link rel=\"canonical\" href=\"https:\/\/www.caudete.org\/ayuntamiento\/turismo-caudete-monumental\/\" \/>\n<meta property=\"og:locale\" content=\"es_ES\" \/>\n<meta property=\"og:type\" content=\"article\" \/>\n<meta property=\"og:title\" content=\"Turismo - Historia de Caudete - MI Ayuntamiento de Caudete\" \/>\n<meta property=\"og:description\" content=\"P\u00e1gina Oficial del Ayuntamiento de Caudete (Albacete)\" \/>\n<meta property=\"og:url\" content=\"https:\/\/www.caudete.org\/ayuntamiento\/turismo-caudete-monumental\/\" \/>\n<meta property=\"og:site_name\" content=\"MI Ayuntamiento de Caudete\" \/>\n<meta property=\"article:publisher\" content=\"https:\/\/www.facebook.com\/ayuntamientocaudete\/\" \/>\n<meta property=\"article:modified_time\" content=\"2020-12-16T11:45:48+00:00\" \/>\n<meta property=\"og:image\" content=\"http:\/\/www.caudete.org\/ayuntamiento\/wp-content\/uploads\/2020\/12\/cierva-1.jpg\" \/>\n<meta name=\"twitter:card\" content=\"summary_large_image\" \/>\n<meta name=\"twitter:label1\" content=\"Tiempo de lectura\" \/>\n\t<meta name=\"twitter:data1\" content=\"4 minutos\" \/>\n<script type=\"application\/ld+json\" class=\"yoast-schema-graph\">{\"@context\":\"https:\\\/\\\/schema.org\",\"@graph\":[{\"@type\":\"WebPage\",\"@id\":\"https:\\\/\\\/www.caudete.org\\\/ayuntamiento\\\/turismo-caudete-monumental\\\/\",\"url\":\"https:\\\/\\\/www.caudete.org\\\/ayuntamiento\\\/turismo-caudete-monumental\\\/\",\"name\":\"Turismo - Historia de Caudete - MI Ayuntamiento de Caudete\",\"isPartOf\":{\"@id\":\"https:\\\/\\\/www.caudete.org\\\/ayuntamiento\\\/#website\"},\"primaryImageOfPage\":{\"@id\":\"https:\\\/\\\/www.caudete.org\\\/ayuntamiento\\\/turismo-caudete-monumental\\\/#primaryimage\"},\"image\":{\"@id\":\"https:\\\/\\\/www.caudete.org\\\/ayuntamiento\\\/turismo-caudete-monumental\\\/#primaryimage\"},\"thumbnailUrl\":\"http:\\\/\\\/www.caudete.org\\\/ayuntamiento\\\/wp-content\\\/uploads\\\/2020\\\/12\\\/cierva-1.jpg\",\"datePublished\":\"2020-12-16T11:16:59+00:00\",\"dateModified\":\"2020-12-16T11:45:48+00:00\",\"description\":\"P\u00e1gina Oficial del Ayuntamiento de Caudete (Albacete)\",\"breadcrumb\":{\"@id\":\"https:\\\/\\\/www.caudete.org\\\/ayuntamiento\\\/turismo-caudete-monumental\\\/#breadcrumb\"},\"inLanguage\":\"es\",\"potentialAction\":[{\"@type\":\"ReadAction\",\"target\":[\"https:\\\/\\\/www.caudete.org\\\/ayuntamiento\\\/turismo-caudete-monumental\\\/\"]}]},{\"@type\":\"ImageObject\",\"inLanguage\":\"es\",\"@id\":\"https:\\\/\\\/www.caudete.org\\\/ayuntamiento\\\/turismo-caudete-monumental\\\/#primaryimage\",\"url\":\"https:\\\/\\\/www.caudete.org\\\/ayuntamiento\\\/wp-content\\\/uploads\\\/2020\\\/12\\\/cierva-1.jpg\",\"contentUrl\":\"https:\\\/\\\/www.caudete.org\\\/ayuntamiento\\\/wp-content\\\/uploads\\\/2020\\\/12\\\/cierva-1.jpg\",\"width\":697,\"height\":491},{\"@type\":\"BreadcrumbList\",\"@id\":\"https:\\\/\\\/www.caudete.org\\\/ayuntamiento\\\/turismo-caudete-monumental\\\/#breadcrumb\",\"itemListElement\":[{\"@type\":\"ListItem\",\"position\":1,\"name\":\"Inicio\",\"item\":\"https:\\\/\\\/www.caudete.org\\\/ayuntamiento\\\/\"},{\"@type\":\"ListItem\",\"position\":2,\"name\":\"Turismo &#8211; Historia de Caudete\"}]},{\"@type\":\"WebSite\",\"@id\":\"https:\\\/\\\/www.caudete.org\\\/ayuntamiento\\\/#website\",\"url\":\"https:\\\/\\\/www.caudete.org\\\/ayuntamiento\\\/\",\"name\":\"MI Ayuntamiento de Caudete\",\"description\":\"P\u00e1gina Oficial del MI Ayuntamiento de Caudete\",\"potentialAction\":[{\"@type\":\"SearchAction\",\"target\":{\"@type\":\"EntryPoint\",\"urlTemplate\":\"https:\\\/\\\/www.caudete.org\\\/ayuntamiento\\\/?s={search_term_string}\"},\"query-input\":{\"@type\":\"PropertyValueSpecification\",\"valueRequired\":true,\"valueName\":\"search_term_string\"}}],\"inLanguage\":\"es\"}]}<\/script>\n<!-- \/ Yoast SEO plugin. -->","yoast_head_json":{"title":"Turismo - Historia de Caudete - MI Ayuntamiento de Caudete","description":"P\u00e1gina Oficial del Ayuntamiento de Caudete (Albacete)","robots":{"index":"index","follow":"follow","max-snippet":"max-snippet:-1","max-image-preview":"max-image-preview:large","max-video-preview":"max-video-preview:-1"},"canonical":"https:\/\/www.caudete.org\/ayuntamiento\/turismo-caudete-monumental\/","og_locale":"es_ES","og_type":"article","og_title":"Turismo - Historia de Caudete - MI Ayuntamiento de Caudete","og_description":"P\u00e1gina Oficial del Ayuntamiento de Caudete (Albacete)","og_url":"https:\/\/www.caudete.org\/ayuntamiento\/turismo-caudete-monumental\/","og_site_name":"MI Ayuntamiento de Caudete","article_publisher":"https:\/\/www.facebook.com\/ayuntamientocaudete\/","article_modified_time":"2020-12-16T11:45:48+00:00","og_image":[{"url":"http:\/\/www.caudete.org\/ayuntamiento\/wp-content\/uploads\/2020\/12\/cierva-1.jpg","type":"","width":"","height":""}],"twitter_card":"summary_large_image","twitter_misc":{"Tiempo de lectura":"4 minutos"},"schema":{"@context":"https:\/\/schema.org","@graph":[{"@type":"WebPage","@id":"https:\/\/www.caudete.org\/ayuntamiento\/turismo-caudete-monumental\/","url":"https:\/\/www.caudete.org\/ayuntamiento\/turismo-caudete-monumental\/","name":"Turismo - Historia de Caudete - MI Ayuntamiento de Caudete","isPartOf":{"@id":"https:\/\/www.caudete.org\/ayuntamiento\/#website"},"primaryImageOfPage":{"@id":"https:\/\/www.caudete.org\/ayuntamiento\/turismo-caudete-monumental\/#primaryimage"},"image":{"@id":"https:\/\/www.caudete.org\/ayuntamiento\/turismo-caudete-monumental\/#primaryimage"},"thumbnailUrl":"http:\/\/www.caudete.org\/ayuntamiento\/wp-content\/uploads\/2020\/12\/cierva-1.jpg","datePublished":"2020-12-16T11:16:59+00:00","dateModified":"2020-12-16T11:45:48+00:00","description":"P\u00e1gina Oficial del Ayuntamiento de Caudete (Albacete)","breadcrumb":{"@id":"https:\/\/www.caudete.org\/ayuntamiento\/turismo-caudete-monumental\/#breadcrumb"},"inLanguage":"es","potentialAction":[{"@type":"ReadAction","target":["https:\/\/www.caudete.org\/ayuntamiento\/turismo-caudete-monumental\/"]}]},{"@type":"ImageObject","inLanguage":"es","@id":"https:\/\/www.caudete.org\/ayuntamiento\/turismo-caudete-monumental\/#primaryimage","url":"https:\/\/www.caudete.org\/ayuntamiento\/wp-content\/uploads\/2020\/12\/cierva-1.jpg","contentUrl":"https:\/\/www.caudete.org\/ayuntamiento\/wp-content\/uploads\/2020\/12\/cierva-1.jpg","width":697,"height":491},{"@type":"BreadcrumbList","@id":"https:\/\/www.caudete.org\/ayuntamiento\/turismo-caudete-monumental\/#breadcrumb","itemListElement":[{"@type":"ListItem","position":1,"name":"Inicio","item":"https:\/\/www.caudete.org\/ayuntamiento\/"},{"@type":"ListItem","position":2,"name":"Turismo &#8211; Historia de Caudete"}]},{"@type":"WebSite","@id":"https:\/\/www.caudete.org\/ayuntamiento\/#website","url":"https:\/\/www.caudete.org\/ayuntamiento\/","name":"MI Ayuntamiento de Caudete","description":"P\u00e1gina Oficial del MI Ayuntamiento de Caudete","potentialAction":[{"@type":"SearchAction","target":{"@type":"EntryPoint","urlTemplate":"https:\/\/www.caudete.org\/ayuntamiento\/?s={search_term_string}"},"query-input":{"@type":"PropertyValueSpecification","valueRequired":true,"valueName":"search_term_string"}}],"inLanguage":"es"}]}},"_links":{"self":[{"href":"https:\/\/www.caudete.org\/ayuntamiento\/wp-json\/wp\/v2\/pages\/9901","targetHints":{"allow":["GET"]}}],"collection":[{"href":"https:\/\/www.caudete.org\/ayuntamiento\/wp-json\/wp\/v2\/pages"}],"about":[{"href":"https:\/\/www.caudete.org\/ayuntamiento\/wp-json\/wp\/v2\/types\/page"}],"author":[{"embeddable":true,"href":"https:\/\/www.caudete.org\/ayuntamiento\/wp-json\/wp\/v2\/users\/1"}],"replies":[{"embeddable":true,"href":"https:\/\/www.caudete.org\/ayuntamiento\/wp-json\/wp\/v2\/comments?post=9901"}],"version-history":[{"count":6,"href":"https:\/\/www.caudete.org\/ayuntamiento\/wp-json\/wp\/v2\/pages\/9901\/revisions"}],"predecessor-version":[{"id":9922,"href":"https:\/\/www.caudete.org\/ayuntamiento\/wp-json\/wp\/v2\/pages\/9901\/revisions\/9922"}],"wp:attachment":[{"href":"https:\/\/www.caudete.org\/ayuntamiento\/wp-json\/wp\/v2\/media?parent=9901"}],"wp:term":[{"taxonomy":"category","embeddable":true,"href":"https:\/\/www.caudete.org\/ayuntamiento\/wp-json\/wp\/v2\/categories?post=9901"},{"taxonomy":"post_tag","embeddable":true,"href":"https:\/\/www.caudete.org\/ayuntamiento\/wp-json\/wp\/v2\/tags?post=9901"}],"curies":[{"name":"wp","href":"https:\/\/api.w.org\/{rel}","templated":true}]}}